NOAA style reports

NOAA-Style Climate Reports for Bentonville Arkansas (nwarwx.com)


Report for 2014 Jun
                  MONTHLY CLIMATOLOGICAL SUMMARY FOR 6/2014
                                        HEAT  COOL        
     MEAN                               DEG   DEG       WIND SPEED       DOM MEAN  MEAN
DAY  TEMP  HIGH   TIME     LOW   TIME   DAYS  DAYS RAIN AVG  HI  TIME    DIR BAROM HUM
---------------------------------------------------------------------------------------
1    73.8  82.2   4:03pm  65.8   5:40am    0    9  0.00   4  24   5:30pm SSE 29.93   85
2    73.1  82.0   4:19pm  63.5   6:42am    0    8  0.98   4  19   1:39pm  SW 29.96   90
3    77.2  87.4   3:53pm  66.4   4:28am    0   12  0.00   5  20   4:28pm SSW 29.95   82
4    78.9  88.0   5:41pm  70.7   3:36am    0   14  0.00   8  29  10:26am  SW 29.81   81
5    75.9  84.6   6:21pm  66.7  11:44am    0   11  0.24   5  23   4:47pm  SW 29.81   88
6    74.6  83.8   5:54pm  69.6   1:12pm    0   10  0.04   3  22  12:04pm  SW 29.87   90
7    73.1  82.8   4:18pm  66.9  11:08pm    0    8  0.03   7  27   4:47pm   W 29.87   88
8    65.1  69.4  12:00am  63.7   4:19am    0    1  0.31   4  15  12:46pm  NE 29.93   99
9    65.9  72.0   6:04pm  62.2   1:32am    1    2  0.31   4  17  12:01pm ESE 29.73  100
10   64.6  73.4   2:31pm  60.3   7:07am    2    1  0.63   4  28   3:33pm WNW 29.71   96
11   68.7  82.0   5:05pm  60.4   6:20am    1    5  0.00   4  17  12:56pm WNW 29.81   80
12   70.8  81.3   3:52pm  63.1  12:42am    0    6  0.00   3  17   2:26pm NNE 29.88   86
13   69.0  80.1   4:45pm  56.8   4:49am    2    6  0.00   3  15  11:05am  NE 29.99   71
14   72.4  81.9   4:48pm  61.3   4:34am    1    8  0.00   6  23  12:46pm ESE 29.90   73
15   73.4  82.0   5:30pm  63.3   8:36am    0    9  0.83   6  28   7:15am SSE 29.89   87
16   79.1  87.1   4:38pm  71.2   6:25am    0   14  0.00   7  24   4:16pm SSE 29.97   78
17   79.3  86.5   4:06pm  72.9   5:58am    0   14  0.00   9  27  12:02pm SSW 29.93   79
18   79.5  86.5   5:45pm  73.4   6:23am    0   14  0.00   8  24   9:22am SSW 29.95   74
19   75.5  82.8   2:05pm  69.3  11:12pm    0   10  0.08   5  23  11:52am SSW 30.00   88
20   77.8  87.1   4:25pm  68.7   2:50am    0   13  0.00   5  23  11:21am WSW 30.03   81
21   78.2  88.2   4:20pm  67.1   5:26am    0   13  0.00   4  17   9:17am WSW 29.96   78
22   77.0  88.5   3:34pm  69.4   4:25am    0   12  0.00   5  33   4:00pm  SW 29.89   83
23   70.5  75.7  10:13am  66.0  11:58pm    0    6  0.88   3  13   9:25am  NE 29.86   99
24   73.7  85.1   5:20pm  63.1   4:56am    0    9  0.00   2  17   3:31pm WNW 29.98   80
25   71.0  84.7  11:31am  66.2  12:33pm    0    6  0.42   2  31  11:59am   S 30.01   94
26   74.3  83.8   2:08pm  64.8   3:55am    0    9  0.04   4  17   5:48pm SSW 29.95   87
27   75.1  81.3   2:38pm  69.3   3:47am    0   10  0.00   5  23   4:19pm SSE 29.89   86
28   73.3  81.0   2:39pm  66.0   5:29pm    0    8  0.39   6  38   4:54pm   S 29.91   92
29   78.8  87.8   4:27pm  69.8  12:00am    0   14  0.19   6  21  11:01am  SW 29.94   90
30   81.2  89.6   4:26pm  73.8   6:13am    0   16  0.00   9  26   2:55pm  SW 29.86   74
---------------------------------------------------------------------------------------
TOT  74.0  89.6  6/30/14  56.8  6/13/14    8  277  5.38   5  38  6/28/14  SW 29.90   85

HEAT BASE: 65.0
COOL BASE: 65.0