NOAA style reports

NOAA-Style Climate Reports for Bentonville Arkansas (nwarwx.com)


Report for 2014 Jul
                  MONTHLY CLIMATOLOGICAL SUMMARY FOR 7/2014
                                        HEAT  COOL        
     MEAN                               DEG   DEG       WIND SPEED       DOM MEAN  MEAN
DAY  TEMP  HIGH   TIME     LOW   TIME   DAYS  DAYS RAIN AVG  HI  TIME    DIR BAROM HUM
---------------------------------------------------------------------------------------
1    79.3  87.1   4:25pm  73.8  11:58pm    0   14  0.00   6  23  10:51am  SW 29.89   76
2    73.2  80.2   1:03pm  62.8  11:59pm    0    8  0.00   4  19   3:15pm NNE 30.05   66
3    67.2  81.5   6:05pm  52.3   6:02am    3    5  0.00   3  18   9:07am NNE 30.15   72
4    72.3  84.7   4:04pm  59.5   6:09am    1    9  0.00   2  13   9:27pm SSE 30.19   75
5    75.0  85.3   4:50pm  65.3   6:24am    0   10  0.00   5  18   1:21pm   S 30.13   76
6    76.7  86.5   4:10pm  68.4   5:51am    0   12  0.00   5  19   5:16pm SSW 29.98   86
7    81.0  89.4   1:50pm  73.2   6:08am    0   16  0.00   8  23  10:08am  SW 29.90   72
8    78.3  88.9   1:51pm  69.6   6:43am    0   13  0.00   5  21   3:32am NNE 29.94   75
9    75.5  87.1   4:15pm  63.0   5:48am    0   10  0.00   2  13   3:22pm NNE 30.01   71
10   70.3  74.5   6:51pm  65.1  12:57am    0    5  0.16   3  17   5:03pm ESE 30.03   94
11   78.7  89.2   4:13pm  67.6   6:23am    0   14  0.00   5  20   1:12pm  SW 30.07   77
12   80.7  90.7   3:44pm  71.2   5:52am    0   16  0.00   6  24  11:45am  SW 30.09   72
13   81.9  92.8   3:48pm  70.5   5:09am    0   17  0.00   6  22   4:09pm  SW 29.99   70
14   79.3  90.0   4:12pm  70.3  11:58pm    0   14  0.00   4  21   6:00pm NNE 29.95   76
15   67.5  77.9   3:40pm  56.3  11:59pm    2    4  0.00   4  17  11:42am NNE 30.05   63
16   64.6  75.6   2:50pm  50.5   5:39am    4    4  0.00   1  11  10:43am WNW 30.03   76
17   65.4  70.3   1:03pm  61.0  10:57pm    1    1  0.08   2  11  11:58am ESE 30.02   90
18   65.4  74.7   3:59pm  56.3   5:13am    3    3  0.00   3  19   1:10pm  NE 30.02   82
19   68.1  80.6   6:19pm  56.3   4:07am    2    5  0.00   1  10   3:33pm ESE 30.01   81
20   71.4  83.8   4:46pm  58.1   5:58am    1    8  0.00   3  16   4:15pm SSW 29.99   80
21   76.6  89.2   4:42pm  63.7   4:30am    0   12  0.00   3  14  11:36am  SW 30.02   80
22   80.1  94.5   5:32pm  66.2   6:30am    0   15  0.00   3  14  11:14am WNW 30.05   83
23   79.5  91.9   1:29pm  69.3   2:25pm    0   15  0.12   6  42   1:47pm WSW 30.05   85
24   75.4  87.6   5:40pm  64.2   5:16am    0   10  0.00   3  14   8:04am ESE 30.03   83
25   78.3  89.4   5:02pm  68.5   5:18am    0   13  0.00   6  22  11:45am  SW 29.95   81
26   82.8  94.3   3:27pm  72.3   6:38am    0   18  0.00   8  26   1:24pm  SW 29.92   73
27   81.4  92.8   4:52pm  71.6  11:57pm    0   16  0.00   6  21  10:27am  SW 29.98   69
28   73.5  85.3   3:49pm  60.4   6:20am    0    9  0.00   4  19   4:20pm NNE 30.10   68
29   66.9  81.5   4:40pm  58.5   6:35am    1    3  0.00   1  13   4:44pm NNE 30.09   82
30   67.7  72.7   9:10am  64.4   7:00pm    0    3  0.94   3  17   4:37pm  SW 30.05   99
31   66.8  69.6   6:12pm  63.5  11:27pm    0    2  0.31   1   8   3:39am  NE 30.04  100
---------------------------------------------------------------------------------------
TOT  74.3  94.5  7/22/14  50.5  7/16/14   20  305  1.61   4  42  7/23/14  SW 30.02   78

HEAT BASE: 65.0
COOL BASE: 65.0