NOAA-Style Climate Reports for Bentonville Arkansas (nwarwx.com)
Select data to display
Select a Year or Month report
Select a Year or Month report
Report for 2014 Aug
MONTHLY CLIMATOLOGICAL SUMMARY FOR 8/2014 HEAT COOL MEAN DEG DEG WIND SPEED DOM MEAN MEAN DAY TEMP HIGH TIME LOW TIME DAYS DAYS RAIN AVG HI TIME DIR BAROM HUM --------------------------------------------------------------------------------------- 1 71.6 84.2 5:12pm 63.1 6:32am 0 7 0.00 2 14 3:10pm NNE 30.04 84 2 73.9 87.1 5:26pm 61.9 6:47am 0 9 0.00 1 14 3:07pm NNE 30.07 80 3 75.8 89.2 3:38pm 63.9 6:48am 0 11 0.00 2 11 1:23pm NE 30.08 74 4 76.7 90.1 5:45pm 64.4 6:19am 0 12 0.00 2 17 1:54pm WSW 30.06 72 5 77.5 90.3 4:21pm 64.9 6:39am 0 12 0.00 4 17 10:37am WSW 30.05 72 6 78.6 91.0 3:37pm 66.2 3:59am 0 13 0.00 5 22 10:29am SW 29.98 77 7 78.9 89.2 5:37pm 67.6 6:28am 0 14 0.47 7 31 4:22am SW 29.89 80 8 78.2 89.4 2:45pm 71.4 4:41am 0 13 0.00 2 19 4:12pm WSW 29.91 88 9 72.1 85.8 1:22pm 67.6 11:32pm 0 6 0.39 1 19 1:49pm SW 29.96 98 10 77.0 89.2 3:16pm 65.7 5:37am 0 12 0.04 4 20 4:21pm WNW 29.97 83 11 76.5 86.0 5:19pm 68.7 3:17am 0 11 0.00 4 19 2:01pm NNE 30.00 78 12 70.0 82.2 4:08pm 58.6 6:42am 1 7 0.00 3 17 10:29am NNE 30.04 68 13 69.2 84.2 6:00pm 53.8 6:44am 3 7 0.00 2 11 1:44pm NNE 30.07 72 14 73.1 86.5 4:26pm 59.4 5:24am 1 9 0.00 2 14 3:22pm WSW 30.02 72 15 76.2 87.6 5:06pm 64.4 6:44am 0 11 0.00 4 17 11:01am SSW 29.96 74 16 78.8 89.2 2:04pm 71.1 2:52am 0 14 0.00 7 26 2:17pm SW 29.88 76 17 80.4 90.7 3:38pm 72.9 5:58am 0 15 0.00 5 19 10:30am WSW 29.89 78 18 77.0 87.8 1:01pm 68.9 5:57am 0 12 0.00 4 19 2:38pm SW 29.87 84 19 81.4 92.8 3:25pm 70.3 5:45am 0 16 0.00 6 20 4:14pm SW 29.85 70 20 81.4 91.2 2:21pm 72.5 4:25am 0 16 0.00 6 23 3:23pm SW 29.92 69 21 82.6 92.3 4:07pm 74.8 3:06am 0 18 0.00 7 23 11:16am SW 29.98 69 22 84.1 95.2 4:48pm 73.9 5:55am 0 19 0.00 6 23 9:42am SW 29.97 71 23 84.5 95.9 3:10pm 73.9 4:56am 0 19 0.00 5 19 9:08am SW 29.94 64 24 83.3 96.6 4:08pm 69.8 6:47am 0 18 0.00 4 19 11:46am SW 29.93 64 25 83.4 98.8 5:27pm 68.2 6:16am 0 18 0.00 2 14 2:38pm SW 29.96 64 26 83.7 96.4 4:19pm 70.7 6:47am 0 19 0.00 2 13 4:39pm ESE 30.03 63 27 81.8 94.8 3:13pm 70.2 6:32am 0 17 0.00 2 17 7:19pm SW 30.04 68 28 80.8 90.9 5:09pm 69.4 6:50am 0 16 0.00 4 19 3:08pm SW 29.95 64 29 77.6 86.7 1:34pm 71.6 6:37am 0 13 0.00 5 21 2:21pm SW 29.89 74 30 76.4 87.6 4:15pm 69.3 3:40am 0 11 0.31 3 20 3:25pm SW 29.92 82 31 79.5 90.7 2:41pm 69.1 6:40am 0 14 0.00 6 23 10:49am S 29.91 76 --------------------------------------------------------------------------------------- TOT 78.2 98.8 8/25/14 53.8 8/13/14 6 412 1.22 4 31 8/7/14 SW 29.97 74 HEAT BASE: 65.0 COOL BASE: 65.0