NOAA-Style Climate Reports for Bentonville Arkansas (nwarwx.com)
Select data to display
Select a Year or Month report
Select a Year or Month report
Report for 2014 Sep
MONTHLY CLIMATOLOGICAL SUMMARY FOR 9/2014 HEAT COOL MEAN DEG DEG WIND SPEED DOM MEAN MEAN DAY TEMP HIGH TIME LOW TIME DAYS DAYS RAIN AVG HI TIME DIR BAROM HUM --------------------------------------------------------------------------------------- 1 76.2 87.6 3:45pm 64.2 6:46am 0 11 0.96 7 30 5:28am S 29.89 83 2 71.4 80.6 4:28pm 64.6 6:52am 0 6 1.81 4 23 3:37am S 29.96 92 3 77.7 88.5 3:57pm 67.1 6:18am 0 13 0.00 5 20 5:07pm S 29.96 84 4 82.0 90.9 2:42pm 73.6 7:03am 0 17 0.00 6 23 12:50pm SSW 29.98 76 5 80.4 91.4 2:58pm 70.2 3:56am 0 15 0.00 5 19 2:34pm WSW 30.04 75 6 65.9 72.5 12:00am 61.2 11:05pm 0 1 0.28 4 17 3:05am NNE 30.12 100 7 68.1 82.2 4:51pm 57.4 6:07am 2 5 0.00 2 13 9:23am NE 30.08 84 8 73.4 83.1 4:33pm 63.5 3:03am 0 9 0.00 3 17 1:36pm SW 30.00 85 9 79.1 88.3 3:45pm 70.0 5:17am 0 14 0.00 6 22 1:01pm SSW 29.89 80 10 79.9 88.9 3:07pm 72.1 11:38pm 0 15 0.00 9 30 6:13am SW 29.76 79 11 65.5 72.1 12:00am 61.7 11:49pm 1 1 0.04 6 22 8:35am NNE 30.01 97 12 56.5 61.7 12:00am 51.6 9:16pm 8 0 0.04 7 21 7:09pm NNE 30.17 99 13 55.7 66.2 5:27pm 48.4 7:06am 9 0 0.00 5 18 4:06am NE 30.24 83 14 63.9 77.5 5:02pm 50.5 7:07am 5 3 0.00 3 13 6:15pm SW 30.17 77 15 70.2 80.2 5:12pm 63.9 6:17am 0 5 0.08 5 17 1:06pm SW 30.10 90 16 69.7 76.6 4:51pm 65.8 11:50pm 0 5 0.00 2 11 1:29pm NNE 30.07 98 17 70.2 85.8 3:11pm 63.9 10:50pm 0 5 1.10 5 25 4:49pm SW 29.92 93 18 68.7 78.3 3:23pm 61.9 7:43am 1 4 0.68 4 19 5:02am NE 29.93 91 19 71.1 83.5 2:54pm 62.2 5:29am 0 6 0.00 2 11 12:11am ESE 29.98 88 20 72.9 84.6 3:07pm 63.7 4:54am 0 8 0.00 4 19 4:52pm SW 29.99 86 21 70.3 80.8 3:12pm 55.0 11:57pm 1 6 0.63 3 19 6:47am NNE 30.06 76 22 61.2 75.2 3:31pm 48.6 6:31am 6 3 0.00 2 17 12:58pm NE 30.19 77 23 63.3 75.7 4:29pm 50.9 6:06am 5 3 0.00 2 12 12:30pm E 30.17 71 24 64.5 78.8 3:17pm 50.7 6:07am 4 4 0.00 2 11 9:04am E 30.16 65 25 66.7 81.1 3:16pm 54.0 4:34am 4 5 0.00 1 10 11:47am SW 30.17 71 26 68.0 80.8 3:02pm 59.2 7:08am 2 5 0.00 1 11 11:01am ESE 30.11 76 27 68.3 81.7 2:52pm 56.5 7:58am 2 6 0.00 2 17 3:01pm ESE 30.08 78 28 69.2 83.5 3:15pm 59.5 4:38am 2 6 0.00 1 14 2:30pm ESE 30.05 83 29 70.6 86.0 2:35pm 59.0 6:30am 2 7 0.00 1 11 2:58pm NE 29.99 77 30 70.0 82.0 3:25pm 58.8 6:54am 2 7 0.00 3 19 1:18pm SSW 29.88 75 --------------------------------------------------------------------------------------- TOT 69.7 91.4 9/5/14 48.4 9/13/14 56 196 5.61 4 30 9/1/14 NE 30.04 83 HEAT BASE: 65.0 COOL BASE: 65.0