NOAA style reports

NOAA-Style Climate Reports for Bentonville Arkansas (nwarwx.com)


Report for 2015 Feb
                  MONTHLY CLIMATOLOGICAL SUMMARY FOR 2/2015
                                        HEAT  COOL        
     MEAN                               DEG   DEG       WIND SPEED       DOM MEAN  MEAN
DAY  TEMP  HIGH   TIME     LOW   TIME   DAYS  DAYS RAIN AVG  HI  TIME    DIR BAROM HUM
---------------------------------------------------------------------------------------
1    33.8  43.9   9:38am  16.9  11:45pm   31    0  0.47  12  38  10:42am WNW 29.93   92
2    22.3  33.6   4:01pm  14.2   7:26am   43    0  0.00   5  23   1:07am WNW 30.29   68
3    38.0  53.6   3:48pm  21.9  12:20am   28    0  0.00   7  26   1:02pm  SW 30.17   53
4    36.1  52.9  12:22pm  23.7  11:43pm   29    0  0.00   6  24   4:36pm NNE 30.16   75
5    26.6  39.2   3:44pm  14.5   7:17am   38    0  0.00   5  23   1:14am  NE 30.40   66
6    43.0  55.8   3:15pm  30.9   1:04am   22    0  0.00   9  35  11:06am SSW 30.21   62
7    54.3  69.4   3:55pm  41.0   4:28am   11    1  0.00   9  31  12:03pm SSW 29.92   63
8    55.4  71.6   4:41pm  43.7  10:51pm   10    1  0.00   7  23   1:41pm  SW 29.88   68
9    42.1  49.6   3:03pm  31.5  11:57pm   23    0  0.00   5  17  10:25am  NE 30.13   79
10   43.7  64.2   4:25pm  30.2   7:06am   21    0  0.00   5  14   5:49am   E 30.06   70
11   38.9  53.4  12:13pm  27.9  11:59pm   26    0  0.00   5  23  12:58pm NNE 30.21   72
12   29.3  37.6   3:13pm  22.1   3:19am   36    0  0.00   5  23   8:32am  NE 30.43   55
13   38.7  53.4   4:06pm  27.0   4:39am   26    0  0.00   7  24   2:13pm WNW 30.23   44
14   43.6  66.2  12:44pm  28.8   2:22am   21    0  0.00   8  31  12:48pm  NE 30.19   54
15   30.7  39.4   1:19pm  23.9   6:54am   34    0  0.00   9  20   8:26am ENE 30.17   42
16   19.3  25.5  12:00am   9.0  11:47pm   46    0  0.00   6  17   9:47am  NE 30.10   90
17   22.8  36.9   4:37pm   7.9   2:39am   42    0  0.04   5  33   7:01pm  SW 30.12   80
18   21.2  28.8   3:39pm  12.7   5:55am   43    0  0.00   4  28   1:36pm WNW 30.29   49
19   24.2  34.7   4:09pm  10.9   1:55am   31    0  0.00   5  14   6:27pm  NE 30.30   50
20   34.1  38.7   1:39pm  24.8  12:15am   31    0  0.08   6  18   2:36am ESE 29.96   78
21   37.4  46.6   3:37pm  33.3   6:31am   27    0  0.47   5  17  11:35am  NE 29.97   94
22   27.6  35.1  12:00am  20.5  11:56pm   37    0  0.01   9  26  11:30am  NE 30.38   80
23   21.2  27.3   2:00pm  16.9   7:54am   44    0  0.00   7  25   1:20am NNE 30.53   52
24   28.5  40.3   3:59pm  21.7   4:08am   37    0  0.00   8  23   1:35pm WSW 30.14   58
25   34.1  48.7   3:54pm  21.7  12:33am   31    0  0.00   2  16   4:48pm WNW 29.88   65
26   24.3  37.0  12:22am  16.3  11:59pm   40    0  0.00   8  27   2:38am NNE 30.25   61
27   16.0  20.5   1:45pm   9.7   6:56am   49    0  0.04   6  19   6:42am  NE 30.51   66
28   23.8  29.5  11:52pm  18.3  12:00am   41    0  0.00   5  15   8:31am ENE 30.41   95
---------------------------------------------------------------------------------------
TOT  32.7  71.6   2/8/15   7.9  2/17/15  899    2  1.11   6  38   2/1/15  NE 30.19   67

HEAT BASE: 65.0
COOL BASE: 65.0