NOAA style reports

NOAA-Style Climate Reports for Bentonville Arkansas (nwarwx.com)


Report for 2015 Mar
                  MONTHLY CLIMATOLOGICAL SUMMARY FOR 3/2015
                                        HEAT  COOL        
     MEAN                               DEG   DEG       WIND SPEED       DOM MEAN  MEAN
DAY  TEMP  HIGH   TIME     LOW   TIME   DAYS  DAYS RAIN AVG  HI  TIME    DIR BAROM HUM
---------------------------------------------------------------------------------------
1    30.7  33.4   1:20pm  28.6   9:45pm   34    0  0.08   2   8  12:26pm NNE 30.36  100
2    32.3  37.9   1:30pm  24.4   5:49am   33    0  0.08   3  15  11:00am ESE 30.33   82
3    44.5  50.5   4:04pm  36.9  12:00am   20    0  0.04   8  28  10:50am  SW 29.93  100
4    28.0  46.0  12:00am  19.8   8:19pm   36    0  0.20  11  29  12:26pm NNE 30.13  100
5    26.7  38.5   4:56pm  11.7   7:01am   38    0  0.12   9  29   2:15pm NNE 30.48   66
6    35.6  50.7   3:53pm  20.8   5:48am   29    0  0.00   7  23  10:51am  SW 30.45   56
7    46.3  63.3   4:00pm  29.8   5:48am   19    0  0.00   7  23   1:46pm  SW 30.32   52
8    48.0  55.8  12:14pm  36.3   5:14am   14    0  0.00   4  19   1:07pm SSW 30.17   54
9    47.0  54.1   2:46pm  40.1   1:48am   18    0  0.29   2  13   2:55pm ENE 30.09   91
10   48.1  57.7   6:33pm  40.3  11:35pm   16    0  0.08   2  10   1:50pm  NE 30.03   98
11   51.8  71.6   3:12pm  35.8   7:30am   14    1  0.00   2  15   6:00pm ESE 30.25   74
12   53.4  68.0   2:23pm  40.6   4:07am   12    0  0.00   5  18   5:26pm ENE 30.23   73
13   53.5  55.6   2:06pm  52.0   3:30am   11    0  1.16   6  23  11:26pm  NE 30.03  100
14   54.4  60.1   3:19pm  44.2  11:53pm   11    0  0.09   7  33   1:32am  NE 30.12   87
15   54.0  72.1   4:42pm  36.0   7:07am   12    1  0.00   3  16   5:17pm  SW 30.29   73
16   58.4  72.9   3:40pm  43.7   7:03am    8    2  0.00   6  28   2:23pm  SW 30.16   78
17   59.1  67.5   3:51pm  51.3   7:48am    6    0  0.00   7  26  11:36am  NE 30.14   73
18   45.7  54.0  12:00am  41.2   9:15pm   19    0  0.98   7  17   6:32am ENE 30.11   85
19   46.8  54.7   4:27pm  41.2   7:02am   18    0  0.16   3  11   9:25pm ENE 30.06   98
20   50.2  63.0   5:00pm  40.8   8:02am   15    0  0.04   2  11  10:12am NNE 30.18   83
21   54.4  68.0   3:43pm  39.9   7:43am   11    0  0.00   1  12   4:27pm ENE 30.16   66
22   54.8  63.1   5:09pm  48.0  11:15pm   10    0  0.00   2  14   2:20pm ESE 30.07   73
23   57.7  73.0   4:23pm  42.3   6:26am    9    2  0.00   4  20  11:32am  SW 30.09   75
24   63.7  78.3   4:35pm  50.7  11:58pm    4    3  0.00   9  36   6:25pm WNW 29.92   59
25   57.9  78.6   2:42pm  43.5   4:42am   10    3  1.68   6  35   4:18pm ESE 29.94   72
26   46.5  56.3   4:24pm  38.5  10:24pm   18    0  0.08   7  26   1:59am NNE 30.09   74
27   44.0  50.7   4:40pm  38.5   7:09am   21    0  0.00   6  22   8:55am NNE 30.15   63
28   49.1  62.2   4:31pm  40.5   7:32am   16    0  0.00   6  17   9:42pm ESE 30.13   58
29   52.6  68.4   3:16pm  41.0   2:58am   13    0  0.00   7  35   9:48am  SE 30.08   62
30   56.2  73.4   5:10pm  39.2   5:27am   11    2  0.00   4  20   3:32pm  SW 30.16   63
31   66.3  81.1   5:03pm  51.3  12:00am    4    5  0.00   4  17   9:35am  SW 29.99   68
---------------------------------------------------------------------------------------
TOT  49.0  81.1  3/31/15  11.7   3/5/15  512   19  5.07   5  36  3/24/15 NNE 30.15   76

HEAT BASE: 65.0
COOL BASE: 65.0