NOAA style reports

NOAA-Style Climate Reports for Bentonville Arkansas (nwarwx.com)


Report for 2015 Apr
                  MONTHLY CLIMATOLOGICAL SUMMARY FOR 4/2015
                                        HEAT  COOL        
     MEAN                               DEG   DEG       WIND SPEED       DOM MEAN  MEAN
DAY  TEMP  HIGH   TIME     LOW   TIME   DAYS  DAYS RAIN AVG  HI  TIME    DIR BAROM HUM
---------------------------------------------------------------------------------------
1    64.5  75.7   5:29pm  54.7   3:03am    3    3  0.00   5  21   2:16pm SSE 29.91   84
2    69.1  76.3   2:26pm  63.5  12:00am    0    4  0.00  10  28  11:06pm SSW 29.83   86
3    57.7  70.3  12:00am  43.7  11:56pm    8    1  0.03   8  31  10:27am NNE 30.04   74
4    48.3  63.5   4:27pm  29.7   6:56am   17    0  0.00   3  19  12:40am NNE 30.35   48
5    48.1  52.3   5:30pm  43.7   2:24am   17    0  0.24   5  19   9:10am  SE 30.10   72
6    61.4  71.4   5:18pm  50.0  12:00am    5    2  0.00   7  24   9:50pm SSW 29.93   94
7    71.7  79.5   4:25pm  66.0   6:47am    0    7  0.00  10  26   9:52am SSW 29.92   84
8    72.1  79.5   3:12pm  65.3   6:10am    0    7  0.00   7  29   3:49pm SSW 29.90   76
9    68.7  79.3   2:54pm  48.7  11:55pm    1    5  0.56  12  43   3:40pm  SW 29.86   70
10   53.6  69.4   3:49pm  35.1   7:11am   12    1  0.00   3  13  12:03am WNW 30.19   57
11   59.6  70.9   1:32pm  44.8   2:18am    6    1  0.00   3  19   1:38pm SSE 30.17   51
12   65.2  76.5   5:02pm  50.5   6:12am    4    4  0.00   5  19   5:10pm SSE 30.00   60
13   59.4  66.4   1:03am  53.1   6:27pm    6    0  0.51   6  30   9:54am NNE 30.06   90
14   57.4  64.9   1:45pm  53.6   6:46am    8    0  0.04   7  25  10:08am  NE 30.13   60
15   58.7  67.5   4:50pm  52.5   5:01am    6    0  0.15   3  11   1:04am ENE 30.00   90
16   64.0  77.4   5:08pm  53.8   6:35am    4    3  0.00   3  15   4:44pm  NE 30.06   80
17   66.9  79.9   5:39pm  59.7   6:25am    2    4  2.00   3  20   8:09pm ENE 30.04   86
18   63.4  72.0   5:43pm  59.2   9:32am    3    1  0.45   3  23   9:01am ENE 29.95   94
19   59.6  69.8   1:54pm  51.3  11:59pm    6    1  0.13   6  40   7:43pm WNW 29.76   88
20   51.7  60.1   4:32pm  42.3  11:12pm   13    0  0.00   9  35  11:17am WNW 29.92   59
21   55.4  70.2   3:13pm  38.5   6:28am   10    1  0.00   8  30   4:06pm  SW 29.96   62
22   54.5  64.9   4:48pm  45.3  10:09am   11    0  0.17   5  17  12:55pm  NE 30.00   71
23   55.3  64.8   3:38pm  44.6   2:14am   10    0  0.00   5  18  10:31am   E 30.05   50
24   60.2  69.8  12:37pm  51.6   6:36am    5    0  0.20   5  22   2:03pm ESE 29.82   81
25   61.4  78.8   4:55pm  59.0   6:45am    2    4  0.00   8  33   1:13pm WSW 29.62   94
26   59.7  68.4   4:11pm  54.0  10:11pm    6    0  0.00   7  22   9:14pm  NE 29.85   81
27   57.5  64.6   5:01pm  51.4   7:48am    7    0  0.01   8  29   1:10pm ENE 29.99   53
28   56.8  68.5   3:02pm  47.8   6:32am    8    0  0.00   4  19  12:51pm NNE 30.08   54
29   59.3  74.7   3:58pm  40.5   6:19am    9    3  0.00   4  22   5:03pm WNW 30.00   60
30   60.5  75.9   4:22pm  44.1   6:10am    8    3  0.00   2  17   5:43pm   N 30.00   59
---------------------------------------------------------------------------------------
TOT  60.2  79.9  4/17/15  29.7   4/4/15  197   55  4.49   6  43   4/9/15  NE 29.98   74

HEAT BASE: 65.0
COOL BASE: 65.0