NOAA style reports

NOAA-Style Climate Reports for Bentonville Arkansas (nwarwx.com)


Report for 2015 May
                  MONTHLY CLIMATOLOGICAL SUMMARY FOR 5/2015
                                        HEAT  COOL        
     MEAN                               DEG   DEG       WIND SPEED       DOM MEAN  MEAN
DAY  TEMP  HIGH   TIME     LOW   TIME   DAYS  DAYS RAIN AVG  HI  TIME    DIR BAROM HUM
---------------------------------------------------------------------------------------
1    59.9  75.0   5:30pm  43.9   3:44am    8    3  0.00   2  12   3:29pm  SW 30.12   54
2    63.8  77.0   3:35pm  49.6   5:04am    5    4  0.00   3  17   5:31pm  SW 30.09   57
3    68.6  79.7   3:22pm  55.4   6:48am    2    6  0.00   6  26  12:43pm SSW 30.02   60
4    69.8  79.9   4:48pm  61.0   5:57am    1    6  0.00   4  19  11:20am SSW 30.11   66
5    69.5  78.6   2:33pm  59.7   6:00am    1    6  0.06   6  20  12:35pm ESE 30.13   68
6    69.8  77.9   4:19pm  59.0   7:33am    1    6  1.00   6  24   2:32pm SSE 30.04   68
7    71.1  80.6   4:33pm  61.9   8:52am    0    6  0.12   5  24   7:20am SSE 29.98   78
8    68.6  74.8   5:00pm  63.3   1:33am    0    4  1.12   4  24  12:46am  SW 29.99   96
9    64.2  75.7  11:48am  62.1   5:58am    1    2  1.64   6  24  12:38am ESE 29.95   99
10   65.6  73.8   3:16pm  60.8   6:16am    1    2  1.39   6  29   6:57pm  SE 29.96   91
11   59.0  66.7   4:02pm  48.9   7:57am    6    0  0.08   6  19   1:04pm  SE 30.08   76
12   57.5  70.3   5:12pm  44.2   6:07am    8    1  0.00   3  19   8:32am  NE 30.28   64
13   57.9  69.8   4:23pm  46.6   5:46am    8    1  0.04   4  17   5:30pm ESE 30.22   79
14   67.8  78.4   4:37pm  56.8  12:00am    2    5  0.05   6  27  12:27pm SSW 30.07   86
15   71.4  81.3   4:09pm  63.5   5:33am    0    7  0.00   5  21   1:58pm SSW 29.99   85
16   74.3  82.9   5:21pm  67.5   6:15am    0    9  0.00   6  25  11:10am SSE 29.91   81
17
18   69.5  83.8  12:53pm  60.6   5:21am    1    4  0.84   3  23   3:12pm  SW 30.14   86
19   64.8  75.4   3:06pm  55.9   6:04am    3    2  0.43   6  18   6:23pm  NE 30.14   83
20   60.3  65.3   2:35am  52.2  11:51pm    5    0  0.12   6  24  11:23am WNW 30.04   99
21   54.7  64.8   4:48pm  46.2   4:50am   10    0  0.00   5  19   1:39pm  NE 30.22   77
22   57.7  67.1   4:07pm  45.9   2:58am    7    0  0.00   3  16   5:47pm ESE 30.22   73
23   65.4  76.1   4:08pm  57.2   6:46am    3    3  0.14   5  22  10:45pm ESE 30.15   85
24   65.3  69.3  12:00am  61.7  11:38pm    1    1  2.50   4  21   9:33am WSW 29.93  100
25   69.1  81.0   4:16pm  59.7   3:49am    1    5  0.35   5  29   7:43pm SSE 29.93   86
26   67.5  78.4   5:12pm  60.6   6:31am    1    4  0.04   7  25  12:07am  SW 29.97   83
27   73.8  86.2   3:30pm  63.0   6:33am    0    9  0.08   3  19   2:16am  SW 30.07   77
28   69.9  76.8   6:18pm  63.9   5:54am    0    5  0.58   3  19   3:19pm   E 30.07   93
29   69.5  81.3   2:40pm  65.7  11:14pm    0    5  1.73   4  32   4:04pm  NE 29.99   94
30   64.4  69.4  11:14am  59.9  11:59pm    1    1  0.16   4  16   1:07pm WNW 30.05  100
31   62.8  68.7   4:55pm  58.8   3:39am    3    1  0.00   4  11   2:18pm NNE 30.10   93
---------------------------------------------------------------------------------------
TOT  65.3  86.2  5/27/15  43.9   5/1/15   81  106 13.15   5  43  5/17/15  SW 30.07   85

HEAT BASE: 65.0
COOL BASE: 65.0