NOAA style reports

NOAA-Style Climate Reports for Bentonville Arkansas (nwarwx.com)


Report for 2015 Jul
                  MONTHLY CLIMATOLOGICAL SUMMARY FOR 7/2015
                                        HEAT  COOL        
     MEAN                               DEG   DEG       WIND SPEED       DOM MEAN  MEAN
DAY  TEMP  HIGH   TIME     LOW   TIME   DAYS  DAYS RAIN AVG  HI  TIME    DIR BAROM HUM
---------------------------------------------------------------------------------------
1    81.1  89.8   3:47pm  74.3   6:14am    0   16  0.00   8  23   4:46pm  SW 29.93   77
2    78.3  86.5   3:18pm  69.1  11:27pm    0   13  0.06   9  24  10:41am WSW 29.89   83
3    72.6  84.0   2:59pm  67.3   2:19am    0    7  0.23   3  17   4:48pm   W 29.94   93
4    75.9  87.6   3:29pm  66.9   4:32am    0   11  0.00   2  12   2:56pm  NE 29.99   81
5    78.2  88.7   3:32pm  69.6   5:20am    0   13  0.00   4  17   3:10pm SSW 30.03   81
6    77.5  84.6   3:33pm  71.8   4:07am    0   13  0.00   6  21  10:08am SSW 30.00   86
7    73.2  77.9   1:11am  68.7  10:01am    0    8  2.28   4  16   1:35am  SW 29.99   95
8    71.2  73.8  12:10pm  69.3  10:55pm    0    6  0.31   7  29   1:50pm WSW 29.97  100
9    70.1  75.6  11:52am  67.1  11:14pm    0    5  0.99   3  27   1:02pm  SW 30.05  100
10   76.5  89.2   5:01pm  66.7   1:01am    0   11  0.04   4  22  10:19am  SW 30.10   90
11   81.0  89.6   5:10pm  68.0   5:20am    0   16  0.00   5  25  10:41am  SW 30.11   73
12   81.8  91.6   4:23pm  71.6   6:18am    0   17  0.00   6  21   4:38pm  SW 30.05   78
13   83.8  93.4   3:53pm  73.4   5:53am    0   19  0.00   7  22   5:44pm  SW 29.91   79
14   84.0  92.5   5:01pm  76.5   6:44am    0   19  0.00   5  16   8:30am  SW 29.87   82
15   84.9  94.6   4:46pm  74.1   6:15am    0   20  0.00   4  15   2:46pm  SW 29.94   76
16   82.6  91.2   4:37pm  71.8   5:46am    0   18  0.00   6  22  10:46am  SW 29.96   76
17   83.1  92.7   3:16pm  72.3   6:18am    0   18  0.00   7  22   9:40am  SW 29.95   73
18   83.5  92.3   3:19pm  72.7   5:42am    0   19  0.00   6  21  11:12am  SW 29.98   75
19   83.9  93.7   4:49pm  75.0   2:20am    0   19  0.00   6  19   9:30am  SW 30.00   77
20   82.0  94.1   3:52pm  73.2  11:56pm    0   17  0.00   6  20   1:15pm WSW 29.94   82
21   77.2  83.8   7:00pm  72.5   7:41am    0   12  0.02   3  16   9:19am   W 29.95   93
22   78.3  88.0   4:36pm  71.4   6:11am    0   13  0.51   5  19  11:20am  SW 29.93   90
23   79.1  89.2   5:01pm  70.7   2:40am    0   14  0.00   3  17   9:13am WSW 29.97   88
24   84.8  95.7   3:47pm  74.8   5:15am    0   20  0.00   4  14  12:04pm  SW 30.00   77
25   84.6  95.7   4:32pm  72.0   4:08am    0   20  0.00   2  12   2:55pm  SW 30.00   74
26   84.7  93.7   3:17pm  73.9   6:13am    0   20  0.00   3  14   4:27pm  SW 29.96   77
27   86.1  95.7   3:49pm  77.2   5:43am    0   21  0.00   4  16   4:00pm  SW 29.97   77
28   85.3  93.4   3:06pm  74.7   5:40am    0   20  0.00   4  18   5:43pm  SW 29.99   73
29   84.3  95.9   4:28pm  71.6   6:34am    0   19  0.00   3  13   8:41pm  NE 30.08   75
30   80.3  88.9   2:58pm  71.4  11:37pm    0   15  0.00   4  14  11:28am  NE 30.16   74
31   78.2  89.4   3:43pm  68.2  11:18pm    0   13  0.00   3  13   2:36pm  SW 30.15   65
---------------------------------------------------------------------------------------
TOT  80.3  95.9  7/29/15  66.7  7/10/15    0  471  4.42   5  29   7/8/15  SW 29.99   81

HEAT BASE: 65.0
COOL BASE: 65.0