NOAA style reports

NOAA-Style Climate Reports for Bentonville Arkansas (nwarwx.com)


Report for 2015 Aug
                  MONTHLY CLIMATOLOGICAL SUMMARY FOR 8/2015
                                        HEAT  COOL        
     MEAN                               DEG   DEG       WIND SPEED       DOM MEAN  MEAN
DAY  TEMP  HIGH   TIME     LOW   TIME   DAYS  DAYS RAIN AVG  HI  TIME    DIR BAROM HUM
---------------------------------------------------------------------------------------
1    78.0  92.7   3:00pm  63.0   5:51am    0   13  0.00   3  16   2:13pm  SW 30.08   75
2    79.5  91.9   3:42pm  67.8   5:53am    0   14  0.00   4  20   2:25pm WSW 29.99   73
3    79.7  93.2   3:04pm  68.2   6:10am    0   15  0.00   3  19  12:45pm  SW 29.98   74
4    77.2  86.4  10:44am  68.5   6:12am    0   12  0.04   3  16  12:28pm  NE 30.01   83
5    76.8  88.0   4:09pm  68.7  11:02am    0   11  0.67   4  40  10:21am  NE 29.95   90
6    80.6  90.5   3:46pm  70.7   6:31am    0   16  0.00   3  13   2:45pm  NE 29.90   85
7    82.9  96.4   5:42pm  75.7   7:04am    0   20  0.00   4  19  11:03am   E 29.88   85
8    85.6  93.7   4:29pm  77.5   5:43am    0   21  0.00   4  21  12:02pm   E 29.93   83
9    86.5  98.4   3:22pm  75.6   5:29am    0   21  0.00   6  19   9:53am  SW 29.95   74
10   78.5  87.1   5:25pm  72.7  11:04pm    0   14  0.05   3  16   5:59am  NE 30.00   92
11   77.7  87.8  12:52pm  64.0  11:57pm    0   13  0.00   4  17  11:58am NNE 30.12   77
12   73.5  86.5   4:01pm  60.6   6:09am    1    9  0.00   3  16   4:28pm  NE 30.19   71
13   74.2  87.6   4:36pm  58.8   6:23am    1   10  0.00   2  14   4:54pm   E 30.14   70
14   75.9  87.8   3:34pm  60.8   6:53am    0   11  0.00   3  19   2:50pm  NE 30.15   68
15   75.8  90.1   4:49pm  60.8   4:55am    1   11  0.00   3  16   3:35pm   E 30.14   73
16   79.8  90.7   4:04pm  66.9   6:20am    0   15  0.00   3  19   4:04pm   E 30.08   69
17   78.2  91.4   1:54pm  70.7   5:06pm    0   13  1.23   3  17   1:54pm   E 30.02   83
18   78.2  87.8  11:51am  69.3   6:46am    0   13  0.00   4  18  11:32am  SW 29.87   84
19   65.5  71.6  12:00am  54.9  11:56pm    2    1  1.97   4  18  12:51am NNE 29.94   86
20   66.5  80.6   3:36pm  51.4   5:49am    4    6  0.00   2  12   4:11pm   E 30.05   72
21   69.7  78.8   3:33pm  61.5   5:03am    1    5  0.02   3  11   4:04pm   E 30.05   90
22   74.5  83.3   4:59pm  65.3   5:20am    0    9  0.55   4  24   4:11am   S 29.97   89
23   70.7  79.5   2:41pm  63.7  11:57pm    0    6  0.83   3  32   5:18am NNE 30.07   92
24   67.8  81.5   3:33pm  55.8  11:58pm    2    5  0.00   2  13   9:03am  NE 30.15   74
25   67.9  85.5   3:56pm  51.6   6:22am    4    7  0.00   2  10  11:18am NNE 30.16   73
26   71.1  86.5   5:02pm  57.6   6:48am    2    8  0.00   1  11   2:16pm NNE 30.16   75
27   69.9  81.9   4:15pm  61.2   6:26am    0    5  0.00   2  14   7:54pm   E 30.11   87
28   72.6  82.6   5:13pm  63.1   5:25am    0    8  0.00   3  14   2:38pm   S 30.04   76
29   77.0  87.4   3:52pm  68.0   5:47am    0   12  0.01   4  18   1:19pm  SW 30.01   71
30   77.5  88.2   3:24pm  70.3   2:54am    0   12  0.07   2  13   2:47pm   E 30.01   86
31   79.1  89.1   3:16pm  68.9   3:19am    0   14  0.00   4  19  11:14am  SW 30.04   74
---------------------------------------------------------------------------------------
TOT  76.6  98.4   8/9/15  51.4  8/20/15   19  352  5.44   3  40   8/5/15  NE 30.02   80

HEAT BASE: 65.0
COOL BASE: 65.0