NOAA-Style Climate Reports for Bentonville Arkansas (nwarwx.com)
Select data to display
Select a Year or Month report
Select a Year or Month report
Report for 2015 Sep
MONTHLY CLIMATOLOGICAL SUMMARY FOR 9/2015 HEAT COOL MEAN DEG DEG WIND SPEED DOM MEAN MEAN DAY TEMP HIGH TIME LOW TIME DAYS DAYS RAIN AVG HI TIME DIR BAROM HUM --------------------------------------------------------------------------------------- 1 78.1 88.2 2:32pm 67.5 6:19am 0 13 0.00 3 19 3:41pm SW 30.09 72 2 78.0 89.2 4:34pm 67.5 5:52am 0 13 0.00 4 19 3:40pm SW 30.07 76 3 77.5 89.4 4:10pm 67.5 7:07am 0 11 0.00 3 16 2:04pm SW 30.02 78 4 80.1 91.2 3:19pm 69.3 5:02am 0 15 0.00 3 16 1:57pm SW 30.02 72 5 81.6 91.4 5:47pm 72.9 4:50am 0 17 0.00 3 16 11:51am E 30.06 70 6 83.0 92.7 5:50pm 73.4 5:54am 0 18 0.00 3 15 11:13am S 30.04 69 7 81.9 94.3 3:21pm 72.9 6:40am 0 17 0.00 3 16 5:57pm SSE 30.00 72 8 76.8 92.3 2:18pm 70.7 6:35am 0 12 1.65 4 23 3:27pm SW 29.95 86 9 74.8 86.5 5:10pm 69.1 3:54am 0 10 0.04 2 10 1:36pm NE 29.97 87 10 75.6 86.7 5:35pm 67.1 7:01am 0 11 0.00 2 14 11:14am W 29.98 83 11 67.5 77.2 3:22pm 56.8 11:59pm 1 4 0.13 4 36 1:39am NNE 30.06 83 12 59.6 72.9 3:40pm 48.2 6:41am 7 2 0.00 2 18 1:56pm NNE 30.13 75 13 64.8 77.4 4:15pm 52.0 1:33am 4 3 0.00 3 15 12:24pm S 30.08 68 14 69.7 81.5 3:04pm 57.4 4:21am 1 6 0.00 4 20 11:32am S 30.06 58 15 72.4 82.4 4:21pm 59.9 7:02am 0 8 0.00 5 24 12:44pm S 30.13 51 16 75.6 84.9 4:45pm 64.6 6:22am 0 11 0.00 5 21 11:05am S 30.11 77 17 78.5 87.8 3:01pm 70.3 3:28am 0 13 0.00 6 24 12:30pm S 30.00 72 18 78.1 87.3 12:21pm 67.8 5:24am 0 13 0.00 5 23 11:50am SW 29.92 75 19 68.1 77.0 4:04pm 59.4 11:58pm 1 4 0.00 5 15 1:12pm NE 30.05 82 20 63.3 71.1 4:10pm 54.5 4:18am 3 1 0.00 1 8 9:16am NE 30.10 92 21 69.6 83.1 3:17pm 57.7 6:29am 2 7 0.00 2 12 12:30pm SW 30.07 81 22 74.0 86.4 2:19pm 64.8 5:39am 0 9 0.00 2 12 11:28am E 30.11 70 23 73.8 87.8 4:54pm 61.3 6:44am 0 9 0.00 2 11 5:07pm E 30.14 63 24 70.7 83.8 4:47pm 60.6 7:30am 1 6 0.00 2 13 3:26pm E 30.14 71 25 69.4 84.9 3:44pm 56.8 6:45am 2 7 0.00 1 14 2:02pm NE 30.13 76 26 68.7 83.5 2:53pm 53.1 7:33am 3 7 0.00 3 15 1:22pm NE 30.08 71 27 68.6 82.2 3:35pm 59.2 6:50am 1 5 0.00 2 10 3:16pm E 30.02 81 28 70.9 84.7 2:41pm 59.9 7:31am 1 7 0.00 2 12 2:28pm NE 29.98 77 29 70.7 84.9 3:00pm 59.7 6:22am 1 7 0.00 2 17 4:38pm NNE 29.98 80 30 64.2 72.1 2:44pm 55.8 9:42pm 2 1 0.00 5 14 3:30pm NE 30.09 93 --------------------------------------------------------------------------------------- TOT 72.8 94.3 9/7/15 48.2 9/12/15 31 265 1.82 3 36 9/11/15 NE 30.05 75 HEAT BASE: 65.0 COOL BASE: 65.0