NOAA style reports

NOAA-Style Climate Reports for Bentonville Arkansas (nwarwx.com)


Report for 2015 Oct
                  MONTHLY CLIMATOLOGICAL SUMMARY FOR 10/2015
                                        HEAT  COOL        
     MEAN                               DEG   DEG       WIND SPEED       DOM MEAN  MEAN
DAY  TEMP  HIGH   TIME     LOW   TIME   DAYS  DAYS RAIN AVG  HI  TIME    DIR BAROM HUM
---------------------------------------------------------------------------------------
1    59.1  73.2   3:11pm  46.6   7:05am    8    2  0.00   4  16   2:37pm  NE 30.16   67
2    56.0  68.9   3:14pm  43.3   7:05am   10    1  0.00   6  22   4:15pm  NE 30.13   68
3    55.7  70.0   3:36pm  42.6   7:35am   10    1  0.00   4  16  12:20pm  NE 30.01   77
4    57.4  69.4   3:52pm  45.0   6:41am    8    1  0.00   5  17   4:24pm  NE 30.07   80
5    57.9  62.8   6:16pm  53.8   7:11am    7    0  0.00   3  12   2:25am  NE 30.13   97
6    64.8  79.7   4:21pm  54.3   7:19am    4    4  0.00   2  11   5:24pm  NE 30.15   84
7    66.4  82.4   3:23pm  54.0   5:00am    3    5  0.00   1  11  12:34pm  NE 30.13   80
8    68.8  84.0   3:57pm  57.9   6:46am    2    6  0.00   2  16  11:40am WNW 30.10   81
9    61.6  67.1   4:03pm  49.3  11:36pm    3    0  0.20   2  14  11:32am NNE 30.20   93
10   57.8  76.5   4:23pm  44.2   7:10am    9    2  0.00   1  10  10:57am WSW 30.18   75
11   67.7  82.8   3:15pm  51.3   2:13am    4    6  0.00   5  24  12:43pm SSW 29.91   65
12   69.7  82.6   3:46pm  53.1  11:53pm    1    6  0.00   3  21   3:01pm WNW 29.83   50
13   60.3  78.1   3:16pm  43.0   7:56am    8    3  0.00   2  16   2:19pm WNW 29.99   48
14   64.6  86.4   4:09pm  45.5   6:44am    7    6  0.00   1  12  10:44am  NE 30.05   57
15   69.6  89.6   3:40pm  50.9   7:41am    4    8  0.00   5  31  12:26pm  NE 30.08   54
16   56.2  68.0   3:53pm  42.4  11:11pm    9    0  0.43   4  19  12:52pm  NE 30.36   61
17   52.4  62.6   4:04pm  42.4  12:51am   12    0  0.00   3  16   9:33am  NE 30.40   50
18   58.0  72.3   3:51pm  47.3   4:20am    8    1  0.00   4  15   2:09pm   E 30.37   40
19   61.8  76.3   2:38pm  45.7   7:40am    6    3  0.00   4  23   2:09pm SSE 30.23   43
20   65.1  79.7   3:43pm  50.0   3:55am    4    4  0.00   4  19  10:33am   S 30.14   55
21   66.4  80.2   2:55pm  52.3   7:13am    3    5  0.00   3  19  11:14am  SW 30.18   82
22   68.7  79.7   1:09pm  58.5   7:40am    1    5  0.29   3  23  11:33am   E 30.14   70
23   67.1  72.0  11:58am  61.7   1:24am    1    3  0.59   5  20   4:04pm SSW 29.98   98
24   59.8  65.7   1:39am  52.5  11:49pm    5    0  0.00   5  14   3:55pm NNE 30.09   88
25   54.7  66.7   4:02pm  46.4  11:50pm   10    0  0.00   4  19  11:02am  NE 30.22   72
26   58.0  68.9   3:39pm  47.1  12:00am    7    0  0.00   6  17   9:59am  NE 30.10   75
27   59.4  63.5   4:11pm  57.0   7:17am    6    0  0.19   2  11   1:49am  NE 29.85  100
28   53.6  62.6   4:52pm  46.2   9:58pm    9    0  0.26   2  20   3:53pm WNW 29.82   96
29   49.6  63.3   3:33pm  39.7  11:53pm   15    0  0.00   1  14   2:53pm  NE 29.93   78
30   49.5  56.3   2:17pm  39.2   1:54am   16    0  0.13   4  16  11:02pm ENE 29.96   84
31   57.3  62.8   2:49pm  50.5  11:54pm    8    0  0.72   2  16  12:55am ESE 29.82  100
---------------------------------------------------------------------------------------
TOT  60.1  89.6 10/15/15  39.2 10/30/15  209   72  2.80   3  31 10/15/15  NE 30.08   74

HEAT BASE: 65.0
COOL BASE: 65.0