NOAA style reports

NOAA-Style Climate Reports for Bentonville Arkansas (nwarwx.com)


Report for 2015 Nov
                  MONTHLY CLIMATOLOGICAL SUMMARY FOR 11/2015
                                        HEAT  COOL        
     MEAN                               DEG   DEG       WIND SPEED       DOM MEAN  MEAN
DAY  TEMP  HIGH   TIME     LOW   TIME   DAYS  DAYS RAIN AVG  HI  TIME    DIR BAROM HUM
---------------------------------------------------------------------------------------
1    54.9  72.3   2:07pm  42.6   7:14am   11    1  0.00   1  10  11:43am  NE 29.99   84
2    58.2  71.1   3:24pm  47.1  12:12am    8    1  0.00   1  11  12:01pm SSW 30.00   91
3    57.4  66.7   3:55pm  47.1   7:02am    8    0  0.00   4  19   1:29pm  SW 30.06   96
4    63.5  72.3   1:26pm  56.7  10:41pm    3    2  0.00   5  18   9:46am SSE 30.08   85
5    64.4  69.3   1:40pm  57.0  12:19am    1    1  0.52   5  28   5:01pm SSE 29.96  100
6    52.9  65.7   2:35pm  41.9  11:59pm   10    0  0.00   3  17   9:33am  NE 30.12   83
7    48.8  64.2   1:36pm  38.5   6:39am   16    0  0.00   3  17  11:11am  NE 30.33   76
8    45.6  61.5   3:15pm  31.8   6:00am   19    0  0.00   2  13   9:41am  NE 30.31   65
9    47.5  64.6   2:28pm  32.5   3:14am   18    0  0.00   1  10   2:17pm SSW 30.16   66
10   56.3  70.5   1:51pm  39.4   6:12am   10    1  0.00   5  21  12:09pm SSE 30.02   73
11   63.8  76.3   3:01pm  44.1  11:55pm    3    2  0.00  12  55   3:08pm SSW 29.77   76
12   46.7  61.0   3:06pm  35.6  11:46pm   18    0  0.00   6  23  12:01am   W 30.14   64
13   46.1  65.8   2:52pm  29.7   4:37am   19    0  0.00   2  11  11:40am  SW 30.30   64
14   53.4  66.6   2:21pm  34.0   5:52am   16    0  0.00   4  22  12:33pm  SW 30.31   47
15   50.7  56.1   5:02pm  40.5   1:52am   15    0  0.17   4  16  10:06pm SSE 30.21   79
16   53.9  63.3  10:49pm  46.8  12:54am    9    0  0.82   7  21   1:20pm SSE 29.96   97
17   60.4  69.4   5:26am  49.6   9:23pm    6    1  2.67   6  28   3:46am SSE 29.56  100
18   48.6  57.6   3:28pm  42.8   7:00am   16    0  0.00  10  35   1:55am  SW 29.67   68
19   47.1  57.6   1:56pm  38.8   8:58pm   18    0  0.00   3  13  10:00am  NE 30.17   60
20   51.1  62.4   2:30pm  39.4   2:50am   14    0  0.00   6  22  10:37am SSE 30.08   48
21   41.0  54.9  12:00am  23.4  11:25pm   24    0  0.06   8  28  10:03am   N 30.17   82
22   34.3  49.1   3:21pm  21.9   3:13am   31    0  0.00   4  19  12:40pm  SW 30.22   72
23   45.5  63.1   2:57pm  32.0  12:57am   20    0  0.00   4  16  12:28pm  SW 30.21   56
24   49.2  62.6   1:40pm  35.6   5:15am   16    0  0.00   6  22   1:45pm SSE 30.15   49
25   56.7  62.1  11:35pm  53.6   4:55am    8    0  0.00   8  22   4:42pm SSE 30.09   71
26   64.2  67.8   1:53pm  61.7  12:36am    1    0  0.13   8  31   2:14pm SSE 30.17   94
27   41.7  65.1  12:40am  36.9   9:37pm   23    0  2.56   5  24  12:37am NNE 30.22  100
28   38.1  40.5   3:10pm  36.7   4:32am   27    0  0.56   3  17   6:20am  NE 30.23  100
29   41.1  44.1  11:15pm  37.9  12:47am   24    0  0.18   0  12  12:42am  NE 30.16  100
30   44.8  48.9  12:53pm  38.1  11:09pm   20    0  0.05   5  20   8:11pm WNW 29.99  100
---------------------------------------------------------------------------------------
TOT  54.5  76.3 11/11/15  21.9 11/22/15  433    9  7.71   5  55 11/11/15 SSE 29.99   83

HEAT BASE: 65.0
COOL BASE: 65.0