NOAA style reports

NOAA-Style Climate Reports for Bentonville Arkansas (nwarwx.com)


Report for 2015 Dec
                  MONTHLY CLIMATOLOGICAL SUMMARY FOR 12/2015
                                        HEAT  COOL        
     MEAN                               DEG   DEG       WIND SPEED       DOM MEAN  MEAN
DAY  TEMP  HIGH   TIME     LOW   TIME   DAYS  DAYS RAIN AVG  HI  TIME    DIR BAROM HUM
---------------------------------------------------------------------------------------
1    37.8  48.6   2:45pm  29.8   5:30am   27    0  0.00   3  16   2:28pm  SW 29.99   89
2    35.7  44.8   3:10pm  29.1  10:37pm   29    0  0.00   6  24  11:23am WNW 30.07   87
3    37.8  55.8   2:34pm  25.7   7:28am   27    0  0.00   1   9   1:46pm  SW 30.33   82
4    41.3  58.3   2:39pm  27.9   6:17am   24    0  0.00   2  11   2:30pm ESE 30.45   78
5    45.3  59.4   2:46pm  33.1   7:52am   19    0  0.00   5  16  11:16am SSE 30.42   62
6    45.0  57.0   1:44pm  33.3  11:59pm   20    0  0.00   5  21   2:16pm WNW 30.33   76
7    45.0  63.1   1:47pm  27.7   6:07am   20    0  0.00   4  19   1:55pm  SW 30.21   68
8    52.0  66.0   2:55pm  39.9  12:00am   13    0  0.00   6  31  12:35pm SSW 29.91   64
9    49.7  67.6   3:08pm  33.8   5:47am   16    0  0.00   3  16   2:13pm  SW 29.92   72
10   54.7  70.0   1:52pm  41.5  12:27am   11    1  0.00   5  28  11:15am SSW 29.79   67
11   58.4  71.1   2:09pm  42.8  12:08am    8    1  0.00   5  24  12:09pm SSW 29.75   80
12   66.3  70.7   1:54pm  62.8   7:09am    0    2  0.80   7  20   5:28am SSE 29.86   91
13   53.0  64.2  12:00am  45.7  11:51pm    7    0  1.72  11  31  10:26pm  SW 29.50  100
14   45.1  52.3   3:19pm  38.7   7:02am   22    0  0.04  11  40   1:36am WSW 29.56   86
15   52.8  66.0  12:54pm  36.7   1:25am   12    0  0.00   6  32   2:17pm   S 29.75   83
16   40.0  54.7  12:00am  27.0  11:49pm   25    0  0.00   8  23   5:14am   W 29.86   69
17   33.4  46.6  12:49pm  22.6   6:26am   32    0  0.00   3  15   1:30pm  NW 30.03   83
18   32.8  42.6   3:08pm  24.1   7:30am   32    0  0.00   6  19   2:50pm  SW 30.26   70
19   41.9  57.4   2:34pm  25.3   3:14am   23    0  0.00   5  22   2:53pm   S 30.33   60
20   51.4  56.8   2:37pm  44.2   5:51am   14    0  0.00   9  31   1:33pm   S 30.06   64
21   53.1  61.0   1:11pm  33.8  11:59pm   12    0  0.12  10  24  12:20am  SW 29.87   87
22   48.3  65.7   2:36pm  30.4   3:38am   17    0  0.00   5  27  12:20pm SSE 29.73   68
23   57.4  67.6  12:51pm  39.0  11:50pm    8    0  0.47  11  40  12:11pm SSW 29.46   74
24   49.4  64.6  11:49am  38.5  12:40am   15    0  0.00   6  24  12:58pm   E 29.90   71
25   48.7  60.1   3:22pm  35.8   3:41am   16    0  0.00   7  17  10:13am ENE 30.05   63
26   57.2  68.5   6:38pm  42.8  11:47pm    8    0  3.73   5  30   6:56pm ESE 29.87   95
27   37.7  42.8  12:00am  35.8   2:37pm   26    0  6.26  11  29   8:31am  NE 29.97  100
28   34.5  38.3   3:14am  27.9  11:43pm   31    0  0.47   8  35  12:15am WNW 29.65  100
29   28.9  31.5   2:10pm  26.1   6:02am   36    0  0.00   4  14  12:00am WNW 30.07  100
30   31.3  36.3   3:33pm  27.7   8:04pm   34    0  0.00   2  10   2:21pm WNW 30.24   97
31   33.9  40.6   2:28pm  27.3  11:54pm   31    0  0.00   2  12   9:05am  NE 30.37   85
---------------------------------------------------------------------------------------
TOT  44.3  71.1 12/11/15  22.6 12/17/15  614    4 13.62   7  40 12/14/15  SW 29.93   81

HEAT BASE: 65.0
COOL BASE: 65.0