NOAA style reports

NOAA-Style Climate Reports for Bentonville Arkansas (nwarwx.com)


Report for 2016 Mar
                  MONTHLY CLIMATOLOGICAL SUMMARY FOR 3/2016
                                        HEAT  COOL        
     MEAN                               DEG   DEG       WIND SPEED       DOM MEAN  MEAN
DAY  TEMP  HIGH   TIME     LOW   TIME   DAYS  DAYS RAIN AVG  HI  TIME    DIR BAROM HUM
---------------------------------------------------------------------------------------
1    49.0  60.1  12:26am  33.4  11:36pm   16    0  0.39   6  32   4:07am WNW 30.05   69
2    46.9  63.0   3:11pm  28.8   6:56am   18    0  0.00   5  23   2:25pm SSE 30.06   51
3    49.5  59.2   3:31pm  37.4  11:12pm   16    0  0.05   3  19   4:43pm NNE 29.96   63
4    48.9  66.9   3:43pm  30.6   6:32am   16    0  0.00   4  19   3:00pm SSW 30.12   60
5    54.8  71.8   2:48pm  36.1   6:49am   12    1  0.00   4  20  12:10pm  NE 30.19   44
6    61.0  70.3   2:50pm  50.4   2:20am    5    1  0.00   9  31  10:26am ESE 30.06   31
7    63.3  65.8   6:39pm  59.7   6:06am    2    0  0.00  10  32  10:42am   S 29.88   68
8    58.1  63.3  10:23am  47.7  11:54pm    7    0  1.34   5  27   1:11am SSE 29.87   98
9    56.4  65.5   2:08pm  47.5  12:02am    9    0  0.00   2  12  12:55pm  NE 29.93   97
10   54.7  58.3   4:50pm  44.4  11:43pm   10    0  0.26   6  24   3:07pm  NE 30.06   91
11   50.3  55.8  12:27pm  44.8  12:00am   15    0  0.06   5  20  11:49am  NE 30.18   88
12   57.0  64.9   2:19pm  51.4   1:47am    8    0  0.08   0   8   5:37am ESE 29.98   99
13   59.4  70.7   2:00pm  50.7   6:38am    6    1  0.05   3  35   6:58pm SSE 29.76   86
14   61.7  78.3   4:33pm  45.9   7:30am    7    3  0.00   5  16  11:53am WSW 29.75   74
15   63.1  76.8   1:12pm  51.8   7:35am    5    3  0.00   9  33   6:02pm WNW 29.69   59
16   51.7  63.9   4:18pm  37.2   7:25am   13    0  0.00   5  19  12:40am WNW 30.04   40
17   52.2  68.2   4:46pm  36.5   3:03am   13    0  0.00   2  11   2:40pm  NE 30.03   48
18   45.4  52.2  12:00am  37.9  11:22pm   20    0  0.05   7  25   7:15pm  NE 30.02   66
19   40.7  51.1   2:19pm  29.3   7:23am   24    0  0.00   6  32   4:30pm  NW 30.23   58
20   36.1  46.9   4:11pm  27.5  11:36pm   29    0  0.00   5  19  12:58pm WNW 30.33   65
21   43.7  61.3   4:48pm  25.3   4:40am   21    0  0.00   7  23  11:11am SSW 30.24   57
22   59.4  71.6   4:30pm  49.6   4:28am    7    1  0.00  13  36  10:50am SSW 29.88   41
23   65.1  74.3   3:35pm  58.6  10:40pm    2    2  1.12  13  37   2:40pm SSW 29.71   69
24   44.3  59.0  12:00am  36.1  11:19pm   21    0  0.00  10  32   6:51am WNW 29.85   73
25   45.7  63.5   6:18pm  27.0   7:16am   19    0  0.00   3  15   8:33pm ESE 29.98   62
26   54.9  70.9   4:23pm  39.7   7:05am   11    1  0.00   5  19   1:39pm ESE 29.97   57
27   45.4  55.9   1:04am  32.7  11:59pm   20    0  0.02   3  21   8:20am WNW 30.08   88
28   48.2  68.0   4:30pm  27.7   7:08am   17    0  0.00   2  13   3:39pm   E 30.15   57
29   58.2  71.4   4:24pm  39.4   6:20am    8    1  0.00   7  23   1:41pm   E 30.07   32
30   64.8  72.9  12:40pm  59.5  12:15am    1    1  0.03   7  24   2:14pm SSE 29.76   80
31   59.1  65.5   1:23am  44.6  10:49pm    6    0  0.16   8  28   2:35pm WNW 29.69   81
---------------------------------------------------------------------------------------
TOT  53.2  78.3  3/14/16  25.3  3/21/16  383   17  3.60   6  37  3/23/16 SSE 29.99   66

HEAT BASE: 65.0
COOL BASE: 65.0