NOAA style reports

NOAA-Style Climate Reports for Bentonville Arkansas (nwarwx.com)


Report for 2016 Apr
                  MONTHLY CLIMATOLOGICAL SUMMARY FOR 4/2016
                                        HEAT  COOL        
     MEAN                               DEG   DEG       WIND SPEED       DOM MEAN  MEAN
DAY  TEMP  HIGH   TIME     LOW   TIME   DAYS  DAYS RAIN AVG  HI  TIME    DIR BAROM HUM
---------------------------------------------------------------------------------------
1    49.6  60.1   3:41pm  37.6   6:23am   15    0  0.00   7  29   4:17pm WNW 30.02   51
2    48.6  65.7   4:42pm  28.8   7:17am   16    0  0.00   7  32   5:11pm WNW 30.14   53
3    57.2  73.6   3:56pm  37.4   7:11am   10    2  0.00   7  32   1:35pm  SW 30.09   53
4    64.4  78.1   3:15pm  50.7   7:43am    4    4  0.00   7  23   1:13pm  NE 30.11   50
5    64.3  78.1   2:49pm  48.6   1:04am    5    4  0.00   7  24   3:43pm SSE 30.13   60
6    60.4  66.2   1:36am  46.4  11:57pm    5    0  0.03  12  42   5:31pm WNW 29.90   66
7    58.2  70.5   4:36pm  44.1   1:23am    8    1  0.00   7  39   5:52pm WNW 29.98   49
8    51.6  64.4   3:00pm  35.1   5:39am   13    0  0.00   4  30   3:33pm WNW 30.15   48
9    57.1  73.8   3:39pm  39.9   6:38am    9    1  0.00   7  26   3:58pm  NE 30.10   52
10   62.3  69.1   4:53pm  54.5   1:23am    3    1  0.00  12  34   2:28pm SSW 29.88   77
11   59.6  66.0  12:00am  49.6  11:56pm    5    0  0.33   6  28  10:14am NNE 30.01   67
12   55.1  67.5   5:00pm  39.9   6:20am   10    0  0.00   4  15   8:16am  NE 30.24   42
13   52.4  58.3   4:23pm  46.9   3:09am   13    0  0.07   3  11  11:28am ENE 30.16   55
14   60.5  72.5   3:21pm  49.3   6:57am    6    2  0.00   3  15   1:30pm ENE 30.07   52
15   60.8  71.4   5:34pm  48.7   3:31am    6    1  0.00   5  20   8:12pm ESE 30.01   66
16   63.0  69.3   2:21pm  59.0   6:32am    3    1  0.00   7  19   2:11pm ESE 30.09   73
17   66.5  73.9   4:13pm  60.6   6:48am    1    2  0.10   7  30   9:11pm ESE 30.17   67
18   63.6  68.2   2:31pm  58.3  11:59pm    2    1  0.45   6  28   3:44am SSE 30.20   81
19   63.8  71.8   4:15pm  57.2   1:37am    3    2  0.00   2  13   7:17pm ESE 30.13   78
20   61.5  69.4   5:02pm  50.9  11:35pm    4    1  0.00   6  19  12:15pm   W 29.99   79
21   60.0  71.1   3:38pm  48.4   3:57am    7    1  0.00   5  24  12:22pm WNW 29.98   72
22   61.2  76.6   5:02pm  46.6   6:16am    7    3  0.00   2  19   3:58pm   N 30.08   68
23   65.2  79.9   4:40pm  47.3   6:24am    5    5  0.00   3  17   4:19pm  SW 30.07   62
24   67.9  77.2   2:43pm  56.7   6:13am    2    4  0.00   6  26   1:58pm SSE 29.90   53
25   69.1  78.4   3:52pm  59.9   6:06am    1    5  0.00   6  21   3:54pm   S 29.81   64
26   71.7  79.7   5:32pm  63.1   4:23am    0    7  0.00   6  21  10:52am SSE 29.75   74
27   65.3  76.6   4:31pm  53.1  11:58pm    3    3  0.94   7  58  12:45am   W 29.70   71
28   61.3  77.0   4:01pm  47.7   6:06am    6    2  0.00   3  15  12:46pm WNW 29.95   61
29   61.0  67.6   3:10pm  54.0   8:44am    4    0  1.42   6  26   3:44pm  NE 29.89   75
30   63.3  69.8  12:32pm  52.2  11:57pm    2    1  0.04   5  20   8:19am   W 29.75   90
---------------------------------------------------------------------------------------
TOT  60.9  79.9  4/23/16  28.8   4/2/16  178   55  3.37   6  58  4/27/16  SW 30.02   63

HEAT BASE: 65.0
COOL BASE: 65.0