NOAA style reports

NOAA-Style Climate Reports for Bentonville Arkansas (nwarwx.com)


Report for 2016 May
                  MONTHLY CLIMATOLOGICAL SUMMARY FOR 5/2016
                                        HEAT  COOL        
     MEAN                               DEG   DEG       WIND SPEED       DOM MEAN  MEAN
DAY  TEMP  HIGH   TIME     LOW   TIME   DAYS  DAYS RAIN AVG  HI  TIME    DIR BAROM HUM
---------------------------------------------------------------------------------------
1    56.6  65.9   1:57pm  44.4   6:39am    8    0  0.00   4  21   2:41pm   W 30.01   76
2    52.9  58.2  11:13am  46.9  11:52pm   12    0  0.00   3  13   1:49pm WNW 30.10   84
3    54.1  67.6   4:08pm  41.3   5:49am   11    0  0.00   2  17   5:46pm  NE 30.08   73
4    60.3  73.8   2:41pm  48.5   2:42am    7    2  0.00   4  23  10:24am WSW 29.97   58
5    59.0  74.1   3:27pm  41.8   6:16am    8    2  0.00   2  20   2:16pm  NW 30.04   60
6    62.1  77.8   4:15pm  44.2   6:19am    7    4  0.00   2  12  10:47am WSW 30.08   60
7    67.5  83.7   4:24pm  49.7   6:16am    4    7  0.00   4  21   2:45pm  SW 29.98   60
8    66.7  75.3  10:50am  56.6   4:12am    1    3  0.00   4  22  10:00am   S 29.83   67
9    66.3  73.7   3:37pm  61.6  12:09pm    0    2  0.29   6  25  12:37am   S 29.70   81
10   73.6  85.0   3:34pm  59.7   2:40am    1    9  0.00   5  23   9:12am  SW 29.79   71
11   76.6  84.6  12:37pm  71.2   1:47am    0   11  0.00   6  23  12:10pm  SW 29.92   70
12   66.4  75.1   2:32pm  53.9  11:53pm    2    3  0.54   3  21   5:24am NNE 30.11   69
13   64.5  78.5   3:15pm  48.4   6:06am    5    5  0.00   5  25   2:59pm  SW 30.13   66
14   55.1  63.9  12:05am  45.6   6:20am   10    0  0.00   5  22   1:54am  NE 30.19   59
15   57.6  66.2   5:26pm  46.9   5:57am    7    0  0.00   3  15  10:53am  NE 30.20   53
16   56.5  60.2  11:15pm  52.1   9:43am    9    0  0.33   3  16  12:57pm  NE 30.03   88
17   56.8  61.9  10:09am  50.8  10:35pm    8    0  0.08   5  17   3:49pm  NE 30.04   93
18   55.5  67.3   4:46pm  49.1   6:44am    9    0  0.00   5  19   5:57am  NE 30.19   77
19   57.4  65.6   2:58pm  45.9   6:23am    7    0  0.02   2  17  10:48am  NE 30.10   80
20   58.3  65.1   5:09pm  53.4  11:49pm    7    0  0.12   2  13   2:54am  NE 30.04   90
21   63.3  76.2   4:45pm  49.7   3:47am    5    3  0.00   2  11   1:44pm  NE 30.12   79
22   70.2  81.6   5:17pm  57.5   5:46am    1    6  0.00   3  14   7:42pm   E 30.04   65
23   65.7  77.1   1:00pm  60.8   6:26am    1    2  0.44   3  17  10:16am   E 29.92   77
24   72.8  83.8   2:47pm  62.6  12:00am    0    8  0.00   5  28   9:45pm   S 29.94   79
25   72.0  81.8   2:26pm  62.1  10:02am    0    7  1.80   6  46   4:03am   S 29.94   84
26   74.8  84.2   1:29pm  66.3  11:07pm    0   10  0.13   5  27   4:47pm   S 29.86   85
27   70.1  75.7   4:02pm  63.9   6:43am    0    5  0.04   3  20   9:59am   S 29.75   87
28   69.0  79.7   3:55pm  58.6   5:13am    1    5  0.00   5  20   8:15am WSW 29.91   86
29   72.8  85.6   3:53pm  62.1   4:27am    0    8  0.00   1  11   2:03pm WSW 30.08   80
30   67.1  73.0   9:59am  63.3   6:23am    0    2  0.41   2  22  10:30am  NE 30.02   93
31   70.4  78.8   4:24pm  62.0   3:54am    0    6  0.00   2  14   1:40pm   E 29.91   89
---------------------------------------------------------------------------------------
TOT  64.3  85.6  5/29/16  41.3   5/3/16  134  111  4.20   4  46  5/25/16  NE 30.00   75

HEAT BASE: 65.0
COOL BASE: 65.0