NOAA style reports

NOAA-Style Climate Reports for Bentonville Arkansas (nwarwx.com)


Report for 2016 Aug
                  MONTHLY CLIMATOLOGICAL SUMMARY FOR 8/2016
                                        HEAT  COOL        
     MEAN                               DEG   DEG       WIND SPEED       DOM MEAN  MEAN
DAY  TEMP  HIGH   TIME     LOW   TIME   DAYS  DAYS RAIN AVG  HI  TIME    DIR BAROM HUM
---------------------------------------------------------------------------------------
1    83.6  91.9   4:39pm  76.0   6:26am    0   19  0.00   4  19  11:41am   S 29.96   74
2    84.0  93.3   3:49pm  74.0   6:36am    0   19  0.00   4  19   4:18pm   S 29.99   68
3    83.6  93.1   4:43pm  72.4   6:44am    0   19  0.00   3  16   1:43pm  SW 29.96   69
4    85.2  94.0   3:50pm  75.4   4:41am    0   20  0.00   3  16  10:53am   S 29.90   68
5    83.5  93.7   4:57pm  75.0   4:16am    0   18  0.00   3  14   8:48am  SW 29.90   74
6    77.8  84.8   5:40pm  71.7   8:43am    0   13  0.23   3  21  12:30pm NNE 29.94   86
7    76.6  83.1  11:13am  72.0   1:11pm    0   12  0.20   2  22  12:24pm   E 29.92   88
8    78.6  87.8   5:02pm  71.5   6:54am    0   14  0.00   2  14  10:42am   E 29.90   82
9    79.1  92.0   3:42pm  73.0   5:28am    0   14  0.02   2  15   5:22pm   S 29.92   84
10   80.0  92.8   3:39pm  71.1   4:23am    0   15  0.09   2  13   1:07pm   E 29.97   82
11   83.9  94.7   4:24pm  74.3   5:59am    0   19  0.00   3  17  10:11am   E 29.90   77
12   81.4  90.3   1:45pm  75.8   5:52am    0   16  0.00   2  14   9:42am  NE 29.81   82
13   77.8  86.7   3:01pm  70.0  11:49pm    0   13  0.01   5  20   2:48pm  NE 29.88   79
14   72.4  81.5   3:02pm  67.6  11:58pm    0    7  0.00   5  21   2:42pm  NE 29.95   79
15   68.9  74.0  12:16pm  65.7   3:25am    0    4  0.02   1   9   5:30am NNE 30.00   92
16   73.3  85.2   4:26pm  63.2   2:54am    0    8  0.00   1  12   1:31pm   E 30.09   80
17   76.6  87.5   3:42pm  66.3   4:23am    0   12  0.00   2  13  12:31pm   S 30.08   78
18   73.8  80.3  11:05am  68.1   5:57am    0    9  0.42   2  14   3:26pm   S 30.03   91
19   77.8  86.9   3:23pm  72.5   4:36am    0   13  0.00   4  20   7:22pm  SW 29.89   83
20   72.0  76.1   6:04pm  64.4  11:52pm    0    7  0.01   2  14   1:43pm   W 29.84   90
21   68.0  80.3   3:30pm  55.2   6:43am    2    5  0.00   2  14   1:04pm  NE 30.05   74
22   70.7  83.8   4:05pm  56.6   6:06am    2    8  0.00   2  17   7:15pm   S 30.11   75
23   76.7  84.9   5:11pm  68.6   2:42am    0   12  0.00   4  20  12:03pm   S 30.06   81
24   82.3  92.3   3:02pm  75.2   7:10am    0   17  0.00   7  26   9:08am SSW 30.02   71
25   79.6  91.9   4:28pm  67.3   6:44am    0   15  0.00   3  20  10:45am  SW 30.03   74
26   73.4  80.4  11:04am  69.2   5:11am    0    8  0.25   1   8  12:41pm WSW 30.03   88
27   77.2  86.4   5:09pm  68.8   6:59am    0   12  0.00   1  13  10:16am   E 30.01   83
28   78.0  89.3   2:01pm  69.0   7:01am    0   13  0.01   2  20   4:21pm   E 30.06   81
29   77.5  91.7   3:19pm  69.2   5:10am    0   13  0.24   2  24   3:33pm ENE 30.08   81
30   79.2  91.3   3:14pm  68.6   7:08am    0   14  0.00   2  14   1:15pm  NE 30.05   79
31   76.2  87.3   3:42pm  69.3   6:33am    0   11  0.00   2  13   3:54pm  NE 30.01   86
---------------------------------------------------------------------------------------
TOT  77.7  94.7  8/11/16  55.2  8/21/16    4  398  1.50   3  26  8/24/16   S 29.98   80

HEAT BASE: 65.0
COOL BASE: 65.0