NOAA style reports

NOAA-Style Climate Reports for Bentonville Arkansas (nwarwx.com)


Report for 2016 Sep
                  MONTHLY CLIMATOLOGICAL SUMMARY FOR 9/2016
                                        HEAT  COOL        
     MEAN                               DEG   DEG       WIND SPEED       DOM MEAN  MEAN
DAY  TEMP  HIGH   TIME     LOW   TIME   DAYS  DAYS RAIN AVG  HI  TIME    DIR BAROM HUM
---------------------------------------------------------------------------------------
1    73.8  82.9   5:06pm  64.8  11:55pm    0    9  0.00   4  15   8:11am  NE 30.02   79
2    68.3  80.5   3:15pm  57.6   6:46am    2    5  0.00   3  16   1:21pm  NE 30.08   72
3    67.8  80.6   5:04pm  53.4   6:26am    3    6  0.00   2  14   2:35pm  NE 30.07   74
4    72.6  86.1   4:04pm  57.7   6:46am    1    9  0.00   3  16   3:29pm   E 30.03   68
5    78.6  90.5   3:36pm  65.8   5:05am    0   14  0.00   4  20  11:16am   S 30.02   75
6    80.9  90.8   4:04pm  73.4   6:17am    0   16  0.00   4  21  11:46am   S 30.05   76
7    81.1  90.4   2:36pm  72.0   1:01am    0   16  0.00   5  23  11:25am SSW 30.03   74
8    77.9  89.7   1:01pm  70.4   9:58pm    0   13  3.18   5  24   5:50pm  SW 29.92   83
9    80.8  91.0   3:36pm  71.5  12:00am    0   16  0.00   5  24   1:22pm  SW 29.87   77
10   68.2  78.0  12:00am  56.6  11:57pm    1    4  0.73   3  28   1:21am NNE 30.09   79
11   66.0  80.1   4:49pm  51.6   6:47am    4    5  0.00   2  13   9:45am   E 30.16   72
12   72.0  85.3   4:06pm  57.5   4:02am    2    8  0.00   3  16   3:13pm   E 30.00   69
13   75.9  87.6   4:31pm  65.5   6:31am    0   11  0.00   2  14  10:59am ENE 30.03   79
14   72.4  86.8  12:40pm  66.3   7:04am    0    7  0.71   1  28   2:56pm  NE 30.10   89
15   74.1  83.1   3:05pm  66.0   4:15am    0    9  0.00   2  16   1:33pm   E 30.05   87
16   70.9  83.0   1:45pm  63.4  11:58pm    0    6  1.37   3  24   4:46pm SSW 29.95   91
17   70.5  82.2   3:27pm  62.6   7:08am    1    6  0.01   1  10   1:37pm NNE 30.01   85
18   72.6  83.9   4:33pm  65.1   4:58am    0    8  0.01   2  12  12:54pm   E 29.96   84
19   76.5  90.3   4:16pm  64.5   5:57am    0   12  0.00   1  11   9:54am   S 30.01   81
20   79.3  92.0   2:27pm  68.5   5:52am    0   14  0.00   2   9  11:10am ENE 30.06   80
21   76.0  88.0   3:14pm  65.6   7:20am    0   11  0.00   1  11   1:35pm   E 30.05   79
22   74.9  88.3   3:59pm  63.3   6:54am    0   10  0.00   2  11  10:10am   S 30.00   73
23   75.1  87.7   2:58pm  62.2   4:57am    0   10  0.00   2  11   1:07pm   E 30.00   74
24   78.5  89.2   2:13pm  69.6   5:31am    0   14  0.00   3  16  10:31am   E 29.99   75
25   72.8  85.4   1:52pm  61.9  11:55pm    0    8  0.03   3  19   7:49pm NNE 30.04   84
26   62.6  74.0   3:08pm  50.7  11:53pm    4    2  0.05   3  15  11:06am  NE 30.18   73
27   61.7  79.4   4:22pm  46.4   7:10am    7    4  0.00   2  14   3:08pm WSW 30.07   67
28   64.7  78.4   2:22pm  55.1  12:57am    4    4  0.00   4  18  12:50pm  SW 30.01   61
29   58.3  71.9   4:06pm  46.3   6:29am    8    1  0.00   3  18  10:55am NNE 30.26   74
30   59.6  75.7   3:58pm  46.9   7:38am    8    2  0.00   1  16   1:51pm NNE 30.17   79
---------------------------------------------------------------------------------------
TOT  72.1  92.0  9/20/16  46.3  9/29/16   45  259  6.09   3  28  9/10/16  NE 30.04   77

HEAT BASE: 65.0
COOL BASE: 65.0