NOAA style reports

NOAA-Style Climate Reports for Bentonville Arkansas (nwarwx.com)


Report for 2016 Oct
                  MONTHLY CLIMATOLOGICAL SUMMARY FOR 10/2016
                                        HEAT  COOL        
     MEAN                               DEG   DEG       WIND SPEED       DOM MEAN  MEAN
DAY  TEMP  HIGH   TIME     LOW   TIME   DAYS  DAYS RAIN AVG  HI  TIME    DIR BAROM HUM
---------------------------------------------------------------------------------------
1    62.3  76.7   3:15pm  50.3   7:16am    6    3  0.00   1  11   2:28pm NNE 30.08   77
2    64.2  79.7   3:38pm  50.9   6:21am    5    4  0.00   1  11   1:12pm  NE 30.07   76
3    67.7  81.3   3:27pm  56.1   2:05am    3    5  0.00   2  13   3:27pm   E 29.97   71
4    70.8  81.8   4:09pm  59.4   6:07am    1    7  0.00   5  26   4:05pm   E 29.81   65
5    71.2  82.9   4:49pm  60.4   4:15am    1    7  0.88   3  19   2:30am   S 29.88   83
6    75.2  85.2   3:02pm  69.2   5:38am    0   10  0.00   2  20  11:49pm   S 29.94   77
7    57.4  72.7  12:00am  44.5  11:57pm    8    0  0.13   3  18  12:33am NNE 30.18   89
8    53.4  71.5   4:24pm  38.4   7:10am   13    1  0.01   1  13  10:47am  NE 30.32   75
9    57.6  73.1   4:30pm  45.3   4:38am    9    1  0.00   1  10  12:16pm ENE 30.33   73
10   62.6  74.9   4:34pm  51.5   3:59am    5    2  0.00   2  17  11:05am   E 30.23   63
11   67.5  80.0   3:21pm  52.9   7:25am    3    6  0.00   4  22  11:31am   S 30.08   59
12   64.7  72.9  12:51pm  51.7  11:56pm    3    2  1.00   4  20   1:52am  NE 30.06   93
13   53.5  57.8   1:09pm  49.6   6:19am   11    0  0.00   4  14  12:53am  NE 30.21   94
14   62.6  69.3   3:11pm  55.4  12:46am    3    1  0.01   2  14   9:36pm   S 30.13   92
15   70.4  79.2   3:04pm  62.6   7:29am    0    6  0.00   5  26   4:57pm   S 29.98   81
16   74.7  84.2   2:50pm  66.9   5:49am    0   10  0.00   6  25   1:26pm   S 29.86   78
17   76.4  84.4   2:10pm  70.8  12:17am    0   11  0.00   9  34   1:27pm SSW 29.70   74
18   74.6  81.6   2:19pm  69.7   9:17pm    0   10  0.00   6  26  12:14am WSW 29.77   79
19   74.7  85.7   3:16pm  61.9  11:59pm    0   10  0.60   4  22  12:10pm SSW 29.90   81
20   57.8  65.7   1:14pm  47.8  11:59pm    7    0  0.49   4  19   1:33pm   N 30.15   82
21   50.7  64.6   4:13pm  38.9   7:34am   14    0  0.00   1  10   1:20pm NNE 30.26   77
22   56.7  73.0   4:00pm  41.6   6:29am   10    2  0.00   3  19  12:46pm  SW 30.14   69
23   63.0  77.5   2:02pm  52.9   6:20am    5    3  0.00   3  18   1:35pm  SW 30.13   61
24   63.0  77.3   3:32pm  50.1   7:40am    5    3  0.00   1  10   2:05pm   E 30.24   77
25   65.7  76.7   3:09pm  54.9   5:55am    3    3  0.00   2  15  12:57pm   E 30.18   75
26   62.8  70.4   3:52pm  56.0   5:00am    3    1  0.13   3  18   4:16pm WSW 30.11   85
27   64.8  77.8   3:43pm  53.9   6:49am    3    3  0.00   1   9   1:52pm  SW 30.20   85
28   67.9  79.4   3:48pm  56.7   3:01am    2    5  0.00   3  20   2:23pm   S 30.14   75
29   69.8  79.7   3:48pm  61.8   7:50am    0    5  0.00   5  26  12:40pm SSW 30.05   68
30   66.8  77.9   2:30pm  58.0  11:13pm    2    3  0.00   4  15  10:43am  SW 30.08   78
31   68.2  81.4   3:34pm  55.4   6:14am    3    6  0.00   4  23   2:19pm SSW 29.98   72
---------------------------------------------------------------------------------------
TOT  65.1  85.7 10/19/16  38.4  10/8/16  128  132  3.25   3  34 10/17/16   S 30.07   77

HEAT BASE: 65.0
COOL BASE: 65.0