NOAA style reports

NOAA-Style Climate Reports for Bentonville Arkansas (nwarwx.com)


Report for 2016 Nov
                  MONTHLY CLIMATOLOGICAL SUMMARY FOR 11/2016
                                        HEAT  COOL        
     MEAN                               DEG   DEG       WIND SPEED       DOM MEAN  MEAN
DAY  TEMP  HIGH   TIME     LOW   TIME   DAYS  DAYS RAIN AVG  HI  TIME    DIR BAROM HUM
---------------------------------------------------------------------------------------
1    71.1  80.2   3:31pm  60.9  12:28am    0    6  0.00   6  28   2:37pm   S 29.93   68
2    71.8  78.9   2:22pm  66.2   6:46am    0    7  0.00   4  22  10:02am   S 30.08   78
3    67.4  73.6  12:58pm  63.2   8:08am    0    3  0.00   3  13  10:24am NNE 30.20   88
4    61.0  73.0   3:36pm  50.5   6:59am    5    1  0.00   2  14  11:03am  NE 30.34   75
5    56.2  67.3   4:18pm  49.6   3:08am    9    0  0.00   1   8   4:40pm   E 30.33   69
6    54.3  67.0   2:39pm  41.1   4:36am   11    0  0.00   2  11  11:33am   E 30.24   68
7    59.8  66.4   2:14pm  55.2   2:09am    5    0  0.23   2  14  10:19am   E 30.18   86
8    57.1  59.1  10:30am  52.9  11:59pm    8    0  0.04   2  11   5:25pm NNE 30.26   94
9    51.3  63.9   2:15pm  41.0  11:49pm   14    0  0.01   2  13  10:31am  NE 30.35   80
10   49.5  66.1   2:50pm  35.3   6:08am   16    0  0.01   3  20  12:50pm WSW 30.32   77
11   52.7  69.2   2:07pm  40.5   4:27am   13    0  0.00   2  17   4:16pm NNE 30.25   76
12   47.3  60.9   2:13pm  37.9   3:46am   18    0  0.00   2  11   9:26am  NE 30.35   73
13   47.0  62.7   2:02pm  33.3   5:45am   18    0  0.00   2  15  12:52pm WSW 30.23   76
14   55.2  70.6   2:25pm  42.9   5:40am   11    1  0.00   3  17  10:33am WNW 30.04   76
15   54.9  73.3   2:35pm  40.9   7:02am   11    1  0.00   1  12  12:48pm   W 30.01   77
16   62.0  82.0   2:37pm  41.9   6:40am    7    4  0.00   2  16   2:24pm   S 29.92   61
17   68.9  78.1   3:00pm  62.6   6:34am    0    4  0.00   8  31   1:05pm   S 29.79   51
18   53.1  69.4   3:09am  37.6  11:57pm   13    1  0.00   9  32   6:31am WNW 30.08   65
19   35.5  46.6   1:46pm  26.9   6:54am   29    0  0.00   3  18   1:47pm WNW 30.55   69
20   41.2  57.5   2:21pm  26.4   7:04am   24    0  0.00   2  17   1:53pm   S 30.36   59
21   50.0  67.3   2:27pm  34.4   2:47am   15    0  0.00   3  18   4:44pm ESE 30.12   55
22   56.4  61.6  12:37pm  50.9   1:31am    9    0  0.06   5  27  12:37pm SSE 29.93   78
23   48.1  58.0  12:00am  42.4  11:55pm   17    0  0.02   5  19   5:09am WNW 30.03   92
24   46.7  58.1   2:48pm  40.6   5:50am   18    0  0.00   2  14   1:03pm   S 30.23   82
25   41.6  52.2  12:15pm  31.5  11:04pm   23    0  0.00   2  13  12:45pm  NE 30.41   90
26   42.6  56.2   2:37pm  33.3   8:21am   22    0  0.00   3  16  11:49am   S 30.37   89
27   49.3  55.8  12:03pm  39.7  12:24am   16    0  0.01   5  31   7:05pm   S 29.93   86
28   53.4  60.6   3:30pm  39.4  11:03pm   12    0  0.16   7  30  12:07am  SW 29.43   75
29   49.9  60.0   3:07pm  36.2  11:59pm   15    0  0.00   5  21  10:16am WNW 29.60   59
30   37.6  47.6   3:03pm  29.1  11:43pm   27    0  0.00   7  37   2:40pm   W 29.92   67
---------------------------------------------------------------------------------------
TOT  53.1  82.0 11/16/16  26.4 11/20/16  386   30  0.54   3  37 11/30/16   S 30.12   75

HEAT BASE: 65.0
COOL BASE: 65.0