NOAA style reports

NOAA-Style Climate Reports for Bentonville Arkansas (nwarwx.com)


Report for 2017 Jan
                  MONTHLY CLIMATOLOGICAL SUMMARY FOR 1/2017
                                        HEAT  COOL        
     MEAN                               DEG   DEG       WIND SPEED       DOM MEAN  MEAN
DAY  TEMP  HIGH   TIME     LOW   TIME   DAYS  DAYS RAIN AVG  HI  TIME    DIR BAROM HUM
---------------------------------------------------------------------------------------
1    44.9  57.3   3:56pm  33.2  12:54am   20    0  0.00   4  15   9:42pm ENE 29.92   72
2    51.5  59.1  11:26am  44.0   8:08pm   13    0  0.09   2  11  10:29am   E 29.82   93
3    39.3  49.8   7:57am  23.1  11:55pm   26    0  0.01   4  18  11:47am   N 30.00   92
4    25.1  34.4   2:57pm  17.2   7:43am   40    0  0.00   5  15  12:22am  NE 30.20   64
5    21.6  30.0   1:13am  14.2   9:56pm   43    0  0.00   5  19   9:01am NNE 30.13   73
6    13.6  18.2  11:29am   9.3  11:58pm   51    0  0.00   4  17  10:58am NNE 30.41   60
7    18.5  33.8   3:17pm   6.4   7:37am   47    0  0.00   3  14  12:10pm WSW 30.70   63
8    26.3  38.4   2:20pm  14.5   3:08am   39    0  0.00   4  23   1:46pm   S 30.61   58
9    39.4  51.0  11:55pm  27.0   1:03am   26    0  0.00   8  35   3:37pm   S 30.20   67
10   57.0  69.6   1:36pm  43.1  10:32pm    8    0  0.00  11  40   9:06am SSW 29.82   63
11   60.8  72.8   2:12pm  43.3   2:15am    6    2  0.00  10  39  10:47am SSW 29.76   72
12   43.9  66.0  12:00am  30.8   8:09pm   21    0  0.00   7  30   1:14am  NE 30.09   76
13   35.4  38.1   3:14pm  32.6   3:45am   30    0  0.31   5  16   3:43am  NE 30.44   92
14   38.1  40.6   4:14pm  36.0  11:01am   27    0  1.30   2  10   8:57pm  NE 30.45   97
15   44.4  54.0   3:17pm  39.0  12:18am   21    0  0.80   4  14   9:18pm  NE 30.20   97
16   53.3  63.9   2:21pm  37.5  11:07pm   12    0  0.24   8  28   3:32pm  SW 29.93   85
17   38.8  40.6   2:01pm  37.3   7:17am   26    0  0.00   5  15  12:53am   W 30.13   89
18   42.5  50.2   2:49pm  34.1   3:11am   23    0  0.03   3  10   9:49am ENE 30.11   92
19   48.4  59.7   3:26pm  40.7  11:57pm   17    0  0.04   2  15   3:26pm   E 29.75   94
20   54.0  65.1   3:17pm  40.8  12:09am   11    0  0.00   6  31   1:54pm SSW 29.54   74
21   54.1  64.4   1:43pm  39.7   7:59am   11    0  0.14   3  16  12:45am SSW 29.49   72
22   47.0  53.2  12:01am  34.8  10:25pm   18    0  0.63   5  26   1:50pm NNE 29.53   92
23   41.9  53.3   3:12pm  35.9  12:00am   23    0  0.00   2  17  12:20am WNW 29.87   77
24   54.4  67.3   1:46pm  39.1  12:17am   11    0  0.00   7  32   1:23pm   E 29.64   61
25   40.8  57.4  12:00am  29.9  11:47pm   24    0  0.00   9  27   3:37am WNW 29.83   69
26   30.1  38.2   2:19pm  25.6  11:39pm   35    0  0.00   7  22   2:09pm WNW 30.19   71
27   33.2  44.7   3:57pm  23.5   6:26am   32    0  0.00   8  27  12:44pm   W 30.23   60
28   38.1  48.2   2:48pm  27.8   4:23am   27    0  0.00   8  26   1:29pm   W 30.11   62
29   41.8  51.7   3:46pm  33.6  11:34pm   23    0  0.00   6  28   3:38pm WNW 30.08   66
30   45.8  65.9   3:03pm  29.3   5:15am   19    0  0.00   4  26   3:35pm  SW 30.04   60
31   50.8  70.8   3:36pm  33.6   7:44am   15    1  0.00   2  15  11:21am ENE 29.92   45
---------------------------------------------------------------------------------------
TOT  41.1  72.8  1/11/17   6.4   1/7/17  743    3  3.59   5  40  1/10/17  NE 30.04   74

HEAT BASE: 65.0
COOL BASE: 65.0