NOAA style reports

NOAA-Style Climate Reports for Bentonville Arkansas (nwarwx.com)


Report for 2017 Feb
                  MONTHLY CLIMATOLOGICAL SUMMARY FOR 2/2017
                                        HEAT  COOL        
     MEAN                               DEG   DEG       WIND SPEED       DOM MEAN  MEAN
DAY  TEMP  HIGH   TIME     LOW   TIME   DAYS  DAYS RAIN AVG  HI  TIME    DIR BAROM HUM
---------------------------------------------------------------------------------------
1    45.9  59.3   3:29pm  37.4   6:35am   19    0  0.00   6  22   7:24pm  NE 30.02   53
2    34.0  37.8  12:23am  28.3  11:59pm   31    0  0.00   6  24   2:33am  NE 30.37   60
3    31.1  40.9   2:35pm  22.8   6:56am   34    0  0.00   5  17   5:42am  NE 30.50   48
4    33.7  39.6   3:02pm  27.2   6:38am   31    0  0.00   5  20   2:28pm SSW 30.24   55
5    46.3  65.2   4:03pm  28.3   2:41am   19    0  0.00   3  15   2:11pm SSW 30.06   79
6    61.5  68.0   2:24pm  52.3   1:06am    4    1  0.00   9  29   1:40pm   S 29.75   86
7    62.2  72.3   1:07pm  50.7   8:35pm    4    1  0.00   6  28  12:16am WNW 29.60   63
8    41.1  52.7  12:00am  25.3  11:59pm   24    0  0.00   5  23   2:11pm  NE 29.89   70
9    34.2  49.5   4:40pm  20.5   6:42am   31    0  0.00   4  17  12:46am  NE 30.34   57
10   54.8  70.1   3:24pm  39.5   1:57am   11    0  0.00   9  32  12:57pm SSW 30.00   57
11   68.8  81.6   2:50pm  59.4  12:33am    1    5  0.00   9  33  10:49am  SW 29.78   71
12   53.9  63.7  12:06am  42.2  11:51pm   11    0  0.00   8  25   6:24am NNE 30.20   57
13   47.2  55.5   3:57pm  39.7   7:21am   18    0  0.15   4  17   8:50am ENE 30.25   42
14   41.0  42.7  12:04pm  38.6  10:55pm   24    0  0.84   3  17   2:03pm  NE 29.99   93
15   40.1  52.1   3:15pm  31.7   7:23am   25    0  0.00   3  16   9:28am   N 30.07   68
16   46.0  63.0   2:53pm  28.9   6:19am   19    0  0.00   6  25   3:16pm  SW 29.99   57
17   53.6  68.3   2:02pm  39.4   4:12am   12    0  0.00   5  24   1:28pm SSW 29.83   55
18   55.8  68.8   2:20pm  43.8   2:30am   10    0  0.00   2  17  11:26am WSW 29.81   74
19   61.0  76.3   3:58pm  45.0   3:26am    7    3  0.00   4  18   4:46pm ESE 29.93   78
20   62.1  66.3   2:16am  56.0   9:06pm    3    0  0.07   6  26  12:32pm   W 29.87   82
21   59.0  71.0   3:26pm  49.6  11:24pm    6    0  0.00   3  19   3:07pm NNE 29.87   85
22   62.5  76.8   2:49pm  48.9  12:52am    5    3  0.00   4  16   2:55pm   S 29.78   75
23   67.4  81.0   1:52pm  53.6   3:16am    3    6  0.00   7  30   2:42pm ESE 29.51   63
24   47.0  69.3  12:02am  30.6  11:08pm   18    0  0.00  10  28   4:18pm WNW 29.72   67
25   33.5  46.1   3:05pm  22.2   6:44am   32    0  0.00   3  21  12:02am WNW 30.15   55
26   40.9  50.6   3:09pm  28.9  12:43am   24    0  0.00   3  13  11:50am   E 30.04   58
27   53.0  67.9   3:15pm  36.8   6:02am   12    0  0.00   5  24   3:05pm   E 29.96   73
28   67.0  73.1   2:13pm  58.8  12:27am    1    3  0.00   9  31  11:41am SSW 29.74   82
---------------------------------------------------------------------------------------
TOT  50.2  81.6  2/11/17  20.5   2/9/17  439   24  1.06   5  33  2/11/17  NE 29.97   67

HEAT BASE: 65.0
COOL BASE: 65.0