NOAA style reports

NOAA-Style Climate Reports for Bentonville Arkansas (nwarwx.com)


Report for 2017 Mar
                  MONTHLY CLIMATOLOGICAL SUMMARY FOR 3/2017
                                        HEAT  COOL        
     MEAN                               DEG   DEG       WIND SPEED       DOM MEAN  MEAN
DAY  TEMP  HIGH   TIME     LOW   TIME   DAYS  DAYS RAIN AVG  HI  TIME    DIR BAROM HUM
---------------------------------------------------------------------------------------
1    48.8  69.9   1:02am  35.7  10:34pm   17    0  0.14   6  40   1:54am WNW 30.03   56
2    43.9  59.8   1:59pm  27.8   6:19am   21    0  0.00   4  27   2:56pm   W 30.40   48
3    48.3  63.1   2:14pm  33.1   6:21am   17    0  0.00   5  26   2:56pm   S 30.48   46
4    55.9  66.4   3:38pm  43.6   2:15am    9    0  0.00   7  29  12:53pm SSW 30.31   41
5    54.8  57.0  10:48pm  52.3   3:42am   10    0  0.00   8  31   7:02am   S 30.10   75
6    65.3  74.4   1:27pm  44.6  11:59pm    3    3  0.48  12  47   1:44pm   S 29.79   78
7    47.8  59.6   2:26pm  37.6  11:49pm   17    0  0.08   4  30   1:23pm WNW 30.13   52
8    51.9  68.5   2:37pm  32.9   6:22am   13    0  0.00   4  27   3:00pm   S 30.24   37
9    62.2  76.1  12:20pm  48.1   4:29am    5    3  0.40   6  31   2:19pm SSW 30.02   64
10   47.8  56.6   2:27pm  37.4   6:47am   17    0  0.00   8  21   7:51am  NE 30.27   60
11   36.8  46.9  12:00am  29.4  11:31pm   28    0  0.43   6  18   6:28am ENE 30.32   82
12   37.6  47.3   5:52pm  28.1   1:33am   26    0  0.22   4  13   4:04pm ENE 30.32   80
13   35.5  41.6   8:08am  31.0  12:37pm   29    0  0.05   6  31  11:51am WNW 30.17   83
14   32.3  35.6   2:29pm  28.7  11:53pm   33    0  0.00   4  15   2:23am  NE 30.33   76
15   34.6  45.4   5:39pm  25.6   2:40am   30    0  0.00   3  14  11:30am  NE 30.42   63
16   50.4  61.2   5:17pm  41.6  12:00am   15    0  0.00   5  22   7:31pm   S 30.18   68
17   62.7  72.8   5:32pm  52.6  12:18am    4    2  0.09   6  23   1:07pm  SW 30.05   82
18   60.1  73.5   5:38pm  46.3   7:08am    6    2  0.00   2  13  10:04am  NE 30.24   54
19   68.3  81.0   4:40pm  54.1   6:09am    3    6  0.00   6  25   1:01pm   S 30.11   59
20   72.7  85.3   3:54pm  64.0   7:12am    0    8  0.00   7  24   8:55am  SW 29.91   65
21   65.7  81.3   3:54pm  53.8  11:41pm    3    4  0.00   5  25   9:17pm  NE 29.97   67
22   51.2  59.9   3:18pm  45.5   7:15am   14    0  0.63   8  27  12:27am ENE 30.18   72
23   63.2  75.4   3:47pm  49.1   6:38am    5    4  0.00   8  33  11:33pm SSE 30.03   57
24   63.0  71.7  12:01am  55.0  11:58pm    3    1  2.02   8  37  10:18am   S 29.83   70
25   50.1  55.0  12:00am  46.3  10:36pm   15    0  0.06   6  21   9:45am WSW 29.81   94
26   55.4  69.0   3:24pm  42.1   7:00am   10    0  0.76   4  28  11:53pm   W 29.88   80
27   55.6  59.2  12:18am  51.6  11:29pm    9    0  0.18   4  19  12:00am WNW 29.82   90
28   60.5  75.1   4:25pm  51.1   4:04am    6    2  0.00   5  19   9:21pm  NE 29.91   76
29   64.7  73.9  12:52pm  56.3  11:59pm    3    2  0.08   8  30  12:56pm ESE 29.68   76
30   47.1  56.4  12:00am  45.4  10:18am   17    0  0.03   9  27  12:00pm WSW 29.66   86
31   53.2  63.2   5:16pm  45.0   4:53am   14    0  0.00   4  10   7:16pm  NE 29.88   78
---------------------------------------------------------------------------------------
TOT  53.2  85.3  3/20/17  25.6  3/15/17  404   36  5.56   6  47   3/6/17   S 30.08   68

HEAT BASE: 65.0
COOL BASE: 65.0