NOAA style reports

NOAA-Style Climate Reports for Bentonville Arkansas (nwarwx.com)


Report for 2017 Apr
                  MONTHLY CLIMATOLOGICAL SUMMARY FOR 4/2017
                                        HEAT  COOL        
     MEAN                               DEG   DEG       WIND SPEED       DOM MEAN  MEAN
DAY  TEMP  HIGH   TIME     LOW   TIME   DAYS  DAYS RAIN AVG  HI  TIME    DIR BAROM HUM
---------------------------------------------------------------------------------------
1    50.9  73.0   3:59pm  45.0   6:27am    9    1  0.00   6  18   6:15am ENE 30.03   83
2    59.3  72.0   3:20pm  52.7   7:29am    6    1  0.08   4  25   4:49pm ENE 29.85   82
3    58.7  67.4   4:11pm  51.0  11:48pm    7    0  0.36   7  29   4:34pm   W 29.55   86
4    60.7  79.0   4:37pm  45.7   4:48am    7    3  0.12   4  46   7:55pm SSE 29.65   76
5    50.3  62.0  12:00am  44.8  11:58am   14    0  0.09   8  38   3:49pm WNW 29.72   80
6    51.9  62.0   3:58pm  37.0   5:47am   11    0  0.00   4  19   3:50pm WNW 30.13   58
7    54.6  67.0   4:23pm  33.0   6:54am   11    0  0.00   2  11   3:48pm WNW 30.16   49
8    65.1  79.1   3:50pm  50.9   5:38am    4    4  0.00   7  39  12:23pm   S 29.86   56
9    69.6  78.5   2:55pm  62.0   6:43am    0    5  0.00  11  36   5:11pm SSW 29.73   67
10   67.2  74.2  12:31pm  53.7  10:20pm    1    4  0.00   8  19  12:21pm   W 29.92   63
11   58.0  73.0   4:38pm  44.8   6:39am    8    1  0.00   3   9   1:21pm  NE 30.19   58
12   65.8  80.4   4:09pm  50.6   4:02am    4    4  0.00   3  15   4:19pm SSE 30.20   63
13   68.8  80.0   3:42pm  56.7   5:24am    2    5  0.00   3  13  12:31pm SSW 30.12   70
14   70.3  79.2   4:18pm  63.6   5:37am    0    5  0.00   6  17  11:56am   S 30.02   65
15   70.5  81.4   4:06pm  61.0   4:30am    1    6  0.00   7  18  10:17am   S 29.95   65
16   66.7  74.5   4:21pm  60.0   8:52am    1    2  0.00   3  17   7:51am   S 29.98   84
17   63.7  70.5   5:07pm  57.5   6:20am    3    1  0.00   2  23  12:25am  NE 30.01   87
18   67.8  79.2   4:10pm  56.9   4:36am    2    5  0.00   3  17   5:03pm   S 30.02   78
19   70.1  79.8   4:30pm  59.1   6:58am    1    6  0.00   6  29   1:39pm SSW 29.99   76
20   65.7  69.7   9:47am  61.7  11:53pm    1    1  0.38   4  25   8:33am  SW 29.97   88
21   54.5  61.7  12:00am  50.9   6:33am   10    0  3.45   6  32   4:36am  NE 29.91   94
22   47.6  51.4  12:03am  45.4  10:24am   17    0  0.00   5  17   6:26am NNE 30.00   94
23   54.5  69.3   4:56pm  40.7   6:46am   11    1  0.00   3  17  10:27am NNE 30.09   67
24   58.7  75.9   4:13pm  39.7   6:43am    9    3  0.00   3  26   4:28pm   S 29.84   61
25   67.0  80.6   4:11pm  52.3   2:38am    4    6  0.00   6  34   9:56am   S 29.49   67
26   52.8  70.4  12:59am  44.5   9:52pm   13    0  1.69   4  74   1:02am WNW 29.52   94
27   52.7  66.3   5:07pm  38.3   7:00am   12    0  0.02   2  17   4:54pm WSW 29.75   77
28   61.5  68.0   4:33pm  55.3   5:30am    4    0  0.94   3  21   1:20pm   E 29.69   89
29   64.7  74.6  10:55am  61.7   3:07am    1    1  6.01   6  39   1:07am  NE 29.63   95
30   55.5  64.4  12:24am  46.3  11:58pm    9    0  0.48   9  40   3:26pm  SW 29.56   81
---------------------------------------------------------------------------------------
TOT  60.0  81.4  4/15/17  33.0   4/7/17  183   67 15.04   5  74  4/26/17  NE 29.87   77

HEAT BASE: 65.0
COOL BASE: 65.0