NOAA style reports

NOAA-Style Climate Reports for Bentonville Arkansas (nwarwx.com)


Report for 2017 May
                  MONTHLY CLIMATOLOGICAL SUMMARY FOR 5/2017
      MEAN                                     DEG      DEG            WIND                      DOM
DAY   TEMP    HIGH   TIME     LOW    TIME      DAYS     DAYS    RAIN   SPEED   HIGH    TIME      DIR
--------------------------------------------------------------------------------------------------------
01    50.6   064.4   17:35    40.6   06:31     14.4     00.0   00.00   014     040    12:56      W 
02    60.9   075.6   15:44    43.0   06:26     04.1     00.0   00.00   002     010    23:54     NNE
03    54.1   063.0   00:03    46.0   00:00     10.9     00.0   00.06   005     020    23:47      NE
04    53.9   065.4   17:08    43.8   07:42     11.0     00.0   00.01   005     028    14:55      N 
05    58.7   071.3   15:26    45.8   06:48     06.3     00.0   00.00   003     025    13:31      N 
06    63.8   079.4   15:59    46.7   06:39     01.2     00.0   00.00   005     023    14:12      W 
07    68.6   083.0   16:12    52.8   06:50     00.0     03.7   00.00   002     016    16:26      SW
08    70.1   081.9   16:58    55.4   06:34     00.0     05.1   00.00   003     020    16:17      SW
09    70.0   082.7   15:15    55.5   06:29     00.0     05.0   00.00   004     018    11:41      SW
10    71.9   082.9   15:02    63.3   04:04     00.0     06.9   00.00   005     023    12:40     SSW
11    68.0   078.7   12:35    60.4   05:05     00.0     03.0   00.98   003     025    01:01      S 
12    62.2   071.8   17:23    55.1   00:00     02.8     00.0   01.52   003     021    16:19     NNE
13    63.5   076.9   16:07    49.5   06:23     01.4     00.0   00.00   001     013    18:10     ENE
14    66.2   079.8   17:12    52.8   05:36     00.0     01.3   00.00   003     018    11:10     SSW
15    72.0   084.2   16:11    58.2   02:54     00.0     07.1   00.00   003     018    16:14     SSW
16    73.0   082.2   17:01    61.0   04:34     00.0     08.0   00.00   005     028    14:55      S 
17    73.7   082.3   16:22    65.6   07:47     00.0     08.8   00.00   009     040    15:05     SSW
18    76.1   086.4   15:42    67.3   05:56     00.0     11.1   00.00   004     023    09:04      S 
19    66.1   078.0   13:33    60.4   22:54     00.0     01.2   02.33   004     068    00:16     SSW
20    62.8   069.0   13:03    56.2   00:00     02.1     00.0   01.40   004     021    06:17      W 
21    59.9   072.6   16:17    49.7   06:52     05.1     00.0   00.00   003     016    16:20      NW
22    65.0   075.8   16:19    52.6   06:04     00.0     00.0   00.00   002     017    14:15      SW
23    61.8   068.1   13:02    55.0   22:07     03.2     00.0   00.11   003     022    21:14     WNW
24    56.0   064.2   17:04    50.3   06:43     09.0     00.0   00.01   004     024    11:52     WNW
25    64.5   080.7   17:32    46.0   05:27     00.4     00.0   00.00   003     023    14:44      S 
26    76.0   086.2   16:46    64.4   06:15     00.0     11.1   00.00   005     022    12:08     SSW
27    78.4   086.9   16:14    65.5   22:48     00.0     13.5   00.84   005     025    22:03     SSW
28    69.0   077.7   17:08    61.9   00:00     00.0     04.1   00.05   002     018    16:30      NW
29    71.2   084.3   16:00    57.7   06:29     00.0     06.3   00.00   004     021    15:16     WSW
30    67.4   077.5   17:15    60.1   06:15     00.0     02.5   00.02   002     024    12:38     WSW
31    71.9   086.3   16:10    58.9   02:53     00.0     07.0   00.00   003     028    18:21      W 
--------------------------------------------------------------------------------------------------------
66.0 (66.1)   86.9  day 27     40.6  day 01   071.6    105.6   07.33   04.0     068   day 19     WSW
Max >=  86: 4
Min <=  86: 31
Max Rain: 2.33 ON 19-05-17
Days of Rain: 11 (> .008in) 6 (> .08in) 5 (> 0.8in)