NOAA style reports

NOAA-Style Climate Reports for Bentonville Arkansas (nwarwx.com)


Report for 2017 Sep
                  MONTHLY CLIMATOLOGICAL SUMMARY FOR 9/2017
                                        HEAT  COOL        
     MEAN                               DEG   DEG       WIND SPEED       DOM MEAN  MEAN
DAY  TEMP  HIGH   TIME     LOW   TIME   DAYS  DAYS RAIN AVG  HI  TIME    DIR BAROM HUM
---------------------------------------------------------------------------------------
1    69.0  82.6   2:36pm  57.9   6:25am    2    6  0.00   2  14   1:19pm  NE 30.03   76
2    70.8  85.6   1:10pm  58.6   2:27am    1    7  0.00   1  14   1:27pm   W 30.06   76
3    75.7  90.2   3:22pm  62.9   6:48am    0   11  0.00   2  15   4:04pm  SW 30.06   77
4    79.5  91.7   3:38pm  70.3  12:59am    0   14  0.00   5  22   1:21pm  SW 29.94   74
5    69.8  76.1   3:08pm  57.7  11:48pm    1    6  0.00   3  20   2:58am  NE 30.04   63
6    61.2  74.6   3:47pm  49.2   7:03am    6    2  0.00   1  16   4:52pm NNE 30.15   64
7    64.4  82.8   3:06pm  48.1   6:30am    6    5  0.00   2  16   1:47pm WSW 30.14   67
8    68.7  84.1   3:57pm  54.1   7:03am    3    7  0.00   1  12  12:55pm SSW 30.16   68
9    70.1  83.8   3:57pm  57.3   6:57am    2    7  0.00   1  13  12:46pm  NE 30.21   72
10   68.0  81.0   3:05pm  56.4   7:09am    2    5  0.00   1  14   1:15pm ENE 30.22   70
11   67.0  80.9   3:15pm  54.7   6:45am    3    5  0.00   2  18  11:08am NNE 30.11   67
12   63.6  75.8   2:24pm  54.0   2:25am    4    3  0.00   2  19  11:05am NNE 29.89   69
13   67.1  84.8   3:22pm  55.0   6:58am    3    6  0.00   1  13  11:10am   W 29.80   68
14   70.1  86.5   4:32pm  53.9   6:29am    3    8  0.00   2  16  12:37pm  SW 29.87   66
15   74.8  87.0   2:34pm  62.5   6:04am    0   10  0.00   2  19  11:54am   S 29.91   70
16   75.8  88.6   3:13pm  63.2   5:33am    0   11  0.00   2  21  11:41am   S 29.96   73
17   69.8  75.1   9:18am  65.3   2:21pm    0    5  0.73   1  21  12:52pm  NE 30.05   88
18   72.2  83.1   4:20pm  64.9   6:18am    0    7  0.00   2  14  11:40am  SW 29.99   85
19   76.0  88.1   3:22pm  63.8   6:44am    0   11  0.01   3  20   3:37pm   S 29.87   80
20   81.3  91.4   4:44pm  73.4   6:37am    0   16  0.00   5  21   9:32am   S 29.83   75
21   80.1  89.6   3:54pm  73.1   5:20am    0   15  0.00   3  20  12:37pm   S 29.91   76
22   78.7  89.7   4:44pm  69.1   5:50am    0   14  0.00   3  18  10:46am   S 29.96   74
23   78.5  90.4   3:38pm  66.2   7:24am    0   13  0.00   1  12  11:16am ENE 29.96   70
24   78.3  89.5   4:00pm  67.6   5:56am    0   13  0.00   2  16  11:35am   E 29.93   69
25   76.3  87.2   2:27pm  65.5   6:07am    0   11  0.00   2  17   2:03pm   S 29.91   69
26   74.0  86.4   1:49pm  66.1   6:48am    0    9  0.07   2  14  11:47am  NE 29.95   79
27   66.8  71.4  12:53pm  60.9  11:54pm    0    2  0.00   4  18   1:05pm  NE 30.08   89
28   65.8  78.1   4:40pm  58.0   7:12am    2    3  0.00   4  14   9:56am  NE 30.17   64
29   64.9  78.5   3:45pm  52.9   7:23am    4    4  0.00   1  16  11:36am  NE 30.19   67
30   66.8  81.2   3:40pm  50.9   7:24am    4    6  0.00   2  13   1:50pm ENE 30.19   64
---------------------------------------------------------------------------------------
TOT  71.5  91.7   9/4/17  48.1   9/7/17   48  243  0.81   2  22   9/4/17  NE 30.02   72

HEAT BASE: 65.0
COOL BASE: 65.0