NOAA style reports

NOAA-Style Climate Reports for Bentonville Arkansas (nwarwx.com)


Report for 2017 Nov
                  MONTHLY CLIMATOLOGICAL SUMMARY FOR 11/2017
                                        HEAT  COOL        
     MEAN                               DEG   DEG       WIND SPEED       DOM MEAN  MEAN
DAY  TEMP  HIGH   TIME     LOW   TIME   DAYS  DAYS RAIN AVG  HI  TIME    DIR BAROM HUM
---------------------------------------------------------------------------------------
1    51.9  66.2   3:58pm  37.1   2:40am   13    0  0.00   4  26   2:00pm   S 29.83   88
2    68.4  83.2   3:44pm  56.3  12:00am    2    5  0.01   5  26  10:38am   S 29.81   75
3    62.5  71.6   2:55pm  58.4  11:54pm    3    1  0.00   4  15   8:04am  NE 30.03   88
4    65.4  77.8   3:55pm  55.8   5:05am    3    4  0.00   4  22   1:27pm SSW 29.91   89
5    68.3  82.2   1:13pm  52.0  11:43pm    3    6  0.00   8  32  10:07am  SW 29.81   79
6    51.5  53.9   8:53am  47.0  11:54pm   14    0  0.09   4  15   2:30am  NE 30.03   90
7    44.5  47.0  12:00am  40.9   6:13pm   20    0  0.02   4  17   5:20pm  NE 30.20   94
8    42.8  54.1   3:13pm  33.7  11:54pm   22    0  0.00   3  15   8:03am  NE 30.30   78
9    44.1  61.7   2:15pm  29.9   6:55am   21    0  0.00   1  14   1:32pm   W 30.31   73
10   46.7  61.1   2:45pm  36.4   2:07am   18    0  0.00   3  14   8:15am ENE 30.33   67
11   47.9  56.8   1:57pm  39.0   4:08am   17    0  0.00   4  17  11:23am   E 30.20   69
12   51.6  56.7   9:20am  49.2   3:42am   13    0  0.00   3  14   9:35am  NE 30.32   83
13   52.6  60.5   2:33pm  40.9   5:36am   12    0  0.00   2   9   7:39am ESE 30.36   80
14   54.4  57.8   3:39pm  51.6   3:31am   11    0  0.02   3  14   8:11pm SSE 30.12   86
15   55.3  64.4   2:16pm  40.4  11:59pm   10    0  0.76   3  25   5:29am   N 30.07   81
16   50.2  64.2   3:09pm  34.0   6:14am   15    0  0.00   3  14  12:28pm SSE 30.16   72
17   63.2  69.9   2:14pm  55.3  12:00am    3    2  0.00   9  38   2:32pm   S 29.78   84
18   52.8  69.2   1:27am  39.2   9:14pm   13    1  0.05   9  35  12:07am WNW 29.83   80
19   41.5  55.0   2:19pm  31.7   7:25am   24    0  0.00   2  12   3:07pm WNW 30.28   67
20   47.1  59.3   1:41pm  32.2   4:07am   18    0  0.00   6  28  10:38am SSW 30.08   56
21   49.5  60.7  11:10am  34.4  11:58pm   15    0  0.00   5  20   3:36pm SSW 30.04   55
22   35.0  49.3   2:31pm  24.5   7:18am   30    0  0.00   2  15  12:08am  NE 30.36   62
23   44.5  63.7   2:51pm  29.6  12:58am   20    0  0.00   3  17  12:07pm SSW 30.14   58
24   56.1  70.4  12:31pm  40.2   6:52am   10    1  0.00   5  28  11:50am SSW 29.88   49
25   53.1  65.2   1:55pm  36.6  10:43pm   12    0  0.00   4  18   9:32am  NE 30.11   53
26   48.2  67.2   2:28pm  32.0   6:46am   17    0  0.00   2  14   1:51pm SSW 30.28   57
27   56.7  68.8   1:22pm  41.0  12:01am    9    0  0.00   5  28  12:31pm   S 30.07   47
28   61.3  71.5   2:43pm  51.5   2:35am    5    1  0.00   5  26   8:24am   S 30.02   47
29   54.0  60.1   4:07pm  49.1   9:48pm   11    0  0.93   3  16   6:15am ENE 30.13   85
30   50.5  61.1   2:24pm  38.2  11:33pm   14    0  0.00   3  15   1:47am NNE 30.24   67
---------------------------------------------------------------------------------------
TOT  52.4  83.2  11/2/17  24.5 11/22/17  400   21  1.88   4  38 11/17/17 SSW 30.10   72

HEAT BASE: 65.0
COOL BASE: 65.0