NOAA style reports

NOAA-Style Climate Reports for Bentonville Arkansas (nwarwx.com)


Report for 2017 Dec
                  MONTHLY CLIMATOLOGICAL SUMMARY FOR 12/2017
                                        HEAT  COOL        
     MEAN                               DEG   DEG       WIND SPEED       DOM MEAN  MEAN
DAY  TEMP  HIGH   TIME     LOW   TIME   DAYS  DAYS RAIN AVG  HI  TIME    DIR BAROM HUM
---------------------------------------------------------------------------------------
1    47.9  57.5  12:36pm  36.2   3:09am   17    0  0.00   3  16  12:53pm   E 30.21   60
2    56.5  70.3   1:17pm  46.3   7:37am    9    1  0.00   2  15  11:26am ESE 30.12   65
3    60.1  72.0   1:09pm  46.9   2:13am    6    1  0.00   5  25  12:53pm SSE 30.04   76
4    60.7  68.8   2:36pm  43.8  11:58pm    5    1  0.32   8  35  11:29am SSW 29.84   77
5    35.7  43.9  12:00am  29.7  11:52pm   29    0  0.00   4  16  12:38am WSW 30.30   58
6    38.0  53.0   1:32pm  27.1   7:41am   27    0  0.00   4  21   3:15pm WNW 30.35   58
7    27.7  35.9  12:00am  19.9  11:59pm   37    0  0.00   4  21   4:15am   N 30.41   60
8    27.5  40.9   2:24pm  15.9   6:19am   38    0  0.00   3  16   2:18pm  SW 30.21   59
9    34.0  46.6   1:15pm  25.1  11:53pm   30    0  0.00   4  21  12:13pm WNW 30.21   64
10   39.7  58.8   2:22pm  24.7  12:28am   25    0  0.00   5  18   2:29pm  SW 30.27   60
11   48.0  67.3  12:45pm  30.6   5:22am   17    0  0.00   6  23   5:58pm  SW 30.15   47
12   35.3  44.6   1:16pm  27.5   7:47am   30    0  0.00   4  22   1:35am WNW 30.28   54
13   44.1  58.7   2:01pm  30.2  12:29am   21    0  0.00   5  26   8:28am   W 29.95   50
14   37.3  44.9  12:06am  27.5   9:49pm   28    0  0.00   3  20  10:08am NNE 30.10   66
15   35.9  48.0  12:47pm  26.9   1:39am   29    0  0.00   4  19  12:18pm   W 30.22   73
16   44.6  57.5   2:04pm  31.0   3:38am   20    0  0.06   6  24  12:58pm SSW 30.10   55
17   44.1  46.5   4:15pm  41.3   1:06am   21    0  0.26   3  13  12:00am  SW 30.08   94
18   45.5  51.4   3:36pm  42.4   8:34am   19    0  0.00   5  14  12:32am WSW 30.16   89
19   51.6  55.2   2:45pm  48.3   2:09am   13    0  0.12   4  17   4:08am  SW 30.08   94
20   52.0  53.9   3:00pm  49.9   7:22am   13    0  0.32   2  10   5:38am  NE 29.95   95
21   55.6  68.5   2:05pm  48.4   8:44pm   10    0  0.01   5  30   4:10pm   S 29.83   78
22   38.9  50.0  12:14am  32.1  11:24pm   26    0  0.86   4  16   7:31pm NNE 30.03   92
23   30.7  34.4   3:27pm  28.4   9:37am   34    0  0.11   4  15   3:57am NNE 30.22   91
24   29.2  33.7   2:08pm  22.2   9:25pm   36    0  0.01   5  23  12:27pm WNW 30.36   83
25   28.8  33.9   1:50pm  22.7   1:03am   36    0  0.00   3  14   6:49pm ESE 30.47   63
26   27.8  39.9   1:44pm  16.6  11:20pm   37    0  0.01   4  21   5:49pm  NE 30.50   67
27   19.9  27.8   3:40pm  15.5   4:19am   45    0  0.00   5  16  12:11am  NE 30.69   66
28   26.9  34.4   3:07pm  19.2  12:00am   38    0  0.00   2  10   1:26am   E 30.53   54
29   30.9  40.7   3:07pm  20.7   7:27am   34    0  0.00   3  24   3:23pm SSW 30.33   74
30   26.1  35.5   2:33am  21.2   8:10pm   38    0  0.00   5  17   5:46am  NE 30.35   82
31   15.1  21.7  12:00am   7.4  11:56pm   50    0  0.00   7  19  11:23am NNE 30.63   64
---------------------------------------------------------------------------------------
TOT  38.6  72.0  12/3/17   7.4 12/31/17  819    3  2.08   4  35  12/4/17  SW 30.22   70

HEAT BASE: 65.0
COOL BASE: 65.0