NOAA style reports

NOAA-Style Climate Reports for Bentonville Arkansas (nwarwx.com)


Report for 2018 Mar
                  MONTHLY CLIMATOLOGICAL SUMMARY FOR 3/2018
                                        HEAT  COOL        
     MEAN                               DEG   DEG       WIND SPEED       DOM MEAN  MEAN
DAY  TEMP  HIGH   TIME     LOW   TIME   DAYS  DAYS RAIN AVG  HI  TIME    DIR BAROM HUM
---------------------------------------------------------------------------------------
1    52.2  60.4   2:08pm  36.7  11:59pm   13    0  0.01   4  21   4:49am NNE 30.08   69
2    47.4  63.9   3:34pm  30.5   5:58am   18    0  0.00   2  15   9:05am SSE 30.35   53
3    52.6  68.8   2:21pm  38.5   6:57am   13    0  0.00   5  17   1:32pm   E 30.27   54
4    51.9  57.9   3:48pm  45.3   2:29am   13    0  0.02   6  21   2:55pm ESE 30.08   69
5    55.6  63.2   9:50am  38.6  11:57pm    9    0  0.00  10  32  10:13am WNW 29.88   57
6    42.3  55.7  12:59pm  32.6   4:08am   23    0  0.00  10  47   2:37pm   W 30.03   46
7    37.4  48.0   2:40pm  29.2  11:57pm   27    0  0.00   6  25  12:42pm WNW 30.26   56
8    40.4  56.5   3:25pm  24.6   6:50am   25    0  0.00   1  15   2:22pm   W 30.21   51
9    55.8  69.3   3:27pm  39.3   2:28am   10    1  0.00   6  27   1:41pm  SW 29.87   58
10   59.2  71.2   4:08pm  49.3   5:22am    7    1  0.00   3  13   6:51pm  NE 29.81   75
11   45.7  51.5  12:00am  38.9  11:57pm   19    0  0.00   5  19   1:47pm  NW 30.10   74
12   38.3  47.9   2:19pm  29.2  11:59pm   26    0  0.00   3  19   2:19am NNE 30.36   76
13   40.1  58.8   3:59pm  24.2   7:53am   25    0  0.00   1  17   5:31pm NNE 30.36   58
14   45.5  65.0   3:42pm  25.1   7:41am   19    0  0.00   3  18   3:43pm  SW 30.26   45
15   58.5  74.0   4:02pm  43.6   2:06am    8    2  0.00   5  27  10:10am SSW 29.93   39
16   64.4  77.8   3:35pm  52.5  11:17pm    4    3  0.00   6  34   4:02pm   S 29.74   53
17   51.8  63.5   3:08pm  40.1   7:53am   13    0  0.00   2  14  11:32am WNW 29.93   59
18   52.1  71.9   4:11pm  39.6   7:17am   14    1  0.24   2  21   5:55pm ENE 29.90   72
19   51.0  63.4  11:56am  41.6  11:21pm   14    0  0.14   9  31  12:52pm   W 29.61   84
20   44.6  53.4   4:30pm  38.5  11:58pm   20    0  0.03   5  25   5:50pm WNW 29.94   80
21   44.7  61.6   3:55pm  31.5   7:29am   20    0  0.00   1  20   4:12pm   W 30.21   67
22   54.3  71.3   3:21pm  38.5   2:04am   12    1  0.00   3  27   2:33pm   S 30.26   53
23   64.1  73.2   2:27pm  56.5   6:58am    3    2  0.00   7  27   1:30pm   S 29.98   62
24   64.9  73.9   3:55pm  46.4  11:55pm    2    2  0.00   7  28   8:18am WNW 29.81   68
25   46.0  53.9   2:59pm  38.9   6:33am   19    0  0.10   5  19   7:59am ENE 30.01   82
26   57.9  65.3   5:31pm  47.1  12:02am    7    0  0.14   4  25  11:19am   S 29.95   87
27   55.6  61.5  12:04am  48.9  11:34pm    9    0  3.69   3  29   1:16am NNE 30.00   96
28   52.3  56.9   1:44pm  47.5   4:40am   13    0  0.17   2  10   1:47am WNW 29.93   96
29   49.0  54.5  12:00am  41.9   9:45pm   16    0  0.58   3  15   8:59am NNE 29.93   94
30   50.9  64.5   3:04pm  40.8   7:27am   14    0  0.00   2  15   3:48pm   N 30.28   68
31   56.0  66.1   1:35pm  44.4   2:12am    9    0  0.41   4  27  10:01am   S 30.10   71
---------------------------------------------------------------------------------------
TOT  51.1  77.8  3/16/18  24.2  3/13/18  444   12  5.53   4  47   3/6/18 WNW 30.05   67

HEAT BASE: 65.0
COOL BASE: 65.0