NOAA style reports

NOAA-Style Climate Reports for Bentonville Arkansas (nwarwx.com)


Report for 2018 Apr
                  MONTHLY CLIMATOLOGICAL SUMMARY FOR 4/2018
                                        HEAT  COOL        
     MEAN                               DEG   DEG       WIND SPEED       DOM MEAN  MEAN
DAY  TEMP  HIGH   TIME     LOW   TIME   DAYS  DAYS RAIN AVG  HI  TIME    DIR BAROM HUM
---------------------------------------------------------------------------------------
1    38.6  49.5  12:00am  31.6   9:34pm   26    0  0.11   7  24  12:12am  NE 30.12   86
2    44.9  60.2  10:36pm  32.6  12:00am   20    0  0.03   4  22   8:25pm ENE 29.91   94
3    55.5  71.9  12:25pm  36.4  11:59pm   10    1  0.00   9  32   3:40am SSW 29.79   80
4    39.8  55.4   2:49pm  27.3   7:12am   25    0  0.00   1  15   1:35pm WNW 30.32   57
5    51.4  66.4   3:37pm  36.8   1:15am   14    0  0.00   2  21  11:24am   S 30.12   53
6    48.9  59.6   4:18pm  31.0  11:59pm   16    0  0.16   5  29   6:45pm  NE 29.95   67
7    33.1  45.9   4:50pm  23.2   7:04am   32    0  0.02   5  23  12:00am  NE 30.18   66
8    39.3  49.8  12:36pm  28.6   3:53am   26    0  0.00   2  19  10:46am   S 30.02   56
9    47.2  67.4   2:25pm  31.6   6:04am   18    0  0.00   1  17   1:14pm NNE 30.14   65
10   48.2  66.6   4:08pm  30.5   6:44am   17    0  0.00   1  14  12:00am  NE 30.32   63
11   62.9  76.2   3:59pm  50.1   1:13am    5    3  0.00   8  32  12:39pm SSW 30.03   44
12   70.6  82.5   2:51pm  61.2   6:57am    1    6  0.00   8  35   6:02pm   S 29.72   54
13   67.2  75.2   1:59pm  62.2  11:59pm    0    3  0.75   8  40   3:23pm SSW 29.56   78
14   43.1  62.3  12:00am  35.1  11:55pm   22    0  0.00  12  29   9:25am   W 29.81   69
15   35.1  45.2   5:13pm  29.6   6:23am   30    0  0.00   5  31   1:20pm WNW 30.08   67
16   44.1  64.5   4:44pm  26.3   7:02am   21    0  0.00   2  15  11:57am   W 30.20   58
17   65.1  82.2   3:40pm  45.9  12:03am    6    6  0.00   5  26   9:39am SSW 29.82   55
18   61.9  70.1  12:00am  45.0  11:57pm    4    1  0.00  10  32   1:57pm WNW 29.90   50
19   47.3  58.1   2:58pm  35.0   7:02am   18    0  0.00   3  19   2:41pm NNE 30.35   55
20   54.6  69.9   4:34pm  38.9   7:11am   11    1  0.00   4  20  11:57am ENE 30.32   48
21   55.5  68.4   2:20pm  50.6   6:55am   10    0  0.48   3  18  12:27pm ENE 30.12   58
22   53.4  59.7   3:11pm  51.1   6:51am   12    0  0.43   2  15  10:49pm   W 29.97   93
23   59.9  73.3   3:01pm  49.6   5:20am    7    2  0.00   3  22   3:41pm NNE 30.00   70
24   63.4  81.4   4:07pm  44.3   6:47am    7    5  0.00   2  16  11:23am NNE 30.06   54
25   52.7  55.5   1:28pm  50.0   2:18am   12    0  0.65   1  13   9:16pm WNW 30.06   84
26   52.0  71.9  12:44pm  42.4   6:55am    8    0  0.00   1  15  12:42pm NNE 30.06   75
27   57.6  73.0   3:49pm  42.4   6:55am    9    2  0.00   2  17   1:25pm WNW 30.04   61
28   61.7  77.3   4:10pm  44.4   6:46am    7    3  0.00   2  15   3:03pm  NE 30.06   53
29   63.6  77.3   4:33pm  51.2   6:37am    5    3  0.00   3  16   9:18am ENE 30.15   49
30   67.6  79.2   4:59pm  55.1   4:21am    3    6  0.00   4  32  12:45pm   S 30.07   51
---------------------------------------------------------------------------------------
TOT  52.9  82.5  4/12/18  23.2   4/7/18  399   42  2.65   4  40  4/13/18  NE 30.04   64

HEAT BASE: 65.0
COOL BASE: 65.0