NOAA style reports

NOAA-Style Climate Reports for Bentonville Arkansas (nwarwx.com)


Report for 2018 Jun
                  MONTHLY CLIMATOLOGICAL SUMMARY FOR 6/2018
                                        HEAT  COOL        
     MEAN                               DEG   DEG       WIND SPEED       DOM MEAN  MEAN
DAY  TEMP  HIGH   TIME     LOW   TIME   DAYS  DAYS RAIN AVG  HI  TIME    DIR BAROM HUM
---------------------------------------------------------------------------------------
1    82.6  94.2   3:28pm  72.2   4:41am    0   18  0.00   2  14   3:05pm  SW 29.82   78
2    79.8  89.8   4:34pm  68.3  11:21pm    0   15  0.01   2  21   5:44pm   S 29.84   79
3    73.1  85.0   3:43pm  59.2   6:18am    0    9  0.00   3  22  12:20pm NNE 30.08   58
4    70.7  84.3   2:47pm  57.1   5:47am    2    7  0.00   1  12  12:23pm NNE 30.04   66
5    75.7  88.9   4:04pm  61.7   5:09am    0   11  0.00   2  12  11:44am ENE 29.90   66
6    77.5  90.9   2:55pm  64.4   5:22am    0   12  0.00   1  11  10:04am  SW 29.88   69
7    78.7  88.9  12:15pm  66.2   5:59am    0   14  0.00   3  22   1:10pm  SW 29.95   68
8    79.8  92.0   4:29pm  67.2   5:22am    0   15  0.00   4  17   8:57pm ENE 30.00   69
9    80.3  91.7   4:05pm  66.7   5:45am    0   15  0.00   4  19   5:21pm   S 29.98   66
10   81.5  93.1   4:03pm  67.9   5:53am    0   16  0.00   5  22  10:40am  SW 29.84   64
11   82.6  92.8   3:14pm  73.7   5:56am    0   18  0.00   4  21   1:39pm   S 29.77   70
12   75.1  83.4   5:03pm  65.6   6:19am    0   10  0.72   2  23   6:11am SSW 29.90   82
13   79.3  92.5   3:49pm  68.2   4:45am    0   14  0.11   1  12  10:53am SSE 29.96   82
14   82.7  92.2   3:43pm  71.6   5:22am    0   18  0.00   3  18  10:04am   S 29.94   71
15   83.2  92.3   4:06pm  73.7   3:43am    0   18  0.00   4  19   2:04pm   S 29.89   67
16   83.4  93.2   3:57pm  74.0   6:24am    0   18  0.00   4  20   2:56pm   S 29.90   65
17   83.0  91.8   4:19pm  74.9   6:35am    0   18  0.00   3  19  11:44am   S 29.96   66
18   81.4  89.1   4:07pm  74.8   6:14am    0   16  0.00   4  24   7:07pm   S 29.99   68
19   79.1  87.7   2:44pm  72.1   5:45am    0   14  0.00   4  21   9:27am   S 29.96   72
20   73.3  80.5   9:52am  70.0   1:19pm    0    8  0.07   3  19  12:37pm  SW 29.87   85
21   75.8  84.9   4:48pm  70.1   2:18am    0   11  0.00   7  24   3:17pm   W 29.82   71
22   72.9  82.4   4:47pm  63.0   6:25am    0    8  0.00   3  16  11:24am   W 29.79   73
23   77.0  88.5   4:46pm  67.0   6:50am    0   12  0.00   4  19  11:45am   W 29.78   70
24   72.6  76.2   2:05pm  67.2  11:59pm    0    8  0.17   3  18  11:03am SSE 29.83   83
25   76.7  86.6   5:22pm  64.9   2:04am    0   12  0.00   4  26   1:05pm WNW 29.93   74
26   77.8  90.2   2:42pm  67.9   9:44pm    0   13  0.31   5  33   4:55pm  SW 29.92   79
27   83.9  94.8   4:07pm  69.3  12:00am    0   19  0.00   7  24  10:02am  SW 29.87   73
28   85.4  96.5   3:43pm  75.0   6:00am    0   20  0.00   5  20   3:47pm SSW 29.88   69
29   84.6  93.2   2:04pm  75.2   6:26am    0   20  0.00   5  24   9:19am   S 29.90   68
30   84.1  94.1   2:28pm  73.2   3:54am    0   19  0.00   4  19   6:16pm   S 29.88   66
---------------------------------------------------------------------------------------
TOT  79.1  96.5  6/28/18  57.1   6/4/18    2  426  1.39   3  33  6/26/18  SW 29.90   71

HEAT BASE: 65.0
COOL BASE: 65.0