NOAA style reports

NOAA-Style Climate Reports for Bentonville Arkansas (nwarwx.com)


Report for 2018 Jul
                  MONTHLY CLIMATOLOGICAL SUMMARY FOR 7/2018
                                        HEAT  COOL        
     MEAN                               DEG   DEG       WIND SPEED       DOM MEAN  MEAN
DAY  TEMP  HIGH   TIME     LOW   TIME   DAYS  DAYS RAIN AVG  HI  TIME    DIR BAROM HUM
---------------------------------------------------------------------------------------
1    78.1  83.2   9:41am  72.4  11:38pm    0   13  0.12   3  20   8:54am   S 29.90   80
2    81.2  94.4   4:19pm  69.5   4:53am    0   16  0.00   1  10  11:00am ENE 29.97   77
3    80.9  95.9   1:11pm  74.3  11:18pm    0   16  0.00   2  30   2:03pm   E 29.97   75
4    82.0  92.6   4:43pm  71.4   4:50am    0   17  0.00   3  19   4:13pm ENE 30.10   70
5    83.9  97.1   3:57pm  70.0   5:54am    0   19  0.00   2  24  10:05pm  NE 30.21   64
6    79.6  92.9  11:35am  69.1   1:48pm    0   15  2.05   1  38   1:20pm ENE 30.20   76
7    79.5  90.2   3:36pm  70.8   1:10am    0   14  0.00   2  15   7:57am  NE 30.14   66
8    77.9  88.1   5:40pm  66.5   5:13am    0   13  0.00   2  13  12:55pm  NE 30.13   69
9    80.4  91.5   4:19pm  71.4   6:11am    0   15  0.00   1  12   3:29pm  SW 30.14   74
10   81.1  95.4   3:49pm  70.3   6:00am    0   16  0.02   1  11   1:43pm  SW 30.08   74
11   83.5  96.5   4:56pm  71.9   5:43am    0   19  0.00   1  13   7:13pm  SW 30.01   71
12   83.7  95.9   2:12pm  73.1   5:19am    0   19  0.00   1  16   3:01pm WSW 30.02   69
13   83.4  94.6   4:41pm  71.7   6:23am    0   18  0.00   3  18   4:29pm WSW 30.03   68
14   82.2  93.5  12:45pm  74.6   3:34am    0   17  0.04   3  28   6:15pm WSW 29.99   71
15   83.1  96.0   4:11pm  74.3   6:10am    0   18  0.00   2  19   8:55pm SSE 29.96   70
16   77.8  92.7  12:37pm  72.4  11:32pm    0   13  1.21   2  17   1:29pm   E 29.98   84
17   77.0  91.6   1:56pm  70.4   5:55am    0   12  0.10   1  28   2:23pm   E 30.00   86
18   78.1  87.4   3:56pm  71.7   6:47am    0   13  0.14   1  11   3:57pm  NE 29.93   85
19   82.4  96.5   4:12pm  71.8   4:58am    0   17  0.00   2  26   7:43pm   E 29.85   75
20   86.5  98.3   5:07pm  74.6   4:51am    0   22  0.00   3  18   7:08pm   S 29.81   64
21   79.9  93.2   3:31pm  68.9   6:09am    0   15  0.28   2  31  12:10am NNE 29.91   70
22   75.7  85.0  12:30pm  66.0   6:11am    0   11  0.00   1  11   9:05am NNE 29.92   75
23   76.1  87.1   4:47pm  63.9   5:39am    0   11  0.00   3  19   1:27pm  NE 29.97   71
24   78.3  91.2   4:57pm  64.9   5:29am    0   13  0.00   1  14  12:51pm  NE 30.05   68
25   79.2  93.4   4:08pm  64.4   5:53am    0   14  0.00   1  10  11:45am  NE 30.03   63
26   74.5  81.8  10:59am  68.9  10:02pm    0    9  0.01   1  10   2:40pm ENE 30.01   78
27   76.5  89.5   4:16pm  65.2   2:48am    0   11  0.01   2  17  12:19pm  NE 30.07   68
28   74.5  83.6  12:54pm  67.1   7:02am    0    9  0.01   1  22   2:29pm  NE 30.05   79
29   72.6  83.4   5:09pm  67.3   9:14am    0    8  0.62   1  13   8:24am ENE 30.00   87
30   70.1  83.7   2:34pm  63.0  11:25pm    0    5  0.65   1  19   5:45pm ENE 29.99   89
31   72.0  83.3   4:21pm  63.1  12:17am    0    7  0.00   2  15   5:22pm   N 30.02   78
---------------------------------------------------------------------------------------
TOT  79.1  98.3  7/20/18  63.0  7/30/18    0  436  5.26   2  38   7/6/18  NE 30.01   74

HEAT BASE: 65.0
COOL BASE: 65.0