NOAA style reports

NOAA-Style Climate Reports for Bentonville Arkansas (nwarwx.com)


Report for 2018 Aug
                  MONTHLY CLIMATOLOGICAL SUMMARY FOR 8/2018
                                        HEAT  COOL        
     MEAN                               DEG   DEG       WIND SPEED       DOM MEAN  MEAN
DAY  TEMP  HIGH   TIME     LOW   TIME   DAYS  DAYS RAIN AVG  HI  TIME    DIR BAROM HUM
---------------------------------------------------------------------------------------
1    72.9  86.4   5:06pm  59.9   6:23am    1    9  0.00   1  10   1:19pm ENE 30.03   71
2    75.3  88.4   3:31pm  61.3   6:18am    1   11  0.00   1  13  12:47pm   W 30.03   68
3    77.7  90.4   3:51pm  63.1   6:43am    0   13  0.00   1  13   1:15pm SSW 30.04   67
4    79.6  91.0   4:40pm  65.4   6:06am    0   15  0.00   3  18  12:35pm   S 30.02   59
5    81.9  92.9   3:30pm  71.4   6:33am    0   17  0.00   3  18   2:42pm   S 30.06   66
6    83.4  94.3   2:54pm  73.9   5:47am    0   18  0.00   4  19  10:52am SSW 30.04   65
7    76.1  83.6   9:48am  69.5  11:54pm    0   11  0.24   2  22  10:09am SSW 29.98   83
8    74.5  84.7  12:21pm  66.9   6:33am    0    9  0.00   2  16  12:25pm SSW 29.99   87
9    76.1  90.2   3:13pm  66.0   5:18am    0   11  0.00   2  18   7:10pm  SW 29.99   77
10   77.8  92.1   5:02pm  64.3   5:48am    0   13  0.00   1  11  10:51am ESE 29.98   73
11   76.3  91.0   2:01pm  67.7   6:39am    0   11  0.01   1  22   2:42pm   S 29.98   80
12   77.7  90.2   2:07pm  68.8   5:42am    0   13  0.00   2  16   3:04pm SSW 30.04   80
13   75.0  86.3  12:08pm  69.5   5:54am    0   10  0.41   2  18   1:11pm SSE 30.01   85
14   71.3  76.3   4:36pm  67.9  10:10am    0    6  1.28   4  27   3:37pm   S 29.93   91
15   74.1  81.7   5:19pm  70.4   6:40am    0    9  0.25   4  20   2:05pm SSW 29.90   90
16   79.9  92.9   3:18pm  71.5  10:26pm    0   15  0.02   3  32   7:31pm  SW 29.96   83
17   73.5  80.4   2:25pm  68.2   8:13am    0    9  1.47   1  20   7:27am  NE 30.01   88
18   76.9  87.2   3:25pm  68.2   5:48am    0   12  0.00   1  10  12:22pm  NE 29.98   81
19   74.3  81.9   4:01pm  70.0   2:37am    0    9  0.65   2  19   5:37pm ENE 29.84   88
20   72.2  80.1   2:45pm  66.2   6:14am    0    7  0.01   5  25   2:07pm   W 29.86   86
21   72.0  82.7   3:29pm  66.1   3:46am    0    7  0.00   3  15  12:41am   W 30.05   80
22   71.7  81.9   1:29pm  64.3   2:00am    0    7  0.00   1  12   4:42pm   N 30.17   83
23   69.4  73.0   8:17pm  65.0   1:44am    0    4  0.10   1  19   9:43pm  NE 30.07   88
24   78.7  90.0   3:33pm  69.4  12:19am    0   14  0.00   4  24  10:47am SSW 29.89   78
25   81.3  91.4   2:49pm  73.5   6:27am    0   16  0.00   3  20  10:13am   S 29.97   77
26   81.3  91.2   3:40pm  74.3   6:47am    0   16  0.00   3  19   4:42pm   S 30.01   75
27   81.5  90.0   3:58pm  75.0   1:53am    0   16  0.00   5  23  12:53pm   S 29.91   73
28   81.8  90.8   3:40pm  75.0   7:17am    0   17  0.00   4  23  11:48am   S 29.91   75
29   78.9  84.3   3:30pm  74.2  11:58pm    0   14  0.08   3  19  10:27am  SW 29.98   84
30   72.3  82.1  11:41am  66.8   9:03pm    0    7  0.03   2  26   1:10pm ENE 30.04   89
31   77.9  90.4   3:59pm  66.5   1:13am    0   13  0.00   3  18  12:03pm ENE 29.97   79
---------------------------------------------------------------------------------------
TOT  76.6  94.3   8/6/18  59.9   8/1/18    2  360  4.55   3  32  8/16/18 SSW 29.99   79

HEAT BASE: 65.0
COOL BASE: 65.0