NOAA style reports

NOAA-Style Climate Reports for Bentonville Arkansas (nwarwx.com)


Report for 2018 Sep
                  MONTHLY CLIMATOLOGICAL SUMMARY FOR 9/2018
                                        HEAT  COOL        
     MEAN                               DEG   DEG       WIND SPEED       DOM MEAN  MEAN
DAY  TEMP  HIGH   TIME     LOW   TIME   DAYS  DAYS RAIN AVG  HI  TIME    DIR BAROM HUM
---------------------------------------------------------------------------------------
1    79.5  89.7   2:36pm  70.7   4:18am    0   14  0.00   2  19  11:21am   S 29.96   77
2    78.1  86.6   1:46pm  70.0   4:53am    0   13  0.00   2  17  10:51am   E 29.98   79
3    78.3  87.9   3:01pm  69.0   6:09am    0   13  0.00   2  20   1:17pm   E 30.04   77
4    79.0  87.6   3:10pm  72.1   6:33am    0   14  0.00   2  19  10:03am   S 30.04   75
5    77.1  88.9   3:45pm  70.8   5:49am    0   12  0.00   2  14   4:26pm ENE 30.05   81
6    77.5  87.7   4:25pm  69.6   6:33am    0   13  0.02   2  21   2:05pm  NE 30.05   81
7    75.6  83.6   2:38pm  71.0  11:59pm    0   10  0.35   2  16   6:36pm  NE 29.96   87
8    68.4  71.7  12:42pm  63.1  11:59pm    0    3  0.01   2  15   9:23pm  NE 29.91   93
9    63.4  67.0   2:04pm  62.2   5:28am    2    0  0.00   2  14   1:07am  NE 29.95   92
10   68.1  77.5   4:40pm  61.4   5:23am    1    4  0.00   1  10   2:33pm  NE 30.02   82
11   68.4  81.0   3:28pm  57.3   6:16am    2    5  0.00   1  13  11:21am SSW 30.07   80
12   70.6  80.1   3:16pm  59.5   6:28am    1    7  0.00   1  10   6:43pm ENE 30.07   81
13   74.3  86.8   4:06pm  65.2   2:26am    0    9  0.00   1  12   1:52pm  SW 30.07   82
14   77.1  90.0   3:02pm  65.6   7:03am    0   12  0.00   1  12   2:15pm ENE 30.06   77
15   76.5  90.0   3:08pm  64.6   6:51am    0   11  0.00   1  14   3:27pm  NE 30.05   76
16   75.6  88.9   2:18pm  63.6   6:49am    0   11  0.00   1  10  12:00pm  NE 29.98   75
17   76.7  92.8   2:24pm  63.3   6:42am    0   12  0.00   1  13   4:28pm WSW 29.95   75
18   79.7  92.7   2:46pm  67.9   5:16am    0   15  0.00   2  18  11:50am SSW 29.94   74
19   81.9  94.4   2:57pm  70.2   6:28am    0   17  0.00   2  16   2:39pm   S 29.91   71
20   82.0  92.0   2:46pm  73.2   7:06am    0   17  0.00   4  20   3:11pm   S 29.90   70
21   71.6  78.4  12:30am  61.7  11:54pm    0    7  0.67   3  17   6:04pm  NE 30.04   87
22   61.5  65.0   4:17pm  58.0   8:12am    3    0  0.92   4  18  11:34am  NE 30.12   90
23   66.4  74.9   3:35pm  60.4   6:17am    1    3  0.01   3  15   3:55pm  NE 30.01   87
24   69.5  76.9   4:27pm  64.5   5:39am    0    4  0.00   1  10  12:00am SSE 29.91   90
25   74.5  86.3   4:06pm  66.5  12:24am    0   10  0.00   3  18  11:14am  SW 29.92   82
26   59.4  69.3  12:00am  54.2  11:59pm    6    0  0.01   4  21   6:21am  NE 30.16   78
27   59.6  74.8   4:16pm  46.0   7:00am    7    2  0.00   1  12   1:39pm NNE 30.08   79
28   62.7  77.2   1:54pm  52.2   4:23am    5    2  0.00   1   9   9:09am SSW 30.12   87
29   67.3  80.3   2:46pm  55.0   6:39am    2    5  0.00   2  13   2:06pm   S 30.16   81
30   68.6  76.5   2:50pm  60.4   4:38am    1    4  0.00   2  13  11:43am SSE 30.14   85
---------------------------------------------------------------------------------------
TOT  72.3  94.4  9/19/18  46.0  9/27/18   32  250  1.99   2  21   9/6/18  NE 30.02   81

HEAT BASE: 65.0
COOL BASE: 65.0