NOAA style reports

NOAA-Style Climate Reports for Bentonville Arkansas (nwarwx.com)


Report for 2018 Dec
                  MONTHLY CLIMATOLOGICAL SUMMARY FOR 12/2018
                                        HEAT  COOL        
     MEAN                               DEG   DEG       WIND SPEED       DOM MEAN  MEAN
DAY  TEMP  HIGH   TIME     LOW   TIME   DAYS  DAYS RAIN AVG  HI  TIME    DIR BAROM HUM
---------------------------------------------------------------------------------------
1    51.7  55.9   9:41am  42.4  11:55pm   13    0  0.18  10  60  12:00am  SW 29.39   75
2    39.5  47.6   2:14pm  33.3  11:00pm   25    0  0.00   8  28   3:40am   W 29.80   73
3    32.0  34.9  12:26am  27.8  11:53pm   33    0  0.00   4  14   1:46am  NW 30.24   77
4    27.8  30.1  12:19pm  25.6   6:25pm   37    0  0.00   4  17  12:19pm WNW 30.40   76
5    33.4  47.6   2:19pm  21.4   7:05am   32    0  0.00   3  15   1:29pm  SW 30.39   72
6    39.7  43.2   2:25pm  31.2  12:01am   25    0  0.00   4  17   6:07am  NE 30.32   77
7    34.7  36.8   1:40pm  32.6   1:17am   30    0  0.00   4  14   9:47pm  NE 30.45   88
8    33.5  35.2   1:13pm  30.6   7:05am   32    0  0.00   7  21  11:46am  NE 30.38   75
9    33.1  44.5   1:45pm  24.7  11:42pm   32    0  0.00   3  14  11:23am   N 30.36   59
10   32.3  48.7   2:32pm  20.8   7:21am   33    0  0.00   1  12   1:56pm NNE 30.39   67
11   42.2  56.2  12:52pm  24.2   4:36am   23    0  0.00   6  26   9:49pm  SW 30.23   61
12   49.7  57.0  12:57pm  37.8   7:48am   15    0  0.00   5  24  12:00am SSW 29.95   75
13   51.6  54.6   3:20pm  45.1  11:48pm   13    0  0.53   3  20  10:24pm   E 29.84   94
14   40.2  45.2  12:09am  37.2  10:06pm   25    0  0.11   8  24   6:01am NNE 30.03   96
15   41.0  56.5   3:21pm  31.7   7:49am   24    0  0.01   3  14   3:29am  NW 30.16   86
16   42.5  60.7   3:09pm  31.4   1:21am   22    0  0.00   1  11   2:18pm  NW 30.29   82
17   41.4  59.8   3:16pm  28.4   6:37am   24    0  0.00   1   9   9:30am NNW 30.29   72
18   44.6  60.1   1:54pm  31.1   4:55am   20    0  0.00   2  15  11:50am ENE 30.12   77
19   45.3  56.5   1:33pm  33.9   4:30am   20    0  0.01   3  25   1:21pm SSW 29.86   88
20   41.9  46.2  12:00am  36.1  11:59pm   23    0  0.00   5  27   8:20pm  NW 29.84   77
21   37.0  50.3   1:47pm  29.5   7:13am   28    0  0.00   3  18   3:49am   W 29.93   73
22   45.1  61.2   3:19pm  30.5  12:07am   20    0  0.00   2  12   5:37pm NNE 29.97   59
23   39.3  50.9   2:39pm  30.3  11:48pm   26    0  0.00   3  18   2:28am WSW 30.30   69
24   39.1  50.5   3:13pm  25.2   7:10am   26    0  0.00   2  18  11:22am   E 30.25   68
25   47.3  59.1   3:17pm  34.5   6:35am   18    0  0.00   1  12  12:39pm  SE 30.18   74
26   53.6  59.2   2:27pm  49.0   8:13am   11    0  1.32   5  23   2:29pm ESE 30.04   86
27   49.4  58.5   1:40pm  31.9  11:55pm   16    0  0.90  10  37  11:02am   W 29.69   82
28   30.1  35.0   1:17pm  26.3  11:59pm   35    0  0.00   5  20  12:15pm WNW 30.17   75
29   27.7  32.4   2:59pm  23.6   5:07am   37    0  0.00   2  12   4:15am  NE 30.40   80
30   35.9  43.1   8:45pm  25.4   6:31am   29    0  0.00   2  11  11:36am ESE 30.11   76
31   42.8  46.0   2:12am  38.4  11:56pm   22    0  0.93   4  33   5:41am   W 29.85   92
---------------------------------------------------------------------------------------
TOT  40.2  61.2 12/22/18  20.8 12/10/18  769    0  3.99   4  60  12/1/18  NE 30.12   77

HEAT BASE: 65.0
COOL BASE: 65.0