NOAA style reports

NOAA-Style Climate Reports for Bentonville Arkansas (nwarwx.com)


Report for 2019 Feb
                  MONTHLY CLIMATOLOGICAL SUMMARY FOR 2/2019
                                        HEAT  COOL        
     MEAN                               DEG   DEG       WIND SPEED       DOM MEAN  MEAN
DAY  TEMP  HIGH   TIME     LOW   TIME   DAYS  DAYS RAIN AVG  HI  TIME    DIR BAROM HUM
---------------------------------------------------------------------------------------
1    46.3  55.9   3:42pm  37.9   1:04am   19    0  0.00   1   9  12:47pm SSW 30.22   87
2    53.6  61.4   2:01pm  45.3   3:07am   11    0  0.00   4  19   1:54pm   S 30.10   85
3    58.4  64.2   3:19pm  51.1  12:00am    7    0  0.00   7  28  12:07pm   S 29.85   84
4    57.9  70.9   1:16pm  41.6  11:49pm    8    1  0.00   7  31   1:15am SSW 29.79   79
5    55.7  73.4   2:42pm  41.5   3:13am   11    1  0.02   3  30  12:51pm ENE 29.89   84
6    51.8  60.6  11:07pm  40.4  11:41pm   13    0  0.07   1  40  11:10pm  NE 29.82   95
7    26.7  47.2   2:18am  15.0  11:37pm   38    0  0.64   7  40   2:58am WNW 30.13   89
8    19.8  30.7   2:44pm  11.1   7:16am   45    0  0.00   3  14   9:51am  NE 30.75   67
9    29.5  42.6   1:35pm  17.9   6:44am   36    0  0.00   3  13   8:38am ENE 30.65   61
10   38.6  43.0   3:54pm  33.7   4:27am   26    0  0.01   4  19  10:39am SSW 30.24   86
11   46.7  51.9   2:36pm  41.8  12:00am   18    0  0.53   3  18   6:14pm   E 29.86   96
12   38.6  49.3  12:00am  30.8  11:54pm   26    0  0.17   6  26   2:54pm WNW 30.10   76
13   44.9  59.6  12:53pm  28.2   4:05am   20    0  0.00   7  29  10:52am SSW 30.09   55
14   51.9  61.6   4:35pm  30.9  11:59pm   13    0  0.00  10  34   3:31am SSW 29.72   61
15   30.0  32.8   1:20pm  23.4  11:59pm   35    0  0.11   5  19   7:24am  NE 29.93   88
16   29.3  35.9  11:29pm  22.3   1:38am   36    0  0.01   2  14  12:11am ENE 29.93   92
17   31.8  37.2   2:37pm  24.4  11:58pm   33    0  0.03   6  22   6:52am WNW 29.99   84
18   27.2  36.8   1:20pm  17.7   7:09am   38    0  0.00   3  15  12:16pm  NE 30.44   72
19   32.4  39.9  12:29pm  28.7   6:17am   33    0  0.32   4  21  11:17am ENE 30.25   77
20   38.4  47.7   3:37pm  33.5  12:00am   27    0  0.01   5  19   6:43am WSW 29.96   85
21   40.1  48.1   3:01pm  30.9   5:01am   24    0  0.00   2  20   7:32pm ENE 30.15   72
22   40.1  44.9  11:58pm  36.4   6:06am   25    0  0.19   3  16   9:02am ENE 30.11   88
23   52.0  64.4   1:28pm  34.8  11:58pm   13    0  0.06  10  45   7:35pm ENE 29.76   75
24   38.4  50.9   2:30pm  28.1   6:43am   26    0  0.00   3  32   2:12am   N 30.30   57
25   42.5  58.9   2:51pm  28.2   2:10am   22    0  0.00   1  24  12:17pm SSE 30.36   54
26   50.2  65.6   2:09pm  34.2   3:05am   15    0  0.00   1  18   4:19pm ESE 30.21   65
27   40.8  53.5  12:00am  29.7  11:54pm   24    0  0.04   3  16   1:45pm NNE 30.15   92
28   27.4  29.8  12:00am  26.5   7:39am   38    0  0.00   2  11  12:00am   N 30.18   93
---------------------------------------------------------------------------------------
TOT  40.7  73.4   2/5/19  11.1   2/8/19  680    2  2.21   4  45  2/23/19 ENE 30.10   78

HEAT BASE: 65.0
COOL BASE: 65.0