NOAA style reports

NOAA-Style Climate Reports for Bentonville Arkansas (nwarwx.com)


Report for 2019 Mar
                  MONTHLY CLIMATOLOGICAL SUMMARY FOR 3/2019
                                        HEAT  COOL        
     MEAN                               DEG   DEG       WIND SPEED       DOM MEAN  MEAN
DAY  TEMP  HIGH   TIME     LOW   TIME   DAYS  DAYS RAIN AVG  HI  TIME    DIR BAROM HUM
---------------------------------------------------------------------------------------
1    33.6  38.7   5:42pm  26.8  12:26am   31    0  0.00   0  10  11:41am  NE 30.17   88
2    35.3  36.9  12:40pm  33.6  11:55pm   29    0  0.00   1  15   9:01pm  NE 30.24   84
3    22.7  33.8   1:27am  11.0  11:59pm   42    0  0.00   5  20  12:46pm NNE 30.30   78
4    14.6  25.4   2:14pm   5.4   6:38am   50    0  0.01   1  19   1:54am WNW 30.52   63
5    23.8  38.4   2:23pm  11.1   5:56am   41    0  0.01   2  26   2:38pm WNW 30.53   57
6    32.0  49.0   3:50pm  15.7   6:32am   33    0  0.00   0  13  11:38am   N 30.45   54
7    39.4  47.5  10:36am  30.7  12:58am   26    0  0.01   1  14   9:38am   E 30.11   74
8    45.5  54.0   2:40pm  40.5   1:20am   19    0  0.00   2  17   7:46pm ENE 29.92   91
9    55.3  67.5   1:48pm  41.4  11:59pm   10    0  1.04  10  49   1:24pm   W 29.69   74
10   39.1  43.5   4:41pm  32.7   7:11am   25    0  0.02   1  12  12:52am   N 30.22   69
11   49.5  65.4   4:28pm  38.7  12:54am   16    0  0.04   1  11   3:28pm  NE 30.33   78
12   52.7  58.9   4:41pm  47.5  12:07am   12    0  0.33   2  17  11:00am   E 30.14   88
13   56.8  62.6  10:21am  53.0   1:03am    8    0  0.25   4  33  10:43am   S 29.61   83
14   48.5  58.8   3:33am  40.6  11:54pm   16    0  0.00  10  38   2:45pm   W 29.78   65
15   41.4  53.0   3:46pm  32.0  11:54pm   24    0  0.00   3  25  12:00am  NW 30.34   55
16   42.4  60.8   3:57pm  25.8   7:19am   23    0  0.00   1  13   2:33pm  NW 30.45   58
17   48.1  65.6   2:40pm  31.2   6:45am   17    0  0.00   3  21   3:23pm  NE 30.35   55
18   52.2  64.9   2:54pm  42.1  12:05am   13    0  0.00   4  14   9:00am ENE 30.34   42
19   53.7  67.6   4:28pm  41.1   7:04am   11    0  0.00   5  24   6:21pm   S 30.25   54
20   48.0  54.6   5:47pm  39.8  11:44pm   17    0  0.07   7  20   2:36pm   W 30.19   75
21   48.8  63.7   3:19pm  38.1   3:33am   16    0  0.00   4  17  10:20am  NW 30.19   60
22   51.0  70.5   4:13pm  31.5   7:09am   15    1  0.00   2  14  10:15am NNE 30.19   57
23   53.2  63.8  11:38am  48.7   1:02am   12    0  0.53   4  28   3:35pm ESE 30.10   67
24   58.0  71.5   5:01pm  49.2  12:46am    8    1  0.40   5  22   2:42pm WNW 30.02   85
25   49.2  54.3   1:20pm  44.0   6:10am   16    0  0.00   3  15   2:12pm   N 30.20   86
26   52.4  66.2   4:11pm  38.1   6:42am   13    0  0.00   2  17   4:54pm   N 30.36   70
27   55.4  70.0   4:21pm  39.5   4:36am   10    1  0.00   5  22   5:23pm ESE 30.25   61
28   62.2  72.4   5:16pm  52.9   3:11am    4    1  0.00   6  28   3:51pm SSW 30.08   49
29   61.8  66.6   4:03pm  57.0  12:39pm    3    0  0.30   6  25   4:15pm   S 29.92   74
30   45.6  60.9  12:00am  36.8  11:35pm   19    0  0.42   7  24   2:19pm  NW 30.02   83
31   39.0  51.0   4:07pm  29.2   7:02am   26    0  0.00   4  19  10:08am  NE 30.41   57
---------------------------------------------------------------------------------------
TOT  45.5  72.4  3/28/19   5.4   3/4/19  605    4  3.43   4  49   3/9/19  NE 30.18   69

HEAT BASE: 65.0
COOL BASE: 65.0