NOAA style reports

NOAA-Style Climate Reports for Bentonville Arkansas (nwarwx.com)


Report for 2019 Apr
                  MONTHLY CLIMATOLOGICAL SUMMARY FOR 4/2019
                                        HEAT  COOL        
     MEAN                               DEG   DEG       WIND SPEED       DOM MEAN  MEAN
DAY  TEMP  HIGH   TIME     LOW   TIME   DAYS  DAYS RAIN AVG  HI  TIME    DIR BAROM HUM
---------------------------------------------------------------------------------------
1    39.9  50.8   5:34pm  29.6   4:53am   25    0  0.00   2  13   9:15am  NE 30.30   64
2    50.1  68.2   4:39pm  32.5   7:15am   15    0  0.00   5  23  11:54am   S 30.17   60
3    58.9  71.2   3:31pm  43.3   7:11am    7    1  0.00   5  24   4:14pm   S 30.14   51
4    55.5  63.2   2:26pm  49.9   5:59am   10    0  0.61   4  18   3:48pm  NW 30.02   85
5    58.7  74.3   5:11pm  42.5   7:06am    8    2  0.00   2  11  12:13pm   N 30.06   74
6    62.5  75.4   1:59pm  50.9   6:25am    4    2  0.00   4  21   4:28pm ESE 29.95   78
7    66.4  80.4   4:30pm  52.9   6:28am    3    4  0.00   4  20   1:06pm SSW 29.91   78
8    66.9  80.4   2:33pm  54.7  11:55pm    3    5  0.00   3  18   3:29pm  NE 29.92   61
9    67.4  86.5   3:38pm  48.8   6:53am    5    7  0.00   2  16   2:48pm  NE 29.86   55
10   74.2  86.3   4:07pm  62.9   5:46am    0    9  0.00   8  39  12:24pm   S 29.57   46
11   60.6  74.3  12:00am  44.1  11:58pm    7    2  0.00  11  31  12:00am   W 29.54   53
12   48.7  63.9   3:57pm  33.2   6:11am   16    0  0.00   4  19   1:27am   W 29.97   49
13   46.0  50.6   9:21am  41.4  11:57pm   19    0  1.12   8  33   9:47pm  NE 29.93   69
14   46.4  59.3   3:35pm  34.3   6:11am   19    0  0.44   6  23   2:47pm   W 29.86   73
15   60.2  76.1   4:13pm  42.0   2:50am    8    3  0.00   6  33   5:42pm   S 29.96   57
16   67.2  76.6   4:13pm  59.3   6:51am    1    4  0.00   7  27  10:02am SSW 29.92   60
17   67.1  73.1   3:12pm  64.0   5:45am    0    2  0.08   6  24   5:13pm   S 29.78   78
18   55.9  66.1  12:00am  47.5  11:54pm    9    0  0.42   4  25   1:36am NNE 29.74   82
19   52.3  64.1   3:08pm  43.6   4:39am   13    0  0.00   5  26  12:07pm   N 29.95   62
20   56.6  74.4   4:19pm  36.7   6:36am   10    2  0.00   3  18  12:07pm  NW 29.99   58
21   67.5  81.7   2:44pm  51.7   1:05am    4    6  0.00   5  24   6:04pm   S 29.94   53
22   69.8  81.1   2:29pm  61.3   7:12am    0    5  0.00   6  22   2:46pm   W 29.99   65
23   67.5  77.8   3:19pm  60.9  11:47pm    1    3  0.00   3  16  11:37am SSW 29.98   80
24   62.7  72.1   4:55pm  58.3   6:31am    3    1  0.02   3  13   4:26pm   W 29.87   89
25   62.9  74.4   4:07pm  57.3   9:32am    4    2  0.94   3  21  10:56pm NNE 29.80   82
26   61.1  76.4   3:44pm  44.6   6:39am    7    3  0.00   3  16   1:45pm NNE 30.08   60
27   67.0  80.9   5:32pm  55.3  11:59pm    2    4  0.00   8  36  11:53am SSW 29.83   56
28   59.5  77.4   3:14pm  42.9   6:48am    8    3  0.00   5  24   6:38pm  NE 29.95   72
29   67.8  74.9  12:27pm  62.2  12:00am    0    3  0.00   5  20   2:10am SSW 29.93   78
30   69.0  78.1   2:50pm  59.6  10:57pm    1    5  2.58   5  48   4:38pm   S 29.90   87
---------------------------------------------------------------------------------------
TOT  60.5  86.5   4/9/19  29.6   4/1/19  212   79  6.21   5  48  4/30/19   S 29.93   67

HEAT BASE: 65.0
COOL BASE: 65.0