NOAA style reports

NOAA-Style Climate Reports for Bentonville Arkansas (nwarwx.com)


Report for 2019 May
                  MONTHLY CLIMATOLOGICAL SUMMARY FOR 5/2019
                                        HEAT  COOL        
     MEAN                               DEG   DEG       WIND SPEED       DOM MEAN  MEAN
DAY  TEMP  HIGH   TIME     LOW   TIME   DAYS  DAYS RAIN AVG  HI  TIME    DIR BAROM HUM
---------------------------------------------------------------------------------------
1    66.3  78.3   4:03pm  59.6   3:48am    2    3  0.79   5  22   7:43am   S 29.93   85
2    65.0  73.4   4:12pm  59.0   6:29am    2    2  0.02   4  34   2:02am  NE 29.99   83
3    62.4  77.3   1:06pm  57.4  10:30pm    4    2  0.54   3  35   4:04pm ENE 29.96   91
4    58.9  67.0   5:32pm  51.4  11:59pm    6    0  0.00   2  12   1:14pm  NE 29.94   89
5    62.0  77.5   3:14pm  46.3   5:09am    6    3  0.01   2  15   4:45pm  NE 29.93   75
6    68.7  81.0   4:34pm  58.2   6:32am    2    5  1.63   3  14  10:57am   S 29.94   81
7    69.9  82.5   4:28pm  57.0   5:52am    2    7  0.01   3  23   1:50am   S 29.99   76
8    64.1  70.4   4:43am  58.8   7:55am    2    1  0.25   4  20   3:04pm   S 29.75   88
9    54.9  61.2   6:10am  46.2  11:34pm   10    0  0.11   3  13   7:16am WNW 29.92   91
10   52.4  64.5   5:10pm  41.2   6:15am   13    0  0.00   3  16  10:05am  NE 30.14   77
11   54.7  59.8   3:15pm  50.2   7:02am   10    0  0.59   2  11   7:57am  NE 29.93   89
12   59.8  71.3   2:49pm  51.3  11:52pm    6    1  0.00   4  20   2:24pm WNW 29.86   77
13   61.6  76.0   4:27pm  45.4   5:45am    6    3  0.00   2  13   4:35pm WNW 29.96   70
14   68.6  79.8   4:00pm  54.9   6:21am    2    6  0.00   4  19   2:59pm  SW 29.96   71
15   73.3  85.9   3:30pm  61.3   5:51am    1    9  0.00   6  19   9:19am WSW 29.94   71
16   74.6  85.6   2:43pm  63.9   6:09am    0   10  0.00   6  22   1:45pm  SW 29.92   71
17   73.9  83.8   3:12pm  64.6   6:38am    0    9  0.00   6  24  10:42am   S 29.82   62
18   68.3  74.8   1:12pm  61.1   4:41pm    1    4  0.70   6  61   2:09pm   S 29.70   81
19   65.4  75.9   3:36pm  55.4   3:28am    3    3  0.02   5  30   1:56am WNW 29.84   79
20   66.4  78.9   3:54pm  52.6   4:30am    3    5  0.26   5  26   4:32pm ENE 29.89   82
21   64.4  73.0   9:11am  58.2  11:26pm    2    1  1.94   5  24  12:00am   S 29.64   86
22   71.9  83.7   2:17pm  58.4  12:00am    2    9  0.00   7  32   1:08pm   S 29.78   75
23   78.8  86.1   4:40pm  71.9  11:38pm    0   14  0.00   5  23   9:26am   S 29.98   75
24   77.8  86.4   2:57pm  68.6   5:00am    0   13  0.00   5  23   9:41am   S 29.98   73
25   75.1  84.7   3:26pm  64.0   5:18am    0   10  0.28   5  20  11:39am SSW 30.01   78
26   73.8  81.7   5:17pm  63.4   6:29am    0    9  0.11   4  30   2:51am SSW 30.03   80
27   76.7  85.0   3:33pm  69.3   5:09am    0   12  0.00   5  28   1:19pm SSW 29.86   73
28   74.4  82.4   3:05pm  67.9   4:56am    0    9  0.00   6  28   6:25pm SSW 29.72   78
29   67.7  76.8   9:03am  61.2  12:22pm    1    4  1.73   4  43  11:58am SSW 29.78   90
30   67.5  78.1   4:15pm  59.3   4:10am    2    4  0.00   5  20   4:22pm   W 29.92   78
31   70.3  83.3   4:49pm  56.0   5:47am    2    7  0.00   3  14   2:34pm WSW 29.97   72
---------------------------------------------------------------------------------------
TOT  67.4  86.4  5/24/19  41.2  5/10/19   90  165  8.99   4  61  5/18/19   S 29.90   79

HEAT BASE: 65.0
COOL BASE: 65.0