NOAA style reports

NOAA-Style Climate Reports for Bentonville Arkansas (nwarwx.com)


Report for 2019 Jul
                  MONTHLY CLIMATOLOGICAL SUMMARY FOR 7/2019
                                        HEAT  COOL        
     MEAN                               DEG   DEG       WIND SPEED       DOM MEAN  MEAN
DAY  TEMP  HIGH   TIME     LOW   TIME   DAYS  DAYS RAIN AVG  HI  TIME    DIR BAROM HUM
---------------------------------------------------------------------------------------
1    77.3  87.9   2:52pm  69.1   6:22am    0   12  0.00   2  19   3:09pm SSW 30.00   81
2    75.8  83.7   5:39pm  69.4   5:36am    0   11  0.18   4  21  11:13am SSW 29.95   84
3    79.4  88.9   3:21pm  70.4   4:04am    0   14  0.00   4  18   4:32pm   S 29.90   79
4    79.5  88.6   3:54pm  72.0   6:05am    0   15  0.00   4  18   3:38pm   S 29.92   81
5    75.9  90.1   2:46pm  65.8  11:53pm    0   11  0.74   3  23   4:32pm SSW 30.02   86
6    75.5  89.0   5:17pm  65.3   1:54am    0   10  0.81   2  32   6:41pm ENE 30.06   87
7    76.9  88.9   3:01pm  67.9   5:58am    0   12  0.01   2  12   7:50pm   S 29.98   86
8    77.6  89.0   2:03pm  70.6   5:48am    0   13  0.30   1   9   2:27pm ENE 29.92   87
9    81.3  91.2   4:07pm  71.1   5:27am    0   16  0.00   3  16  10:51am SSW 29.92   81
10   76.2  88.8  11:01am  70.4  11:32pm    0   11  0.16   2  24   1:29pm   S 29.99   90
11   75.5  85.8   3:41pm  67.0   5:22am    0   11  0.01   3  14  11:02am   N 30.00   78
12   75.2  86.6   3:58pm  62.9   5:48am    0   10  0.00   2  15   6:14pm ENE 29.94   78
13   78.1  88.2   3:33pm  65.2   6:08am    0   13  0.00   3  18   6:59pm  NE 29.96   80
14   76.4  85.4   3:24pm  70.8  11:45pm    0   11  0.02   4  17   6:42pm ENE 29.99   82
15   73.0  81.1   4:42pm  68.4   4:57am    0    8  0.01   4  16   4:22am  NE 29.87   87
16   78.3  89.0   3:48pm  70.8   3:24am    0   13  0.00   3  16  11:12am   W 29.90   82
17   83.1  92.6   3:09pm  75.5  12:00am    0   18  0.00   5  23   5:26pm SSW 29.94   78
18   82.8  91.8   2:27pm  75.0   6:15am    0   18  0.00   6  22  10:13am SSW 29.91   76
19   83.1  92.8   3:54pm  74.3   5:43am    0   18  0.00   6  22   4:06pm SSW 29.90   75
20   82.8  92.4   4:19pm  72.7   5:01am    0   18  0.00   5  21   8:59am SSW 29.89   76
21   83.1  93.3   3:51pm  72.1   6:40am    0   18  0.00   4  22  11:27pm  SW 29.90   76
22   73.4  82.8   3:54pm  67.5  11:16pm    0    8  0.90   5  21  12:48am  NE 30.00   81
23   72.1  82.7   4:09pm  62.6   6:41am    0    7  0.00   3  16  12:52pm  NE 30.15   73
24   70.9  82.7   3:41pm  57.3   6:16am    1    7  0.00   1  13   2:10pm ENE 30.16   72
25   72.7  84.4   3:13pm  60.6   6:39am    1    8  0.00   1  13   2:33pm   E 30.14   73
26   73.8  85.1   4:35pm  62.8   4:11am    0    9  0.00   1  12   9:50am   S 30.16   69
27   75.8  87.2   2:44pm  63.0   5:36am    0   11  0.00   3  16   1:56pm   S 30.16   69
28   78.7  89.8   3:28pm  66.4   6:06am    0   14  0.00   3  18  12:54pm   S 30.05   74
29   76.1  81.8   2:45pm  70.3  11:38pm    0   11  0.06   3  15   1:11am   S 29.96   86
30   77.2  88.6   2:57pm  66.2   6:03am    0   12  0.01   2  13  10:56am  NE 30.02   76
31   79.8  90.3   2:01pm  69.3   2:42am    0   15  0.00   2  14   2:46pm ENE 30.04   73
---------------------------------------------------------------------------------------
TOT  77.3  93.3  7/21/19  57.3  7/24/19    3  385  3.21   3  32   7/6/19   S 29.99   79

HEAT BASE: 65.0
COOL BASE: 65.0