NOAA style reports

NOAA-Style Climate Reports for Bentonville Arkansas (nwarwx.com)


Report for 2019 Sep
                  MONTHLY CLIMATOLOGICAL SUMMARY FOR 9/2019
                                        HEAT  COOL        
     MEAN                               DEG   DEG       WIND SPEED       DOM MEAN  MEAN
DAY  TEMP  HIGH   TIME     LOW   TIME   DAYS  DAYS RAIN AVG  HI  TIME    DIR BAROM HUM
---------------------------------------------------------------------------------------
1    75.6  88.1   4:23pm  66.4   6:07am    0   11  0.00   2  10   6:10pm  NE 30.08   84
2    77.6  90.2   3:38pm  67.7   6:12am    0   13  0.00   1   8   3:32pm   E 30.06   82
3    78.5  91.4   3:38pm  68.2   6:35am    0   14  0.00   2  13   9:57am SSE 29.99   80
4    78.5  91.2   4:28pm  66.6   5:56am    0   13  0.00   1  11   1:22pm WSW 30.06   81
5    78.9  91.9   3:31pm  68.0   6:57am    0   14  0.00   2  15   2:34pm  NE 30.06   79
6    79.1  92.3   3:18pm  67.3   6:50am    0   14  0.00   3  15   2:03pm WSW 30.01   77
7    80.1  92.7   2:27pm  71.2   7:05am    0   15  0.00   2  12   1:43pm  SW 29.97   79
8    80.7  91.9   3:32pm  70.2   6:33am    0   16  0.00   2  13  11:49am   S 29.93   72
9    81.8  92.3   3:15pm  72.0   6:47am    0   17  0.00   3  21   2:06pm   S 29.98   69
10   79.1  89.4   2:40pm  69.7   6:26am    0   14  0.00   4  21   1:54am   S 30.06   74
11   79.9  89.9   2:03pm  71.9   5:20am    0   15  0.00   3  17  10:05am   S 30.07   75
12   80.3  90.0   3:25pm  71.8   7:07am    0   15  0.00   4  22   1:44pm SSW 30.04   73
13   70.5  77.0  11:04am  63.9   8:29pm    0    5  0.33   2  14   4:12pm ENE 30.17   89
14   75.8  89.0   3:28pm  65.3  12:09am    0   11  0.00   2  15   1:56pm   E 30.17   72
15   77.9  92.0   3:04pm  65.4   7:09am    0   13  0.00   2  13  12:43pm WSW 30.08   76
16   78.7  92.1   2:37pm  67.8   7:03am    0   14  0.00   1  11  11:16am WSW 30.05   76
17   78.4  91.0   1:41pm  66.7   5:39am    0   13  0.00   1  11  12:27pm   E 30.00   74
18   80.3  92.2   3:14pm  68.3   6:30am    0   15  0.00   2  15  12:51pm   E 29.96   70
19   77.8  89.4   2:17pm  68.5   5:34am    0   13  0.00   2  24   6:59pm   E 29.96   76
20   72.1  75.5   9:54am  69.2   6:50am    0    7  0.14   3  21  10:02am   S 30.00   87
21   76.8  85.6   3:35pm  71.5   7:32am    0   12  0.00   5  24   9:20am   S 30.03   79
22   74.8  79.1   9:45am  72.8   4:35am    0   10  0.03   6  29   9:23am SSW 29.95   83
23   74.6  84.7   4:10pm  68.7   8:15am    0   10  0.04   3  13   2:43pm ENE 30.03   80
24   69.5  74.8   5:19pm  67.2   6:52am    0    5  0.86   3  13   3:49pm   S 29.93   90
25   75.8  86.4   3:20pm  68.4  12:00am    0   11  0.28   3  20  11:44pm SSW 29.82   86
26   69.7  77.3   4:41pm  65.1   9:22am    0    5  1.54   3  24   1:47am ENE 29.91   86
27   76.4  86.3   2:18pm  68.0  12:06am    0   11  0.00   6  26  11:56am   S 29.78   80
28   76.9  85.5   2:24pm  70.1   6:42am    0   12  0.00   4  20   1:08pm   S 29.89   81
29   77.6  86.0   3:41pm  68.7   6:28am    0   13  0.00   3  22   9:52am SSE 30.01   80
30   77.2  87.0   2:20pm  66.7   5:58am    0   12  0.00   4  23  11:18am   S 30.01   74
---------------------------------------------------------------------------------------
TOT  77.0  92.7   9/7/19  63.9  9/13/19    0  361  3.22   3  29  9/22/19   S 30.00   79

HEAT BASE: 65.0
COOL BASE: 65.0