NOAA-Style Climate Reports for Bentonville Arkansas (nwarwx.com)
Select data to display
Select a Year or Month report
Select a Year or Month report
Report for 2019 Nov
MONTHLY CLIMATOLOGICAL SUMMARY FOR 11/2019 HEAT COOL MEAN DEG DEG WIND SPEED DOM MEAN MEAN DAY TEMP HIGH TIME LOW TIME DAYS DAYS RAIN AVG HI TIME DIR BAROM HUM --------------------------------------------------------------------------------------- 1 39.8 57.8 3:11pm 27.5 1:02am 25 0 0.00 2 16 11:37am WSW 30.35 66 2 40.0 55.7 2:21pm 28.7 7:43am 25 0 0.00 2 17 1:23pm WNW 30.40 72 3 45.5 63.0 2:00pm 30.1 4:38am 19 0 0.00 3 20 2:18pm S 30.19 66 4 54.0 68.1 1:50pm 37.7 6:53am 11 0 0.00 2 14 10:32am S 30.07 70 5 53.0 63.3 2:44pm 42.4 6:35am 12 0 0.00 4 15 9:00am ENE 30.26 74 6 55.8 58.9 7:33pm 51.4 4:11am 9 0 1.24 2 12 10:54am SSW 30.19 91 7 38.8 57.7 12:00am 28.0 10:59pm 26 0 1.03 5 25 9:05am NNE 30.38 88 8 35.0 47.7 2:44pm 25.0 3:14am 30 0 0.00 2 12 8:32am ENE 30.46 70 9 47.4 62.4 2:48pm 33.7 6:18am 18 0 0.00 5 19 8:32am SW 30.19 71 10 56.2 71.9 1:18pm 43.0 1:41am 10 1 0.00 3 18 12:14pm SW 30.02 78 11 34.8 56.8 1:24am 16.7 11:58pm 30 0 0.11 6 29 11:11am NNE 30.27 87 12 19.7 29.2 2:18pm 11.1 6:58am 45 0 0.01 3 18 1:56am S 30.62 72 13 32.1 46.4 2:17pm 18.1 5:51am 33 0 0.06 4 24 10:05am SSW 30.26 59 14 36.8 51.5 1:17pm 26.3 4:45am 28 0 0.00 2 15 11:28am NNE 30.35 69 15 36.8 54.9 2:45pm 23.4 6:37am 28 0 0.00 1 8 11:22am NNE 30.42 72 16 43.1 60.4 2:16pm 28.0 5:25am 22 0 0.00 2 12 12:57pm ESE 30.24 58 17 43.8 56.9 2:21pm 33.3 11:49pm 21 0 0.00 3 18 2:29pm WNW 30.05 68 18 46.4 62.9 2:28pm 30.1 4:19am 19 0 0.00 3 22 12:28pm WSW 29.90 70 19 51.8 67.8 2:13pm 35.5 7:02am 13 0 0.00 2 13 12:30am W 29.96 62 20 58.7 70.8 11:59am 45.1 12:22am 7 1 0.00 4 26 11:18pm SSE 29.98 59 21 54.6 63.8 11:27am 42.0 11:52pm 10 0 0.52 6 22 12:18am SSW 29.98 91 22 40.3 42.4 9:57am 38.3 11:58pm 25 0 0.16 4 24 10:05am NE 30.09 93 23 36.4 44.5 2:30pm 31.4 11:06pm 28 0 0.03 6 19 9:29am WNW 30.04 86 24 44.9 63.6 2:36pm 29.2 7:00am 20 0 0.01 4 19 2:18pm SW 29.94 73 25 52.0 67.7 1:58pm 36.1 7:16am 13 0 0.00 2 16 9:53am SW 29.70 68 26 58.2 66.7 11:01am 42.7 11:58pm 7 0 0.02 8 39 6:57pm ESE 29.54 80 27 39.3 48.4 2:36pm 32.2 7:10am 26 0 0.00 7 39 12:00am WNW 30.22 64 28 37.9 39.3 11:54pm 36.0 9:17am 27 0 0.51 4 14 7:59am ENE 30.40 85 29 46.1 58.7 10:14pm 39.2 12:00am 19 0 0.42 3 18 9:43pm E 30.13 95 30 57.3 65.1 1:21pm 42.2 11:59pm 8 0 0.80 9 38 1:51pm WSW 29.67 67 --------------------------------------------------------------------------------------- TOT 44.6 71.9 11/10/19 11.1 11/12/19 615 3 4.92 4 39 11/26/19 SW 30.14 74 HEAT BASE: 65.0 COOL BASE: 65.0