NOAA style reports

NOAA-Style Climate Reports for Bentonville Arkansas (nwarwx.com)


Report for 2019 Dec
                  MONTHLY CLIMATOLOGICAL SUMMARY FOR 12/2019
                                        HEAT  COOL        
     MEAN                               DEG   DEG       WIND SPEED       DOM MEAN  MEAN
DAY  TEMP  HIGH   TIME     LOW   TIME   DAYS  DAYS RAIN AVG  HI  TIME    DIR BAROM HUM
---------------------------------------------------------------------------------------
1    36.8  42.3  12:00am  33.2  11:57pm   28    0  0.00  12  35  11:27am WNW 29.96   62
2    35.5  47.1   1:48pm  28.5   7:20am   29    0  0.00   4  20   5:39am WNW 30.23   71
3    41.4  56.2   1:55pm  32.2  12:03am   24    0  0.00   3  21  11:23am   W 30.01   67
4    43.0  61.4   1:22pm  29.2   6:13am   22    0  0.00   2  14   1:31pm WSW 30.07   72
5    53.6  64.4   3:31pm  43.6   1:30am   11    0  0.00   2  19   2:05pm   S 29.97   56
6    45.3  54.4  12:00am  31.8  11:53pm   20    0  0.00   3  19   7:23am NNE 30.21   73
7    39.7  54.7   2:30pm  26.1   6:31am   25    0  0.00   1  10   1:34pm  NE 30.30   76
8    47.4  55.0  10:14am  35.9   2:55am   18    0  0.00   4  24  11:18am SSE 29.91   85
9    45.6  57.6  10:18am  29.5  11:59pm   19    0  0.00   7  25  11:12am  NW 29.82   83
10   31.4  43.0   2:03pm  25.8   5:27am   34    0  0.00   2  13  12:35am WSW 30.36   63
11   36.5  52.3   2:08pm  23.7   2:46am   29    0  0.00   3  18  12:21pm  SW 30.50   63
12   43.7  55.7   2:12pm  31.8  12:00am   21    0  0.00   4  27  12:04pm   S 30.24   50
13   44.7  56.7   2:16pm  37.7   7:24am   20    0  0.00   2   9  12:17am   S 29.93   69
14   36.8  43.1   1:41am  32.6  10:00pm   28    0  0.00   3  13   1:25am  NE 29.92   88
15   36.6  39.6   3:27pm  32.5  12:20am   28    0  0.05   5  19   7:02am ENE 29.94   92
16   30.6  35.8  12:23am  25.3  11:56pm   34    0  0.35   3  18   8:16am NNE 30.09   93
17   26.3  30.3   3:13pm  23.3   8:06am   39    0  0.00   3  13  12:40am WNW 30.40   92
18   31.9  48.7   2:46pm  20.4   5:56am   33    0  0.00   1  10   1:42pm  SW 30.42   80
19   39.1  56.1   2:40pm  25.6   6:22am   26    0  0.00   3  20  12:51pm   S 30.38   62
20   38.1  50.5   2:11pm  28.3   5:00am   27    0  0.00   2  14   2:12pm ESE 30.39   68
21   42.6  55.0   1:43pm  32.3  11:17pm   22    0  0.00   1   9   6:32pm  SE 30.39   70
22   39.7  58.8   2:34pm  26.8   7:15am   25    0  0.00   1   7   1:58pm  NW 30.30   78
23   43.3  66.3   2:08pm  27.2   7:18am   22    0  0.00   1   9   2:01pm NNW 30.16   74
24   48.9  67.4   1:22pm  33.5   5:40am   16    0  0.00   3  20   1:50pm  SE 30.04   74
25   56.1  68.0   1:47pm  40.5  12:26am    9    0  0.00   5  28  11:27am   S 29.92   75
26   55.6  67.9   1:52pm  45.8  11:45pm    9    0  0.00   3  18  11:27am SSW 30.04   85
27   49.1  56.8   3:30pm  41.1   5:00am   16    0  0.00   4  15   8:33pm   E 30.15   89
28   58.6  64.9  11:03am  52.1  12:00am    6    0  0.70   5  26   7:09pm SSE 29.79   91
29   44.7  53.9  12:00am  36.0  10:52pm   20    0  0.01   8  31  10:13pm WSW 29.74   86
30   37.0  44.7   2:52pm  31.4   7:12am   28    0  0.00  11  36   3:54pm WNW 30.00   70
31   36.1  49.3   2:46pm  26.9   6:34am   29    0  0.00   6  20   1:32pm WNW 30.15   61
---------------------------------------------------------------------------------------
TOT  41.8  68.0 12/25/19  20.4 12/18/19  719    1  1.11   4  36 12/30/19   S 30.12   75

HEAT BASE: 65.0
COOL BASE: 65.0