NOAA style reports

NOAA-Style Climate Reports for Bentonville Arkansas (nwarwx.com)


Report for 2020 Feb
                  MONTHLY CLIMATOLOGICAL SUMMARY FOR 2/2020
                                        HEAT  COOL        
     MEAN                               DEG   DEG       WIND SPEED       DOM MEAN  MEAN
DAY  TEMP  HIGH   TIME     LOW   TIME   DAYS  DAYS RAIN AVG  HI  TIME    DIR BAROM HUM
---------------------------------------------------------------------------------------
1    41.1  55.7   2:35pm  27.8   5:33am   24    0  0.00   3  17   2:02pm SSW 30.14   68
2    57.0  75.6   2:53pm  41.5  12:05am   10    2  0.00   6  18   2:57pm  SW 29.92   47
3    61.1  68.0   1:07pm  49.8  11:57pm    4    0  0.00   9  29  12:46pm SSW 29.70   56
4    38.9  49.9  12:00am  33.3  10:11pm   26    0  0.63   5  17  11:54pm NNE 29.89   90
5    31.8  34.5   1:10pm  26.7  11:54pm   33    0  0.30   4  17  12:00am  NE 29.91   92
6    27.1  31.1   4:13pm  22.9  10:51pm   38    0  0.00   3  13  12:42am NNW 29.77   85
7    32.9  47.3   3:01pm  23.1   7:11am   32    0  0.02   3  17   3:19pm SSW 29.94   80
8    40.2  54.1   2:56pm  26.1   6:30am   25    0  0.00   3  18   4:19pm WNW 30.20   67
9    52.8  58.0  12:31pm  42.4  11:57pm   12    0  0.37   8  30  11:17am SSW 30.01   78
10   36.6  42.4  12:00am  33.4   8:10am   28    0  0.13   4  16  12:24am NNE 30.11   91
11   37.4  42.3   3:30pm  33.2   1:48am   28    0  0.06   4  14  11:15am  NE 30.26   80
12   37.3  41.7   3:01pm  33.3  10:31pm   28    0  0.67   5  16   9:29pm WNW 29.94   90
13   26.1  33.7  12:14am  17.3  11:20pm   39    0  0.00   5  17   4:31am NNE 30.35   75
14   28.0  43.3   3:40pm  14.0   7:14am   37    0  0.00   4  15   7:25pm ENE 30.51   59
15   42.1  55.3   2:20pm  28.3   2:43am   23    0  0.01   5  29   9:42am SSW 30.20   58
16   48.1  61.4   1:37pm  34.3   2:09am   17    0  0.00   3  14   1:37pm ESE 30.04   75
17   56.4  64.0   2:57pm  49.6  12:53am    9    0  0.00   2  12   2:43am SSE 29.84   84
18   41.8  54.0  12:42am  30.9  10:49pm   23    0  0.00   5  21   8:08am  NE 30.21   74
19   40.1  52.3   2:05pm  28.8   3:37am   25    0  0.00   7  22  10:20am ENE 30.45   57
20   34.1  43.3  12:01am  22.9  11:56pm   31    0  0.00   6  21   3:06am  NE 30.62   68
21   29.9  46.3   2:42pm  16.1   6:21am   35    0  0.00   2  13   2:08pm SSW 30.67   54
22   41.4  56.2   3:11pm  24.8   2:14am   24    0  0.00   4  21   4:27pm SSW 30.34   51
23   46.3  49.0   1:57pm  43.6  12:14am   19    0  0.28   3  16   1:47am   S 30.04   78
24   48.1  56.8  10:45am  41.1  10:45pm   17    0  0.09   6  26  11:23am WNW 29.67   91
25   40.1  44.1   2:22pm  36.0  11:57pm   25    0  0.01   3  18   9:29pm   N 29.97   88
26   32.4  38.4   2:05pm  25.9  11:50pm   33    0  0.06   4  21   2:08pm WNW 30.31   81
27   37.4  51.7   1:40pm  21.5   5:40am   28    0  0.00   5  25  11:25am WSW 30.29   66
28   43.6  57.9   2:41pm  31.3   5:35am   21    0  0.00   6  30   1:08pm WNW 30.26   68
29   50.0  68.6   1:56pm  29.3   4:45am   15    0  0.00   3  19   2:14pm  SW 30.17   56
---------------------------------------------------------------------------------------
TOT  40.7  75.6   2/2/20  14.0  2/14/20  707    2  2.63   5  30   2/9/20 SSW 30.13   73

HEAT BASE: 65.0
COOL BASE: 65.0