Climate Report   Welcome to Northwest Arkansas Weather.com - NOAA-Style Climate Reports
NOAA style reports

NOAA-Style Climate Reports for Bentonville Arkansas (nwarwx.com)


Report for 2020 Mar
                  MONTHLY CLIMATOLOGICAL SUMMARY FOR 3/2020
                                        HEAT  COOL        
     MEAN                               DEG   DEG       WIND SPEED       DOM MEAN  MEAN
DAY  TEMP  HIGH   TIME     LOW   TIME   DAYS  DAYS RAIN AVG  HI  TIME    DIR BAROM HUM
---------------------------------------------------------------------------------------
1    58.4  64.1   3:45pm  52.4  12:13am    7    0  0.00   7  30   1:11pm   S 29.83   70
2    57.9  70.3   2:36pm  46.4   9:44pm    7    0  0.00   3  16   3:37pm WNW 29.74   80
3    49.6  64.9   2:46pm  37.6   4:13am   15    0  0.00   2  14  10:21am  SW 29.89   64
4    47.5  57.5   3:34pm  37.3   4:05am   17    0  0.00   3  17   9:27am  SW 30.05   58
5    48.4  67.0   2:16pm  29.7   7:03am   17    0  0.00   4  28   3:22pm   N 30.24   52
6    45.3  60.6   2:42pm  32.5   6:53am   20    0  0.00   3  15  12:00pm ENE 30.50   44
7    49.6  67.3   1:53pm  30.6   5:46am   16    0  0.00   4  20   4:59pm   E 30.41   47
8    54.8  66.7   2:59pm  43.6   8:04am   10    0  0.00   7  27   3:09pm   S 30.24   40
9    55.9  63.1   6:37pm  43.6  11:56pm    9    0  0.36   8  27   1:58pm   S 30.06   81
10   49.4  65.8   4:50pm  39.3   3:44am   16    0  0.00   3  16   1:52am NNE 30.25   77
11   60.6  74.7   4:13pm  49.0  12:51am    6    2  0.26   3  22   7:43am   S 29.98   74
12   67.0  82.8   2:27pm  55.2  11:52pm    2    4  0.00   7  33  10:25am SSW 29.76   73
13   47.4  55.2  12:00am  39.3  11:51pm   18    0  0.08   8  24   5:04am ENE 30.20   68
14   43.3  49.9   4:11pm  39.3  12:02am   22    0  1.13   6  20   1:15am ENE 30.25   89
15   42.1  45.5   3:49pm  39.4   6:46am   23    0  0.01   5  15   6:38am ENE 30.44   89
16   44.7  49.5   6:23pm  39.5   5:18am   20    0  0.88   3  16   1:40am  SW 30.25   93
17   51.4  60.0   4:57pm  46.3   6:09am   14    0  0.01   4  15  11:43am ENE 30.22   88
18   61.8  73.9   4:27pm  51.8   5:50am    5    2  0.46   6  25   1:32pm SSW 29.98   87
19   63.3  65.9   4:55am  59.4   1:08pm    2    0  1.82   6  28   9:41am SSW 29.87   90
20   45.8  63.4  12:05am  34.0  11:55pm   19    0  0.00   6  29   7:02am  NE 30.25   84
21   41.6  55.1   4:29pm  29.2   6:07am   23    0  0.01   4  17   9:09pm  NE 30.46   69
22   47.2  53.4   2:54pm  41.1   8:03am   18    0  0.39   4  15   8:25am  SW 30.19   87
23   54.2  63.0   5:15pm  48.6  12:02am   11    0  0.01   3  13  12:21pm SSW 30.10   84
24   58.3  71.4   2:42pm  47.4  11:52pm    8    1  0.49   4  22   7:39am NNE 29.87   82
25   58.1  75.6   4:05pm  43.7   3:31am    9    2  0.01   4  22   1:16pm NNE 29.88   76
26   73.3  88.6   3:51pm  57.7   1:23am    1    9  0.00   7  27  10:45am SSW 29.70   67
27   72.2  78.2   1:36pm  68.3   7:22am    0    7  0.00   7  24   2:44am SSW 29.65   76
28   68.2  73.9   2:29pm  55.1  11:56pm    1    4  0.72  10  31  11:15pm  SW 29.67   63
29   55.8  70.8   3:09pm  42.7   7:06am   10    1  0.00   6  28   1:28am WSW 30.10   57
30   53.3  66.6   2:29pm  46.0   3:40am   12    0  0.52   3  18   3:14pm   S 30.14   72
31   54.3  67.1   4:19pm  46.8   7:27am   11    0  0.25   4  17  12:18am WNW 30.03   77
---------------------------------------------------------------------------------------
TOT  54.2  88.6  3/26/20  29.2  3/21/20  367   33  7.41   5  33  3/12/20 SSW 30.07   73

HEAT BASE: 65.0
COOL BASE: 65.0