NOAA style reports

NOAA-Style Climate Reports for Bentonville Arkansas (nwarwx.com)


Report for 2020 Apr
                  MONTHLY CLIMATOLOGICAL SUMMARY FOR 4/2020
                                        HEAT  COOL        
     MEAN                               DEG   DEG       WIND SPEED       DOM MEAN  MEAN
DAY  TEMP  HIGH   TIME     LOW   TIME   DAYS  DAYS RAIN AVG  HI  TIME    DIR BAROM HUM
---------------------------------------------------------------------------------------
1    57.2  70.8   2:19pm  42.4   6:46am    9    1  0.00   3  18   2:32pm  SW 29.99   68
2    64.4  75.4   3:42pm  56.2   7:12am    3    2  0.00   5  28  10:21am   S 29.92   55
3    48.7  63.5  12:13am  35.9   7:19pm   16    0  0.33   4  18   1:50pm NNE 30.03   89
4    39.9  44.9   4:43pm  35.2   3:43am   25    0  0.08   4  14  10:28am  NE 30.14   93
5    52.0  60.4   6:22pm  44.0  12:00am   13    0  0.01   2  11   3:31pm   E 30.11   91
6    61.6  71.6   1:40pm  48.9   5:51am    5    2  0.00   4  22  11:04am   S 30.01   85
7    70.1  82.7   4:22pm  62.1   4:26am    0    6  0.00   6  20  12:52pm SSW 29.85   80
8    73.5  89.2   3:33pm  58.4   4:57am    1    9  0.00   4  27  11:00pm SSW 29.74   71
9    58.2  68.7   3:50pm  48.8  11:43pm    7    0  0.00   5  22  12:00am  NE 30.00   50
10   49.0  62.5   3:56pm  33.6   7:06am   16    0  0.00   3  14  12:45am  NE 30.13   44
11   56.5  65.1   5:46pm  45.8   2:08am    9    0  0.04   5  27   1:05pm   S 29.86   60
12   54.5  70.2   2:47pm  34.7  11:56pm   11    0  1.28   4  27   7:57pm WNW 29.60   88
13   38.1  46.5   5:00pm  29.9   7:06am   27    0  0.00   4  21   3:50am NNE 30.19   64
14   40.4  51.8   3:17pm  32.6   3:05am   25    0  0.05   2  14  12:49pm WNW 30.33   71
15   46.3  61.4   4:03pm  31.7   6:18am   19    0  0.00   5  24  12:11pm  SW 30.20   63
16   55.0  70.1   3:43pm  37.7   4:57am   11    1  0.00   4  28   6:22pm SSW 30.11   52
17   48.3  57.0   1:57am  40.2  11:59pm   17    0  0.06   3  15  10:53am   N 30.07   76
18   50.1  69.4   4:18pm  30.3   4:43am   15    0  0.00   3  17   3:10pm  NE 30.06   58
19   55.7  66.0   4:59pm  48.3  11:50pm    9    0  0.10   3  18   1:55pm ENE 29.80   79
20   58.3  75.7   2:14pm  43.1   6:23am    9    2  0.21   4  26   6:24pm SSE 29.88   77
21   62.0  77.3   3:47pm  44.8   6:52am    7    4  0.07   2  13   3:08pm WNW 30.00   62
22   58.2  62.5   8:49am  54.2  11:54pm    7    0  0.88   4  21   3:10pm ENE 29.79   79
23   59.7  71.8   5:10pm  53.5   5:06am    6    1  0.08   4  17   3:13pm WNW 29.68   84
24   60.7  74.0   2:54pm  52.2   9:56pm    6    2  0.47   2  38   7:55pm   W 29.76   83
25   58.4  69.6   3:15pm  49.6  11:57pm    7    1  0.02   6  26   1:34pm WNW 29.94   74
26   59.8  75.3   2:57pm  43.0   6:34am    8    2  0.00   2  14  12:02pm WNW 30.16   65
27   60.2  66.5  11:28am  55.0   6:38am    5    0  0.19   3  24  10:26am   E 30.06   72
28   66.6  76.6   4:28pm  58.3  11:58pm    2    4  0.77   5  28   7:30pm   S 29.84   80
29   57.7  65.7   5:50pm  49.0   6:34am    7    0  0.01   6  32   4:58pm WNW 29.91   72
30   60.9  74.3   3:21pm  47.1   6:49am    6    2  0.00   3  20   1:20pm WNW 30.03   63
---------------------------------------------------------------------------------------
TOT  56.1  89.2   4/8/20  29.9  4/13/20  307   39  4.65   4  38  4/24/20 WNW 29.97   72

HEAT BASE: 65.0
COOL BASE: 65.0