NOAA style reports

NOAA-Style Climate Reports for Bentonville Arkansas (nwarwx.com)


Report for 2020 May
                  MONTHLY CLIMATOLOGICAL SUMMARY FOR 5/2020
                                        HEAT  COOL        
     MEAN                               DEG   DEG       WIND SPEED       DOM MEAN  MEAN
DAY  TEMP  HIGH   TIME     LOW   TIME   DAYS  DAYS RAIN AVG  HI  TIME    DIR BAROM HUM
---------------------------------------------------------------------------------------
1    66.1  82.0   3:19pm  48.7   6:18am    5    6  0.00   4  23  12:58pm   S 29.95   63
2    74.3  85.9   4:36pm  62.6   5:40am    0    9  0.00   4  22   3:29pm   S 29.90   64
3    67.8  73.1   8:23am  63.1  12:38pm    0    3  0.06   3  15  11:43am SSW 29.90   87
4    70.4  82.5   4:36pm  63.1   5:16am    0    6  1.57   3  21   1:59pm ENE 29.81   86
5    63.3  73.9   2:42pm  54.0  11:28pm    4    2  0.00   3  15   3:22pm WNW 30.02   65
6    58.2  70.2   3:27pm  48.8   3:28am    7    1  0.00   2  20   3:05pm NNE 30.20   62
7    55.9  66.7  12:19pm  44.0   5:44am    9    0  0.07   2  16   7:07pm NNW 30.09   78
8    56.1  65.0   2:39pm  44.9  11:23pm    9    0  0.82   4  25   1:54am NNE 30.04   72
9    53.4  68.3   4:14pm  36.3   5:46am   12    0  0.00   2  14   5:58pm  NE 30.25   64
10   55.2  65.9   3:40pm  45.0   4:36am   10    0  0.00   2  17  12:54pm   W 30.27   62
11   45.9  49.7  10:41am  41.2   4:51am   19    0  0.11   2  15  11:44pm  NE 30.33   79
12   47.7  51.5   4:41pm  43.4   2:31am   17    0  0.53   4  19   9:07am ENE 30.15   92
13   62.3  76.9   3:32pm  50.0  12:58am    5    3  0.04   3  18   7:58pm   S 30.01   87
14   72.0  79.1   1:42pm  65.9   4:09am    0    7  0.00   6  24  12:50pm   S 29.88   79
15   62.8  69.6   2:11am  58.7  10:12pm    3    1  1.39   4  27   4:50pm ENE 29.88   90
16   67.9  77.2   2:26pm  59.3   4:03am    1    4  0.02   3  14   1:32am ENE 29.85   87
17   66.5  74.7  11:30am  56.4  11:49pm    1    3  0.18   3  21   4:25pm WNW 29.82   81
18   59.4  68.4   3:18pm  50.7   5:16am    6    0  0.00   3  19  10:52am WNW 29.92   80
19   58.2  69.3   4:46pm  48.4   6:38am    7    1  0.00   2  15   9:19am NNE 29.93   82
20   62.3  74.6   4:11pm  49.4   5:24am    5    2  0.00   3  14   9:40am ENE 29.94   80
21   65.9  76.9   2:04pm  56.0   5:26am    2    3  0.26   3  18  11:20am   E 29.91   83
22   68.4  79.0   4:05pm  61.1  10:52am    1    4  1.20   3  30  10:09am   E 29.85   86
23   73.9  84.6   1:59pm  66.2   5:44am    0    9  0.00   4  21  11:04am   S 29.85   74
24   73.4  86.3   1:36pm  64.8   4:45pm    0    8  1.08   4  42   4:33pm   S 29.85   83
25   70.1  78.3   4:41pm  64.7  11:58pm    0    5  1.61   2  25   8:35pm   E 29.82   85
26   67.0  72.4   1:33pm  63.5   6:16am    0    2  0.45   4  20  11:59am  SW 29.80   89
27   64.4  75.5   1:10pm  57.5  11:32pm    2    1  0.08   1  26   1:33pm   W 29.85   90
28   64.2  76.4   1:46pm  55.5   6:36am    3    2  0.00   3  17   3:31pm  NW 29.93   88
29   67.9  79.5   3:50pm  56.7  11:43pm    2    5  0.01   2  14   2:22pm NNE 30.12   71
30   67.7  81.5   4:19pm  51.2   5:52am    4    6  0.00   2  12  12:33pm NNE 30.17   67
31   71.1  82.3   3:17pm  57.7   3:24am    1    8  0.00   2  14   2:41pm ENE 30.19   68
---------------------------------------------------------------------------------------
TOT  63.9  86.3  5/24/20  36.3   5/9/20  137  102  9.48   3  42  5/24/20 ENE 29.98   78

HEAT BASE: 65.0
COOL BASE: 65.0