NOAA style reports

NOAA-Style Climate Reports for Bentonville Arkansas (nwarwx.com)


Report for 2020 Jun
                  MONTHLY CLIMATOLOGICAL SUMMARY FOR 6/2020
                                        HEAT  COOL        
     MEAN                               DEG   DEG       WIND SPEED       DOM MEAN  MEAN
DAY  TEMP  HIGH   TIME     LOW   TIME   DAYS  DAYS RAIN AVG  HI  TIME    DIR BAROM HUM
---------------------------------------------------------------------------------------
1    71.9  84.2   2:13pm  59.7   5:30am    1    8  0.00   3  18  12:32pm   S 30.14   70
2    72.8  85.6   3:33pm  59.3   5:53am    1    8  0.00   3  15  10:58am   S 30.05   76
3    78.5  88.7   4:06pm  70.2   3:13am    0   14  0.00   5  19  11:32am  SW 29.91   76
4    75.8  86.7   3:18pm  64.1   9:11am    0   11  0.25   5  30   6:11am SSW 29.81   82
5    82.1  92.6   3:44pm  70.5   6:32am    0   17  0.00   2  15   4:01pm WSW 29.87   77
6    82.4  92.8   2:30pm  71.4   6:15am    0   17  0.00   2  14   3:43pm WSW 29.92   74
7    80.7  91.5   3:22pm  69.7   6:42am    0   16  0.00   3  17   5:13pm   E 29.85   73
8    77.2  87.1  12:58pm  69.8   6:12am    0   12  0.04   4  20  12:49pm ENE 29.68   80
9    78.6  91.5   4:21pm  64.7  11:58pm    0   14  0.01   9  30   5:25pm WSW 29.55   73
10   66.3  78.8   4:53pm  59.4   2:40am    2    3  0.00  10  32   2:31am   W 29.88   65
11   70.2  86.3   4:42pm  52.3   5:52am    3    8  0.00   1  10  12:22pm   W 30.25   64
12   73.8  88.1   3:10pm  59.0   6:16am    1   10  0.00   2  17   2:36pm ENE 30.25   67
13   75.7  90.4   3:11pm  60.5   5:56am    1   11  0.00   1  11  11:21am WSW 30.11   69
14   78.4  90.4   2:59pm  64.7   5:19am    0   13  0.00   2  12  12:10pm   E 30.10   69
15   78.2  90.0   3:00pm  64.5   6:14am    0   13  0.00   2  13  10:40am   E 30.15   70
16   76.1  87.6   1:13pm  67.3   4:56am    0   11  0.00   2  18   6:10pm   E 30.12   76
17   76.0  88.1   3:29pm  64.9   5:37am    0   11  0.00   3  18   3:41pm   E 30.04   70
18   77.5  88.3   2:55pm  67.2   5:33am    0   13  0.00   2  15  10:56am   E 29.96   70
19   77.7  89.6   2:33pm  69.2   5:29am    0   13  0.00   3  27   3:54pm   S 29.97   74
20   75.0  83.8  12:46pm  65.6  11:51pm    0   10  0.00   3  18   9:35am  SW 29.94   76
21   74.0  85.3  12:49pm  62.1   4:32am    0    9  0.01   3  20   3:23pm  SW 29.90   79
22   75.8  86.8   4:37pm  66.1   3:44am    0   11  0.00   3  17   2:42pm WSW 29.83   76
23   75.4  84.6   2:16pm  62.7  11:59pm    0   10  0.00   2  16   2:16pm WNW 29.89   73
24   72.9  87.6   4:49pm  56.3   5:51am    2   10  0.00   1  11   3:09pm NNE 29.94   68
25   78.4  90.6   3:08pm  64.7   6:21am    0   13  0.00   3  16   8:02pm SSW 29.97   63
26   77.7  88.3   3:39pm  69.7   4:01am    0   13  0.00   5  19   7:09pm   S 29.98   79
27   77.7  88.7   3:55pm  70.0   4:53am    0   13  0.00   7  30   3:55pm  SW 29.88   80
28   80.4  89.1   1:52pm  73.4   6:05am    0   15  0.00   7  28   3:35pm SSW 29.78   77
29   79.5  88.2   4:29pm  74.0   4:49am    0   14  0.04   5  24  10:04am   S 29.78   80
30   80.3  90.1   4:06pm  74.4   6:25am    0   15  0.03   4  20   6:54pm   S 29.78   83
---------------------------------------------------------------------------------------
TOT  76.6  92.8   6/6/20  52.3  6/11/20   11  357  0.38   4  32  6/10/20   S 29.94   74

HEAT BASE: 65.0
COOL BASE: 65.0