Climate Report   Welcome to Northwest Arkansas Weather.com - NOAA-Style Climate Reports
NOAA style reports

NOAA-Style Climate Reports for Bentonville Arkansas (nwarwx.com)


Report for 2020 Jul
                  MONTHLY CLIMATOLOGICAL SUMMARY FOR 7/2020
                                        HEAT  COOL        
     MEAN                               DEG   DEG       WIND SPEED       DOM MEAN  MEAN
DAY  TEMP  HIGH   TIME     LOW   TIME   DAYS  DAYS RAIN AVG  HI  TIME    DIR BAROM HUM
---------------------------------------------------------------------------------------
1    82.7  92.6   3:21pm  74.5   4:55am    0   18  0.00   4  21  10:01am SSW 29.80   80
2    81.0  96.5   2:27pm  68.1  10:36pm    0   16  0.62   3  22   6:24pm WSW 29.90   82
3    79.5  92.9   3:40pm  67.0   5:28am    0   15  0.00   2  14   2:58pm WNW 29.96   76
4    75.4  85.2   2:58pm  69.9   6:53am    0   10  0.45   2  18   7:02pm ENE 29.91   85
5    78.2  88.8   4:06pm  68.1   5:59am    0   13  0.00   2  17   1:44pm ENE 29.90   80
6    80.1  91.0   3:29pm  69.6   5:45am    0   15  0.00   2  16   1:44pm SSE 29.93   77
7    80.3  91.4   2:43pm  70.1   6:10am    0   15  0.00   1  12   1:29pm SSE 29.94   76
8    80.7  91.1   3:20pm  69.7   6:10am    0   16  0.00   1   9   8:23am   S 29.88   76
9    74.2  82.3   9:05am  67.6  11:58pm    0    9  0.98   2  20  10:09am WSW 29.87   88
10   76.3  88.4   4:55pm  65.7   6:12am    0   11  0.00   1  13   2:47pm WSW 30.00   85
11   81.7  92.2   4:19pm  69.5   6:02am    0   17  0.00   4  31   8:06pm ENE 29.94   80
12   79.0  90.0   3:13pm  69.3  11:46pm    0   14  0.00   3  23  12:59am WNW 29.90   71
13   72.9  80.2   6:48pm  64.1   5:26am    0    8  0.00   1  15  12:50pm   E 29.91   82
14   81.7  93.1   1:52pm  71.4   2:39am    0   17  0.00   2  18  11:56am   E 29.87   76
15   82.8  92.1   4:00pm  75.0  12:08am    0   18  0.00   4  20  11:23am WSW 29.87   76
16   82.1  90.6   6:02pm  72.3   3:42am    0   17  0.00   2  15  12:22pm ENE 29.99   80
17   83.9  92.6   2:02pm  74.1   3:29am    0   19  0.00   3  20   4:01pm SSW 30.02   77
18   82.3  91.2   3:42pm  74.1   5:27am    0   17  0.00   5  24   1:53pm SSW 29.98   75
19   82.6  92.9   4:34pm  73.3   6:32am    0   18  0.00   4  19  10:50am  SW 29.97   71
20   82.5  91.7   2:19pm  72.0   5:52am    0   18  0.00   3  16  10:43am SSW 29.94   66
21   81.8  91.2   4:46pm  74.2  11:59pm    0   17  0.00   5  22   3:25pm  SW 29.94   68
22   78.4  90.6   2:00pm  71.3   6:16am    0   13  0.30   2  23   6:08pm   S 29.98   79
23   78.9  90.6   4:37pm  68.6   5:26am    0   14  0.00   1  11   6:27pm   S 30.06   77
24   82.2  93.0   4:22pm  71.4   6:31am    0   17  0.00   2  13   2:49pm   E 30.10   70
25   81.5  90.3   1:42pm  72.5   5:27am    0   16  0.00   2  16   1:25pm ENE 30.09   71
26   82.0  91.6   2:49pm  72.4   5:01am    0   17  0.00   3  14   1:35pm   S 30.10   70
27   79.1  89.1   2:31pm  72.8   6:33am    0   14  0.00   4  18   4:29pm SSW 30.06   75
28   77.0  88.1   2:29pm  72.3   7:57am    0   12  0.54   2  15   5:34pm   E 30.02   80
29   76.5  85.5  12:16pm  73.3   1:35pm    0   11  0.36   3  28   1:21pm ENE 29.96   88
30   76.5  87.2   3:15pm  67.8   6:17am    0   12  0.86   6  22   1:22am WSW 29.91   83
31   70.2  77.3  12:06am  63.1  11:59pm    0    5  0.44   4  19  12:59pm WSW 29.91   90
---------------------------------------------------------------------------------------
TOT  79.5  96.5   7/2/20  63.1  7/31/20    0  449  5.05   3  31  7/11/20   S 29.96   78

HEAT BASE: 65.0
COOL BASE: 65.0